74.7.243.217 - - [31/Jul/2026:02:20:31 +0300] "GET /.well-known/zip.php?dir=CwhomeCwlogoandwCwnature-photosFwinfoCwwp-includesCwwp-content&view=error_log-20251108093917-20251108102804-20251108103543-20251108103744-20251108104750-20251108104836-20251108162320-20251109000812-20251109015233-20251110002142-20251111143537-20251115143905-20251115211538-20251118235608. HTTP/2" 429 0 "https://myhappyspace.info/.well-known/zip.php?dir=CwhomeCwlogoandwCwnature-photosFwinfoCwwp-includesCwwp-content" "Mozilla/5.0 AppleWebKit/537.36 (KHTML, like Gecko; compatible; GPTBot/1.4; +https://openai.com/gptbot)"
74.7.243.217 - - [31/Jul/2026:02:21:35 +0300] "GET /.well-known/zip.php?dir=CwhomeCwlogoandwCwnature-photosFwinfoCwwp-includesCwwp-content&view=error_log-20251108093917-20251108102804-20251108103543-20251108103744-20251108104750-20251108104836-20251108162320-20251109000812-20251109015233-20251110002142-20251113155032-20251114150722-20251117050026-20251118164307. HTTP/2" 429 0 "https://myhappyspace.info/.well-known/zip.php?dir=CwhomeCwlogoandwCwnature-photosFwinfoCwwp-includesCwwp-content" "Mozilla/5.0 AppleWebKit/537.36 (KHTML, like Gecko; compatible; GPTBot/1.4; +https://openai.com/gptbot)"
74.7.243.217 - - [31/Jul/2026:02:22:36 +0300] "GET /.well-known/zip.php?dir=CwhomeCwlogoandwCwnature-photosFwinfoCwwp-includesCwwp-content&view=error_log-20251108093917-20251108102804-20251108103543-20251108103744-20251108104750-20251108104836-20251108162320-20251109000812-20251109015233-20251110002142-20251111143537-20251114065126-20251119113613-20251119113651. HTTP/2" 429 0 "https://myhappyspace.info/.well-known/zip.php?dir=CwhomeCwlogoandwCwnature-photosFwinfoCwwp-includesCwwp-content" "Mozilla/5.0 AppleWebKit/537.36 (KHTML, like Gecko; compatible; GPTBot/1.4; +https://openai.com/gptbot)"
66.249.76.233 - - [31/Jul/2026:02:26:47 +0300] "GET /?items/M102439307/ HTTP/1.1" 200 0 "-" "Mozilla/5.0 (Linux; Android 6.0.1; Nexus 5X Build/MMB29P) AppleWebKit/537.36 (KHTML, like Gecko) Chrome/150.0.7871.186 Mobile Safari/537.36 (compatible; Googlebot/2.1; +http://www.google.com/bot.html)"
66.249.79.75 - - [31/Jul/2026:02:28:41 +0300] "GET /?items/F201101458/ HTTP/1.1" 200 0 "-" "Mozilla/5.0 (Linux; Android 6.0.1; Nexus 5X Build/MMB29P) AppleWebKit/537.36 (KHTML, like Gecko) Chrome/150.0.7871.186 Mobile Safari/537.36 (compatible; Googlebot/2.1; +http://www.google.com/bot.html)"
74.7.243.217 - - [31/Jul/2026:02:34:13 +0300] "GET /.well-known/zip.php?dir=CwhomeCwlogoandwCwnature-photosFwinfoCwwp-content&view=error_log-20251108093917-20251108102804-20251108103543-20251108103744-20251108104750-20251108104836-20251108162320-20251109000812-20251109015233-20251110002142-20251113155032-20251113164855. HTTP/2" 429 0 "https://myhappyspace.info/.well-known/zip.php?dir=CwhomeCwlogoandwCwnature-photosFwinfoCwwp-content" "Mozilla/5.0 AppleWebKit/537.36 (KHTML, like Gecko; compatible; GPTBot/1.4; +https://openai.com/gptbot)"
74.7.243.217 - - [31/Jul/2026:02:36:19 +0300] "GET /.well-known/zip.php?dir=CwhomeCwlogoandwCwnature-photosFwinfoCwwp-content&view=error_log-20251108093917-20251108102804-20251108103543-20251108103744-20251108104750-20251108104836-20251108162320-20251109000812-20251109015233-20251110002142-20251110210415-20251118005326. HTTP/2" 429 0 "https://myhappyspace.info/.well-known/zip.php?dir=CwhomeCwlogoandwCwnature-photosFwinfoCwwp-content" "Mozilla/5.0 AppleWebKit/537.36 (KHTML, like Gecko; compatible; GPTBot/1.4; +https://openai.com/gptbot)"
66.249.79.76 - - [31/Jul/2026:02:27:42 +0300] "GET /?items/P183203943/ HTTP/1.1" 200 0 "-" "Mozilla/5.0 (Linux; Android 6.0.1; Nexus 5X Build/MMB29P) AppleWebKit/537.36 (KHTML, like Gecko) Chrome/150.0.7871.186 Mobile Safari/537.36 (compatible; Googlebot/2.1; +http://www.google.com/bot.html)"
66.249.79.75 - - [31/Jul/2026:02:27:55 +0300] "GET /?items/P240861872/ HTTP/1.1" 200 0 "-" "Mozilla/5.0 (Linux; Android 6.0.1; Nexus 5X Build/MMB29P) AppleWebKit/537.36 (KHTML, like Gecko) Chrome/150.0.7871.186 Mobile Safari/537.36 (compatible; Googlebot/2.1; +http://www.google.com/bot.html)"
66.249.79.76 - - [31/Jul/2026:02:28:28 +0300] "GET /?items/H154136317/ HTTP/1.1" 200 0 "-" "Mozilla/5.0 (Linux; Android 6.0.1; Nexus 5X Build/MMB29P) AppleWebKit/537.36 (KHTML, like Gecko) Chrome/150.0.7871.186 Mobile Safari/537.36 (compatible; Googlebot/2.1; +http://www.google.com/bot.html)"
66.249.79.76 - - [31/Jul/2026:02:29:04 +0300] "GET /?items/W99754711/ HTTP/1.1" 200 0 "-" "Mozilla/5.0 (Linux; Android 6.0.1; Nexus 5X Build/MMB29P) AppleWebKit/537.36 (KHTML, like Gecko) Chrome/150.0.7871.186 Mobile Safari/537.36 (compatible; Googlebot/2.1; +http://www.google.com/bot.html)"
66.249.79.64 - - [31/Jul/2026:02:30:41 +0300] "GET /?items/O178305680/ HTTP/1.1" 200 0 "-" "Mozilla/5.0 (Linux; Android 6.0.1; Nexus 5X Build/MMB29P) AppleWebKit/537.36 (KHTML, like Gecko) Chrome/150.0.7871.186 Mobile Safari/537.36 (compatible; Googlebot/2.1; +http://www.google.com/bot.html)"
74.7.243.217 - - [31/Jul/2026:02:33:09 +0300] "GET /.well-known/zip.php?dir=CwhomeCwlogoandwCwnature-photosFwinfoCwwp-includesCwwp-content&view=error_log-20251108093917-20251108102804-20251108103543-20251108103744-20251108104750-20251108104836-20251108162320-20251109000812-20251109015233-20251110002142-20251111143537-20251113212100-20251118082140. HTTP/2" 429 0 "https://myhappyspace.info/.well-known/zip.php?dir=CwhomeCwlogoandwCwnature-photosFwinfoCwwp-includesCwwp-content" "Mozilla/5.0 AppleWebKit/537.36 (KHTML, like Gecko; compatible; GPTBot/1.4; +https://openai.com/gptbot)"
74.7.243.217 - - [31/Jul/2026:02:23:40 +0300] "GET /.well-known/zip.php?dir=CwhomeCwlogoandwCwnature-photosFwinfoCwwp-content-20251108024714Cwblock&view=error_log-20251108093917-20251108102804-20251108103543-20251108103744-20251108104750-20251108104836-20251108162320-20251109000812-20251109015233-20251110002142-20251110010402-20251110132057. HTTP/2" 429 0 "https://myhappyspace.info/.well-known/zip.php?dir=CwhomeCwlogoandwCwnature-photosFwinfoCwwp-content-20251108024714Cwblock" "Mozilla/5.0 AppleWebKit/537.36 (KHTML, like Gecko; compatible; GPTBot/1.4; +https://openai.com/gptbot)"
74.7.243.217 - - [31/Jul/2026:02:26:48 +0300] "GET /.well-known/zip.php?dir=CwhomeCwlogoandwCwnature-photosFwinfoCwwp-includesCwwp-content&view=error_log-20251108093917-20251108102804-20251108103543-20251108103744-20251108104750-20251108104836-20251108162320-20251109000812-20251109015233-20251110002142-20251113155032-20251113191151-20251113211656. HTTP/2" 429 0 "https://myhappyspace.info/.well-known/zip.php?dir=CwhomeCwlogoandwCwnature-photosFwinfoCwwp-includesCwwp-content" "Mozilla/5.0 AppleWebKit/537.36 (KHTML, like Gecko; compatible; GPTBot/1.4; +https://openai.com/gptbot)"
66.249.79.75 - - [31/Jul/2026:02:27:40 +0300] "GET /?items/P242392226/ HTTP/1.1" 200 0 "-" "Mozilla/5.0 (Linux; Android 6.0.1; Nexus 5X Build/MMB29P) AppleWebKit/537.36 (KHTML, like Gecko) Chrome/150.0.7871.186 Mobile Safari/537.36 (compatible; Googlebot/2.1; +http://www.google.com/bot.html)"
66.249.79.76 - - [31/Jul/2026:02:28:16 +0300] "GET /?items/M193378903/ HTTP/1.1" 200 0 "-" "Mozilla/5.0 (Linux; Android 6.0.1; Nexus 5X Build/MMB29P) AppleWebKit/537.36 (KHTML, like Gecko) Chrome/150.0.7871.186 Mobile Safari/537.36 (compatible; Googlebot/2.1; +http://www.google.com/bot.html)"
74.7.243.217 - - [31/Jul/2026:02:28:56 +0300] "GET /.well-known/zip.php?dir=CwhomeCwlogoandwCwnature-photosFwinfoCwwp-includesCwwp-content&view=error_log-20251108093917-20251108102804-20251108103543-20251108103744-20251108104750-20251108104836-20251108162320-20251109000812-20251109015233-20251110002142-20251113155032-20251114184928-20251114235556-20251115004932. HTTP/2" 429 0 "https://myhappyspace.info/.well-known/zip.php?dir=CwhomeCwlogoandwCwnature-photosFwinfoCwwp-includesCwwp-content" "Mozilla/5.0 AppleWebKit/537.36 (KHTML, like Gecko; compatible; GPTBot/1.4; +https://openai.com/gptbot)"
66.249.79.75 - - [31/Jul/2026:02:29:28 +0300] "GET /?items/H157160428/ HTTP/1.1" 200 0 "-" "Mozilla/5.0 (Linux; Android 6.0.1; Nexus 5X Build/MMB29P) AppleWebKit/537.36 (KHTML, like Gecko) Chrome/150.0.7871.186 Mobile Safari/537.36 (compatible; Googlebot/2.1; +http://www.google.com/bot.html)"
74.7.243.217 - - [31/Jul/2026:02:31:06 +0300] "GET /.well-known/zip.php?dir=CwhomeCwlogoandwCwnature-photosFwinfoCwwp-includesCwwp-content&view=error_log-20251108093917-20251108102804-20251108103543-20251108103744-20251108104750-20251108104836-20251108162320-20251109000812-20251109015233-20251110002142-20251113155032-20251115124254-20251117140522. HTTP/2" 429 0 "https://myhappyspace.info/.well-known/zip.php?dir=CwhomeCwlogoandwCwnature-photosFwinfoCwwp-includesCwwp-content" "Mozilla/5.0 AppleWebKit/537.36 (KHTML, like Gecko; compatible; GPTBot/1.4; +https://openai.com/gptbot)"
74.7.243.217 - - [31/Jul/2026:02:44:38 +0300] "GET /.well-known/zip.php?dir=CwhomeCwlogoandwCwnature-photosFwinfoCwwp-content-20251108024714&view=error_log-20251108093917-20251108102804-20251108103543-20251108103744-20251108104750-20251108104836-20251108162320-20251109000812-20251109015233-20251110002142-20251113155032. HTTP/2" 429 0 "https://myhappyspace.info/.well-known/zip.php?dir=CwhomeCwlogoandwCwnature-photosFwinfoCwwp-content-20251108024714" "Mozilla/5.0 AppleWebKit/537.36 (KHTML, like Gecko; compatible; GPTBot/1.4; +https://openai.com/gptbot)"
74.7.243.217 - - [31/Jul/2026:02:54:00 +0300] "GET /.well-known/zip.php?dir=CwhomeCwlogoandwCwnature-photosFwinfoCwwp-includesCwwp-content&view=error_log-20251108093917-20251108102804-20251108103543-20251108103744-20251108104750-20251108104836-20251108162320-20251109000812-20251109015233-20251110002142-20251113155032-20251113184820-20251114044429-20251117054229. HTTP/2" 429 0 "https://myhappyspace.info/.well-known/zip.php?dir=CwhomeCwlogoandwCwnature-photosFwinfoCwwp-includesCwwp-content" "Mozilla/5.0 AppleWebKit/537.36 (KHTML, like Gecko; compatible; GPTBot/1.4; +https://openai.com/gptbot)"
74.7.243.217 - - [31/Jul/2026:02:45:41 +0300] "GET /.well-known/zip.php?dir=CwhomeCwlogoandwCwnature-photosFwinfoCwwp-contentCwwp-content&view=error_log-20251108093917-20251108102804-20251108103543-20251108103744-20251108104750-20251108104836-20251108162320-20251109000812-20251109015233-20251110002142-20251113155032-20251114141435-20251115055438. HTTP/2" 429 0 "https://myhappyspace.info/.well-known/zip.php?dir=CwhomeCwlogoandwCwnature-photosFwinfoCwwp-contentCwwp-content" "Mozilla/5.0 AppleWebKit/537.36 (KHTML, like Gecko; compatible; GPTBot/1.4; +https://openai.com/gptbot)"
74.7.243.217 - - [31/Jul/2026:02:46:46 +0300] "GET /.well-known/zip.php?dir=CwhomeCwlogoandwCwnature-photosFwinfoCwwp-includesCwwp-content&view=error_log-20251108093917-20251108102804-20251108103543-20251108103744-20251108104750-20251108104836-20251108162320-20251109000812-20251109015233-20251110002142-20251112121403-20251112123937-20251113032044. HTTP/2" 429 0 "https://myhappyspace.info/.well-known/zip.php?dir=CwhomeCwlogoandwCwnature-photosFwinfoCwwp-includesCwwp-content" "Mozilla/5.0 AppleWebKit/537.36 (KHTML, like Gecko; compatible; GPTBot/1.4; +https://openai.com/gptbot)"
74.7.243.217 - - [31/Jul/2026:02:47:52 +0300] "GET /.well-known/zip.php?dir=CwhomeCwlogoandwCwnature-photosFwinfoCwwp-includesCwwp-content&view=error_log-20251108093917-20251108102804-20251108103543-20251108103744-20251108104750-20251108104836-20251108162320-20251109000812-20251109015233-20251110002142-20251110210415-20251118040208-20251118040231. HTTP/2" 429 0 "https://myhappyspace.info/.well-known/zip.php?dir=CwhomeCwlogoandwCwnature-photosFwinfoCwwp-includesCwwp-content" "Mozilla/5.0 AppleWebKit/537.36 (KHTML, like Gecko; compatible; GPTBot/1.4; +https://openai.com/gptbot)"
74.7.230.45 - - [31/Jul/2026:02:48:53 +0300] "GET /robots.txt HTTP/2" 200 0 "-" "Mozilla/5.0 (Macintosh; Intel Mac OS X 10_15_7) AppleWebKit/537.36 (KHTML, like Gecko) Chrome/131.0.0.0 Safari/537.36; compatible; OAI-SearchBot/1.4; robots.txt; +https://openai.com/searchbot"
74.7.243.217 - - [31/Jul/2026:02:52:58 +0300] "GET /.well-known/zip.php?dir=CwhomeCwlogoandwCwnature-photosFwinfoCwwp-includesCwwp-content&view=error_log-20251108093917-20251108102804-20251108103543-20251108103744-20251108104750-20251108104836-20251108162320-20251109000812-20251109015233-20251110002142-20251111143537-20251112020354-20251112064719-20251119112139. HTTP/2" 429 0 "https://myhappyspace.info/.well-known/zip.php?dir=CwhomeCwlogoandwCwnature-photosFwinfoCwwp-includesCwwp-content" "Mozilla/5.0 AppleWebKit/537.36 (KHTML, like Gecko; compatible; GPTBot/1.4; +https://openai.com/gptbot)"
74.7.243.217 - - [31/Jul/2026:02:41:24 +0300] "GET /.well-known/zip.php?dir=CwhomeCwlogoandwCwnature-photosFwinfoCwwp-includesCwwp-content&view=error_log-20251108093917-20251108102804-20251108103543-20251108103744-20251108104750-20251108104836-20251108162320-20251109000812-20251109015233-20251110002142-20251116120508-20251116121524-20251116140702. HTTP/2" 429 0 "https://myhappyspace.info/.well-known/zip.php?dir=CwhomeCwlogoandwCwnature-photosFwinfoCwwp-includesCwwp-content" "Mozilla/5.0 AppleWebKit/537.36 (KHTML, like Gecko; compatible; GPTBot/1.4; +https://openai.com/gptbot)"
66.249.76.231 - - [31/Jul/2026:02:45:20 +0300] "GET /?items/C46603529/ HTTP/1.1" 200 0 "-" "Mozilla/5.0 (Linux; Android 6.0.1; Nexus 5X Build/MMB29P) AppleWebKit/537.36 (KHTML, like Gecko) Chrome/150.0.7871.186 Mobile Safari/537.36 (compatible; Googlebot/2.1; +http://www.google.com/bot.html)"
74.7.243.217 - - [31/Jul/2026:02:59:02 +0300] "GET /.well-known/zip.php?dir=CwhomeCwlogoandwCwnature-photosFwinfoCwwp-includesCwwp-content&view=error_log-20251108093917-20251108102804-20251108103543-20251108103744-20251108104750-20251108104836-20251108162320-20251109000812-20251109015233-20251110002142-20251111143537-20251111151540-20251118062620-20251119102919. HTTP/2" 429 0 "https://myhappyspace.info/.well-known/zip.php?dir=CwhomeCwlogoandwCwnature-photosFwinfoCwwp-includesCwwp-content" "Mozilla/5.0 AppleWebKit/537.36 (KHTML, like Gecko; compatible; GPTBot/1.4; +https://openai.com/gptbot)"
66.249.79.64 - - [31/Jul/2026:03:00:02 +0300] "GET /?items/F232978771// HTTP/1.1" 200 0 "-" "Mozilla/5.0 (Linux; Android 6.0.1; Nexus 5X Build/MMB29P) AppleWebKit/537.36 (KHTML, like Gecko) Chrome/150.0.7871.186 Mobile Safari/537.36 (compatible; Googlebot/2.1; +http://www.google.com/bot.html)"
74.7.243.217 - - [31/Jul/2026:03:01:06 +0300] "GET /.well-known/zip.php?dir=CwhomeCwlogoandwCwnature-photosFwinfoCwwp-content&view=error_log-20251108093917-20251108102804-20251108103543-20251108103744-20251108104750-20251108104836-20251108162320-20251109000812-20251109015233-20251110002142-20251111143537-20251112002613. HTTP/2" 429 0 "https://myhappyspace.info/.well-known/zip.php?dir=CwhomeCwlogoandwCwnature-photosFwinfoCwwp-content" "Mozilla/5.0 AppleWebKit/537.36 (KHTML, like Gecko; compatible; GPTBot/1.4; +https://openai.com/gptbot)"
74.7.243.217 - - [31/Jul/2026:03:03:10 +0300] "GET /.well-known/zip.php?dir=CwhomeCwlogoandwCwpublic_htmlCwnaturallightsFwbizCwwp-contentCwuploadsCwjetbackup-cb703f4ac014Cwlogs-9374901daf42 HTTP/2" 429 0 "https://myhappyspace.info/.well-known/zip.php?dir=CwhomeCwlogoandwCwpublic_htmlCwnaturallightsFwbizCwwp-contentCwuploadsCwjetbackup-cb703f4ac014" "Mozilla/5.0 AppleWebKit/537.36 (KHTML, like Gecko; compatible; GPTBot/1.4; +https://openai.com/gptbot)"
74.7.243.217 - - [31/Jul/2026:03:06:24 +0300] "GET /zip.php?dir=CwlibCwfirmwareCwcirrus&view=cs35l41-dsp1-spk-prot-17aa231a-r0.bin HTTP/2" 429 0 "https://myhappyspace.info/zip.php?dir=CwlibCwfirmwareCwcirrus" "Mozilla/5.0 AppleWebKit/537.36 (KHTML, like Gecko; compatible; GPTBot/1.4; +https://openai.com/gptbot)"
74.7.243.217 - - [31/Jul/2026:03:07:25 +0300] "GET /.well-known/zip.php?dir=CwhomeCwlogoandwCwpublic_htmlCwnaturallightsFwbizCwwp-contentCwuploadsCw2022Cw02&view=product-02-100x100.jpg HTTP/2" 429 0 "https://myhappyspace.info/.well-known/zip.php?dir=CwhomeCwlogoandwCwpublic_htmlCwnaturallightsFwbizCwwp-contentCwuploadsCw2022Cw02" "Mozilla/5.0 AppleWebKit/537.36 (KHTML, like Gecko; compatible; GPTBot/1.4; +https://openai.com/gptbot)"
66.249.79.76 - - [31/Jul/2026:03:08:50 +0300] "GET /?items/W157679832// HTTP/1.1" 200 0 "-" "Mozilla/5.0 (Linux; Android 6.0.1; Nexus 5X Build/MMB29P) AppleWebKit/537.36 (KHTML, like Gecko) Chrome/150.0.7871.186 Mobile Safari/537.36 (compatible; Googlebot/2.1; +http://www.google.com/bot.html)"
74.7.243.217 - - [31/Jul/2026:03:12:36 +0300] "GET /.well-known/zip.php?dir=CwhomeCwlogoandwCwpublic_htmlCwnaturallightsFwbizCwwp-contentCwuploadsCw2022Cw02&view=product-12-150x150.jpg HTTP/2" 429 0 "https://myhappyspace.info/.well-known/zip.php?dir=CwhomeCwlogoandwCwpublic_htmlCwnaturallightsFwbizCwwp-contentCwuploadsCw2022Cw02" "Mozilla/5.0 AppleWebKit/537.36 (KHTML, like Gecko; compatible; GPTBot/1.4; +https://openai.com/gptbot)"
66.249.79.76 - - [31/Jul/2026:03:08:43 +0300] "GET /?items/M279103660// HTTP/1.1" 200 0 "-" "Mozilla/5.0 (Linux; Android 6.0.1; Nexus 5X Build/MMB29P) AppleWebKit/537.36 (KHTML, like Gecko) Chrome/150.0.7871.186 Mobile Safari/537.36 (compatible; Googlebot/2.1; +http://www.google.com/bot.html)"
74.7.243.217 - - [31/Jul/2026:03:16:48 +0300] "GET /.well-known/zip.php?dir=CwhomeCwlogoandwCwpublic_htmlCwnaturallightsFwbizCwwp-contentCwuploadsCw2022Cw02&view=product-03-100x100.jpg HTTP/2" 429 0 "https://myhappyspace.info/.well-known/zip.php?dir=CwhomeCwlogoandwCwpublic_htmlCwnaturallightsFwbizCwwp-contentCwuploadsCw2022Cw02" "Mozilla/5.0 AppleWebKit/537.36 (KHTML, like Gecko; compatible; GPTBot/1.4; +https://openai.com/gptbot)"
74.7.243.217 - - [31/Jul/2026:03:23:09 +0300] "GET /.well-known/zip.php?dir=CwhomeCwlogoandwCwpublic_htmlCwnaturallightsFwbizCwwp-contentCwuploadsCw2022Cw02&view=product-04-100x100.jpg HTTP/2" 429 0 "https://myhappyspace.info/.well-known/zip.php?dir=CwhomeCwlogoandwCwpublic_htmlCwnaturallightsFwbizCwwp-contentCwuploadsCw2022Cw02" "Mozilla/5.0 AppleWebKit/537.36 (KHTML, like Gecko; compatible; GPTBot/1.4; +https://openai.com/gptbot)"
74.7.243.217 - - [31/Jul/2026:03:24:10 +0300] "GET /.well-known/zip.php?dir=CwhomeCwlogoandwCwpublic_htmlCwnaturallightsFwbizCwwp-contentCwuploadsCw2022Cw02&view=product-06-150x150.jpg HTTP/2" 429 0 "https://myhappyspace.info/.well-known/zip.php?dir=CwhomeCwlogoandwCwpublic_htmlCwnaturallightsFwbizCwwp-contentCwuploadsCw2022Cw02" "Mozilla/5.0 AppleWebKit/537.36 (KHTML, like Gecko; compatible; GPTBot/1.4; +https://openai.com/gptbot)"
74.7.243.217 - - [31/Jul/2026:03:26:18 +0300] "GET /.well-known/zip.php?dir=CwhomeCwlogoandwCwpublic_htmlCwnaturallightsFwbizCwwp-contentCwuploadsCw2022Cw02&view=product-08-100x100.jpg HTTP/2" 429 0 "https://myhappyspace.info/.well-known/zip.php?dir=CwhomeCwlogoandwCwpublic_htmlCwnaturallightsFwbizCwwp-contentCwuploadsCw2022Cw02" "Mozilla/5.0 AppleWebKit/537.36 (KHTML, like Gecko; compatible; GPTBot/1.4; +https://openai.com/gptbot)"
74.7.243.217 - - [31/Jul/2026:03:27:21 +0300] "GET /.well-known/zip.php?dir=CwhomeCwlogoandwCwpublic_htmlCwnaturallightsFwbizCwwp-contentCwuploadsCw2022Cw02&view=product-09-100x100.jpg HTTP/2" 429 0 "https://myhappyspace.info/.well-known/zip.php?dir=CwhomeCwlogoandwCwpublic_htmlCwnaturallightsFwbizCwwp-contentCwuploadsCw2022Cw02" "Mozilla/5.0 AppleWebKit/537.36 (KHTML, like Gecko; compatible; GPTBot/1.4; +https://openai.com/gptbot)"
66.249.76.232 - - [31/Jul/2026:03:16:55 +0300] "GET /?items/A218343084// HTTP/1.1" 200 0 "-" "Mozilla/5.0 (Linux; Android 6.0.1; Nexus 5X Build/MMB29P) AppleWebKit/537.36 (KHTML, like Gecko) Chrome/150.0.7871.186 Mobile Safari/537.36 (compatible; Googlebot/2.1; +http://www.google.com/bot.html)"
66.249.76.233 - - [31/Jul/2026:03:20:35 +0300] "GET /?items/Q47257478/ HTTP/1.1" 200 0 "-" "Mozilla/5.0 (Linux; Android 6.0.1; Nexus 5X Build/MMB29P) AppleWebKit/537.36 (KHTML, like Gecko) Chrome/150.0.7871.186 Mobile Safari/537.36 (compatible; Googlebot/2.1; +http://www.google.com/bot.html)"
74.7.243.217 - - [31/Jul/2026:03:13:37 +0300] "GET /.well-known/zip.php?dir=CwhomeCwlogoandwCwpublic_htmlCwnaturallightsFwbizCwwp-contentCwuploadsCw2022Cw02&view=product-09-150x150.jpg HTTP/2" 429 0 "https://myhappyspace.info/.well-known/zip.php?dir=CwhomeCwlogoandwCwpublic_htmlCwnaturallightsFwbizCwwp-contentCwuploadsCw2022Cw02" "Mozilla/5.0 AppleWebKit/537.36 (KHTML, like Gecko; compatible; GPTBot/1.4; +https://openai.com/gptbot)"
74.7.243.217 - - [31/Jul/2026:03:32:30 +0300] "GET /.well-known/zip.php?dir=CwhomeCwlogoandwCwpublic_htmlCwnaturallightsFwbizCwwp-contentCwuploadsCw2022Cw02&view=product-07-150x150.jpg HTTP/2" 429 0 "https://myhappyspace.info/.well-known/zip.php?dir=CwhomeCwlogoandwCwpublic_htmlCwnaturallightsFwbizCwwp-contentCwuploadsCw2022Cw02" "Mozilla/5.0 AppleWebKit/537.36 (KHTML, like Gecko; compatible; GPTBot/1.4; +https://openai.com/gptbot)"
74.7.243.217 - - [31/Jul/2026:03:29:26 +0300] "GET /.well-known/zip.php?dir=CwhomeCwlogoandwCwpublic_htmlCwnaturallightsFwbizCwwp-contentCwuploadsCw2022Cw02&view=product-11-100x100.jpg HTTP/2" 200 2359 "https://myhappyspace.info/.well-known/zip.php?dir=CwhomeCwlogoandwCwpublic_htmlCwnaturallightsFwbizCwwp-contentCwuploadsCw2022Cw02" "Mozilla/5.0 AppleWebKit/537.36 (KHTML, like Gecko; compatible; GPTBot/1.4; +https://openai.com/gptbot)"
74.7.243.217 - - [31/Jul/2026:03:30:28 +0300] "GET /.well-known/zip.php?dir=CwhomeCwlogoandwCwpublic_htmlCwnaturallightsFwbizCwwp-contentCwuploadsCw2022Cw02&view=product-05-100x100.jpg HTTP/2" 429 0 "https://myhappyspace.info/.well-known/zip.php?dir=CwhomeCwlogoandwCwpublic_htmlCwnaturallightsFwbizCwwp-contentCwuploadsCw2022Cw02" "Mozilla/5.0 AppleWebKit/537.36 (KHTML, like Gecko; compatible; GPTBot/1.4; +https://openai.com/gptbot)"
74.7.243.217 - - [31/Jul/2026:03:31:24 +0300] "GET /.well-known/zip.php?dir=CwhomeCwlogoandwCwpublic_htmlCwnaturallightsFwbizCwwp-contentCwuploadsCw2022Cw02&view=product-08-150x150.jpg HTTP/2" 429 0 "https://myhappyspace.info/.well-known/zip.php?dir=CwhomeCwlogoandwCwpublic_htmlCwnaturallightsFwbizCwwp-contentCwuploadsCw2022Cw02" "Mozilla/5.0 AppleWebKit/537.36 (KHTML, like Gecko; compatible; GPTBot/1.4; +https://openai.com/gptbot)"
74.7.243.217 - - [31/Jul/2026:03:34:35 +0300] "GET /.well-known/zip.php?dir=CwhomeCwlogoandwCwpublic_htmlCwnaturallightsFwbizCwwp-contentCwuploadsCw2022Cw02&view=product-06-100x100.jpg HTTP/2" 429 0 "https://myhappyspace.info/.well-known/zip.php?dir=CwhomeCwlogoandwCwpublic_htmlCwnaturallightsFwbizCwwp-contentCwuploadsCw2022Cw02" "Mozilla/5.0 AppleWebKit/537.36 (KHTML, like Gecko; compatible; GPTBot/1.4; +https://openai.com/gptbot)"
74.7.243.217 - - [31/Jul/2026:03:37:39 +0300] "GET /.well-known/zip.php?dir=CwhomeCwlogoandwCwpublic_htmlCwnaturallightsFwbizCwwp-contentCwuploadsCw2022Cw02&view=product-10-100x100.jpg HTTP/2" 429 0 "https://myhappyspace.info/.well-known/zip.php?dir=CwhomeCwlogoandwCwpublic_htmlCwnaturallightsFwbizCwwp-contentCwuploadsCw2022Cw02" "Mozilla/5.0 AppleWebKit/537.36 (KHTML, like Gecko; compatible; GPTBot/1.4; +https://openai.com/gptbot)"
74.7.243.217 - - [31/Jul/2026:03:43:57 +0300] "GET /.well-known/zip.php?dir=CwhomeCwlogoandwCwpublic_htmlCwnaturallightsFwbizCwwp-contentCwuploadsCw2022Cw02&view=product-10-150x150.jpg HTTP/2" 429 0 "https://myhappyspace.info/.well-known/zip.php?dir=CwhomeCwlogoandwCwpublic_htmlCwnaturallightsFwbizCwwp-contentCwuploadsCw2022Cw02" "Mozilla/5.0 AppleWebKit/537.36 (KHTML, like Gecko; compatible; GPTBot/1.4; +https://openai.com/gptbot)"
74.7.243.217 - - [31/Jul/2026:03:38:43 +0300] "GET /.well-known/zip.php?dir=CwhomeCwlogoandwCwpublic_htmlCwnaturallightsFwbizCwwp-contentCwuploadsCw2022Cw02&view=product-11-150x150.jpg HTTP/2" 429 0 "https://myhappyspace.info/.well-known/zip.php?dir=CwhomeCwlogoandwCwpublic_htmlCwnaturallightsFwbizCwwp-contentCwuploadsCw2022Cw02" "Mozilla/5.0 AppleWebKit/537.36 (KHTML, like Gecko; compatible; GPTBot/1.4; +https://openai.com/gptbot)"
74.7.243.217 - - [31/Jul/2026:03:42:53 +0300] "GET /.well-known/zip.php?dir=CwhomeCwlogoandwCwpublic_htmlCwnaturallightsFwbizCwwp-contentCwuploadsCw2022Cw02&view=product-01-100x100.jpg HTTP/2" 429 0 "https://myhappyspace.info/.well-known/zip.php?dir=CwhomeCwlogoandwCwpublic_htmlCwnaturallightsFwbizCwwp-contentCwuploadsCw2022Cw02" "Mozilla/5.0 AppleWebKit/537.36 (KHTML, like Gecko; compatible; GPTBot/1.4; +https://openai.com/gptbot)"
74.7.243.217 - - [31/Jul/2026:03:46:02 +0300] "GET /.well-known/zip.php?dir=CwhomeCwlogoandwCwpublic_htmlCwnaturallightsFwbizCwwp-contentCwuploadsCw2022Cw02&view=product-07-100x100.jpg HTTP/2" 429 0 "https://myhappyspace.info/.well-known/zip.php?dir=CwhomeCwlogoandwCwpublic_htmlCwnaturallightsFwbizCwwp-contentCwuploadsCw2022Cw02" "Mozilla/5.0 AppleWebKit/537.36 (KHTML, like Gecko; compatible; GPTBot/1.4; +https://openai.com/gptbot)"
74.7.243.217 - - [31/Jul/2026:03:39:47 +0300] "GET /.well-known/zip.php?dir=CwhomeCwlogoandwCwpublic_htmlCwnaturallightsFwbizCwwp-contentCwuploadsCw2022Cw02&view=product-12-100x100.jpg HTTP/2" 429 0 "https://myhappyspace.info/.well-known/zip.php?dir=CwhomeCwlogoandwCwpublic_htmlCwnaturallightsFwbizCwwp-contentCwuploadsCw2022Cw02" "Mozilla/5.0 AppleWebKit/537.36 (KHTML, like Gecko; compatible; GPTBot/1.4; +https://openai.com/gptbot)"
74.7.230.45 - - [31/Jul/2026:03:53:29 +0300] "GET /robots.txt HTTP/2" 200 0 "-" "Mozilla/5.0 (Macintosh; Intel Mac OS X 10_15_7) AppleWebKit/537.36 (KHTML, like Gecko) Chrome/131.0.0.0 Safari/537.36; compatible; OAI-SearchBot/1.4; robots.txt; +https://openai.com/searchbot"
74.7.243.217 - - [31/Jul/2026:04:02:35 +0300] "GET /.well-known/zip.php?dir=CwhomeCwlogoandwCwpublic_htmlCwnaturallightsFwbizCwwp-contentCwpluginsCwelementor-proCwassetsCwjsCwnotes&view=notes.min.js.LICENSE.txt HTTP/2" 429 0 "https://myhappyspace.info/.well-known/zip.php?dir=CwhomeCwlogoandwCwpublic_htmlCwnaturallightsFwbizCwwp-contentCwpluginsCwelementor-proCwassetsCwjsCwnotes" "Mozilla/5.0 AppleWebKit/537.36 (KHTML, like Gecko; compatible; GPTBot/1.4; +https://openai.com/gptbot)"
74.7.243.217 - - [31/Jul/2026:03:47:08 +0300] "GET /zip.php?dir=CwlibCwfirmwareCwsdcaCw1faCw1028Cwdba&edit=2.bin HTTP/2" 429 0 "https://myhappyspace.info/zip.php?dir=CwlibCwfirmwareCwsdcaCw1faCw1028Cwdba" "Mozilla/5.0 AppleWebKit/537.36 (KHTML, like Gecko; compatible; GPTBot/1.4; +https://openai.com/gptbot)"
74.7.243.217 - - [31/Jul/2026:03:50:18 +0300] "GET /.well-known/zip.php?dir=CwhomeCwlogoandwCwnewsletterprogramsFwcomCwwp-contentCwpluginsCwelementorCwassetsCwjs&view=announcements-app.min.js.LICENSE.txt HTTP/2" 429 0 "https://myhappyspace.info/.well-known/zip.php?dir=CwhomeCwlogoandwCwnewsletterprogramsFwcomCwwp-contentCwpluginsCwelementorCwassetsCwjs" "Mozilla/5.0 AppleWebKit/537.36 (KHTML, like Gecko; compatible; GPTBot/1.4; +https://openai.com/gptbot)"
74.7.243.217 - - [31/Jul/2026:03:53:28 +0300] "GET /.well-known/zip.php?dir=CwhomeCwlogoandwCwpublic_htmlCwnaturallightsFwbizCwwp-contentCwpluginsCwwoocommerceCwsample-data&view=sample_tax_rates.csv HTTP/2" 429 0 "https://myhappyspace.info/.well-known/zip.php?dir=CwhomeCwlogoandwCwpublic_htmlCwnaturallightsFwbizCwwp-contentCwpluginsCwwoocommerceCwsample-data" "Mozilla/5.0 AppleWebKit/537.36 (KHTML, like Gecko; compatible; GPTBot/1.4; +https://openai.com/gptbot)"
176.31.139.28 - - [31/Jul/2026:03:56:26 +0300] "GET / HTTP/2" 200 0 "-" "Mozilla/5.0 (compatible; AhrefsBot/7.0; +http://ahrefs.com/robot/)"
66.249.79.75 - - [31/Jul/2026:03:48:58 +0300] "GET /?items/F230054781/ HTTP/1.1" 200 0 "-" "Mozilla/5.0 (Linux; Android 6.0.1; Nexus 5X Build/MMB29P) AppleWebKit/537.36 (KHTML, like Gecko) Chrome/150.0.7871.186 Mobile Safari/537.36 (compatible; Googlebot/2.1; +http://www.google.com/bot.html)"
74.7.243.217 - - [31/Jul/2026:03:49:12 +0300] "GET /.well-known/zip.php?dir=CwhomeCwlogoandwCwpublic_htmlCwnaturallightsFwbizCwwp-contentCwuploadsCwastra-sitesCwjson&view=astra-blocks-requests.json HTTP/2" 429 0 "https://myhappyspace.info/.well-known/zip.php?dir=CwhomeCwlogoandwCwpublic_htmlCwnaturallightsFwbizCwwp-contentCwuploadsCwastra-sitesCwjson" "Mozilla/5.0 AppleWebKit/537.36 (KHTML, like Gecko; compatible; GPTBot/1.4; +https://openai.com/gptbot)"
148.113.130.27 - - [31/Jul/2026:03:56:25 +0300] "GET /robots.txt HTTP/2" 200 0 "-" "Mozilla/5.0 (compatible; AhrefsBot/7.0; +http://ahrefs.com/robot/)"
74.7.243.217 - - [31/Jul/2026:04:15:50 +0300] "GET /zip.php?dir=Cwlib64Cwpython3Fw6Cwvenv&edit=__main__.py HTTP/2" 429 0 "https://myhappyspace.info/zip.php?dir=Cwlib64Cwpython3Fw6Cwvenv" "Mozilla/5.0 AppleWebKit/537.36 (KHTML, like Gecko; compatible; GPTBot/1.4; +https://openai.com/gptbot)"
74.7.243.217 - - [31/Jul/2026:04:18:57 +0300] "GET /file.php?dir=XPAusrXPAlibXPAsystemdXPAsystem&edit=irqbalance.service HTTP/2" 429 0 "https://myhappyspace.info/file.php?dir=XPAusrXPAlibXPAsystemdXPAsystem" "Mozilla/5.0 AppleWebKit/537.36 (KHTML, like Gecko; compatible; GPTBot/1.4; +https://openai.com/gptbot)"
74.7.243.217 - - [31/Jul/2026:04:04:33 +0300] "GET /zip.php?dir=CwusrCwshareCwlocaleCwsr%40ijeCwLC_MESSAGES&view=gtk20.mo HTTP/2" 429 0 "https://myhappyspace.info/zip.php?dir=CwusrCwshareCwlocaleCwsr%40ijeCwLC_MESSAGES" "Mozilla/5.0 AppleWebKit/537.36 (KHTML, like Gecko; compatible; GPTBot/1.4; +https://openai.com/gptbot)"
74.7.243.217 - - [31/Jul/2026:04:12:39 +0300] "GET /zip.php?dir=Cwlib64Cwpython2Fw7Cwxml&edit=__init__.pyc HTTP/2" 429 0 "https://myhappyspace.info/zip.php?dir=Cwlib64Cwpython2Fw7Cwxml" "Mozilla/5.0 AppleWebKit/537.36 (KHTML, like Gecko; compatible; GPTBot/1.4; +https://openai.com/gptbot)"
74.7.243.217 - - [31/Jul/2026:04:05:38 +0300] "GET /.well-known/zip.php?dir=CwhomeCwlogoandwCwnewsletterprogramsFwcomCwwp-contentCwpluginsCwfluentformCwassetsCwjs&view=fluent-forms-editor.js.LICENSE.txt HTTP/2" 429 0 "https://myhappyspace.info/.well-known/zip.php?dir=CwhomeCwlogoandwCwnewsletterprogramsFwcomCwwp-contentCwpluginsCwfluentformCwassetsCwjs" "Mozilla/5.0 AppleWebKit/537.36 (KHTML, like Gecko; compatible; GPTBot/1.4; +https://openai.com/gptbot)"
74.7.243.217 - - [31/Jul/2026:04:07:46 +0300] "GET /zip.php?dir=Cwlib64&edit=libgpgme.so.11.22.1 HTTP/2" 429 0 "https://myhappyspace.info/zip.php?dir=CwCwlib64" "Mozilla/5.0 AppleWebKit/537.36 (KHTML, like Gecko; compatible; GPTBot/1.4; +https://openai.com/gptbot)"
74.7.243.217 - - [31/Jul/2026:04:08:41 +0300] "GET /.well-known/zip.php?dir=CwhomeCwlogoandwCwpublic_htmlCwnaturallightsFwbizCwwp-contentCwuploadsCwastra-sitesCwjson&view=astra-blocks-categories.json HTTP/2" 200 542 "https://myhappyspace.info/.well-known/zip.php?dir=CwhomeCwlogoandwCwpublic_htmlCwnaturallightsFwbizCwwp-contentCwuploadsCwastra-sitesCwjson" "Mozilla/5.0 AppleWebKit/537.36 (KHTML, like Gecko; compatible; GPTBot/1.4; +https://openai.com/gptbot)"
74.7.243.217 - - [31/Jul/2026:04:13:43 +0300] "GET /zip.php?dir=Cwlib64Cwpython2Fw7Cwjson&edit=__init__.pyc HTTP/2" 429 0 "https://myhappyspace.info/zip.php?dir=Cwlib64Cwpython2Fw7Cwjson" "Mozilla/5.0 AppleWebKit/537.36 (KHTML, like Gecko; compatible; GPTBot/1.4; +https://openai.com/gptbot)"
74.7.243.217 - - [31/Jul/2026:04:16:54 +0300] "GET /zip.php?dir=CwusrCwlib64Cwpython3Fw6&edit=__future__.py HTTP/2" 429 0 "https://myhappyspace.info/zip.php?dir=CwusrCwlib64Cwpython3Fw6" "Mozilla/5.0 AppleWebKit/537.36 (KHTML, like Gecko; compatible; GPTBot/1.4; +https://openai.com/gptbot)"
74.7.243.217 - - [31/Jul/2026:04:23:04 +0300] "GET /3D%22https:/www.kssurmther.com/2G28HBCBB/X75SCJJ/?creative_id=3D58181%22 HTTP/2" 429 0 "https://myhappyspace.info/zip.php?dir=CwhomeCwlogoandwCwmailCwcur&view=1766852290.M625880P4007353.mgh-web11.maghost.ro%2CS%3D23191%2CW%3D23706%3A2%2C" "Mozilla/5.0 AppleWebKit/537.36 (KHTML, like Gecko; compatible; GPTBot/1.4; +https://openai.com/gptbot)"
74.7.243.217 - - [31/Jul/2026:04:26:10 +0300] "GET /zip.php?dir=CwusrCwlocalCwsitepadCweditorCwsite-dataCwlanguages&view=admin-ar.mo HTTP/2" 429 0 "https://myhappyspace.info/zip.php?dir=CwusrCwlocalCwsitepadCweditorCwsite-dataCwlanguages" "Mozilla/5.0 AppleWebKit/537.36 (KHTML, like Gecko; compatible; GPTBot/1.4; +https://openai.com/gptbot)"
74.7.243.217 - - [31/Jul/2026:04:29:18 +0300] "GET /zip.php?dir=CwusrCwlocalCwsitepadCweditorCwsite-dataCwlanguages&view=admin-eo.mo HTTP/2" 429 0 "https://myhappyspace.info/zip.php?dir=CwusrCwlocalCwsitepadCweditorCwsite-dataCwlanguages" "Mozilla/5.0 AppleWebKit/537.36 (KHTML, like Gecko; compatible; GPTBot/1.4; +https://openai.com/gptbot)"
66.249.79.76 - - [31/Jul/2026:04:23:36 +0300] "GET /?items/Z99131913/ HTTP/1.1" 200 0 "-" "Mozilla/5.0 (Linux; Android 6.0.1; Nexus 5X Build/MMB29P) AppleWebKit/537.36 (KHTML, like Gecko) Chrome/150.0.7871.186 Mobile Safari/537.36 (compatible; Googlebot/2.1; +http://www.google.com/bot.html)"
74.7.243.217 - - [31/Jul/2026:04:24:08 +0300] "GET /zip.php?dir=CwusrCwlocalCwsitepadCweditorCwsite-dataCwlanguages&view=admin-ca.po HTTP/2" 429 0 "https://myhappyspace.info/zip.php?dir=CwusrCwlocalCwsitepadCweditorCwsite-dataCwlanguages" "Mozilla/5.0 AppleWebKit/537.36 (KHTML, like Gecko; compatible; GPTBot/1.4; +https://openai.com/gptbot)"
74.7.243.217 - - [31/Jul/2026:04:28:15 +0300] "GET /zip.php?dir=CwusrCwlocalCwsitepadCweditorCwsite-dataCwlanguages&view=admin-et.mo HTTP/2" 429 0 "https://myhappyspace.info/zip.php?dir=CwusrCwlocalCwsitepadCweditorCwsite-dataCwlanguages" "Mozilla/5.0 AppleWebKit/537.36 (KHTML, like Gecko; compatible; GPTBot/1.4; +https://openai.com/gptbot)"
74.7.243.217 - - [31/Jul/2026:04:34:26 +0300] "GET /zip.php?dir=CwusrCwlocalCwsitepadCweditorCwsite-dataCwlanguages&view=admin-ps.mo HTTP/2" 429 0 "https://myhappyspace.info/zip.php?dir=CwusrCwlocalCwsitepadCweditorCwsite-dataCwlanguages" "Mozilla/5.0 AppleWebKit/537.36 (KHTML, like Gecko; compatible; GPTBot/1.4; +https://openai.com/gptbot)"
74.7.243.217 - - [31/Jul/2026:04:46:06 +0300] "GET /zip.php?dir=Cwlib64Cwpython2Fw7Cwbsddb&edit=__init__.pyo HTTP/2" 429 0 "https://myhappyspace.info/zip.php?dir=Cwlib64Cwpython2Fw7Cwbsddb" "Mozilla/5.0 AppleWebKit/537.36 (KHTML, like Gecko; compatible; GPTBot/1.4; +https://openai.com/gptbot)"
74.7.243.217 - - [31/Jul/2026:04:49:13 +0300] "GET /zip.php?dir=CwlibCwfirmware&edit=iwlwifi-bz-b0-fm-c0-96.ucode HTTP/2" 429 0 "https://myhappyspace.info/zip.php?dir=CwlibCwfirmware" "Mozilla/5.0 AppleWebKit/537.36 (KHTML, like Gecko; compatible; GPTBot/1.4; +https://openai.com/gptbot)"
74.7.243.217 - - [31/Jul/2026:04:53:07 +0300] "GET /zip.php?dir=CwlibCwfirmwareCwamdgpu&edit=gc_11_0_1_imu.bin HTTP/2" 429 0 "https://myhappyspace.info/zip.php?dir=CwlibCwfirmwareCwamdgpu" "Mozilla/5.0 AppleWebKit/537.36 (KHTML, like Gecko; compatible; GPTBot/1.4; +https://openai.com/gptbot)"
74.7.243.217 - - [31/Jul/2026:04:36:31 +0300] "GET /zip.php?dir=CwusrCwlocalCwsitepadCweditorCwsite-dataCwlanguages&view=admin-ar.po HTTP/2" 429 0 "https://myhappyspace.info/zip.php?dir=CwusrCwlocalCwsitepadCweditorCwsite-dataCwlanguages" "Mozilla/5.0 AppleWebKit/537.36 (KHTML, like Gecko; compatible; GPTBot/1.4; +https://openai.com/gptbot)"
74.7.243.217 - - [31/Jul/2026:04:40:47 +0300] "GET /zip.php?dir=CwusrCwlocalCwsitepadCweditorCwsite-dataCwlanguages&view=admin-az.po HTTP/2" 429 0 "https://myhappyspace.info/zip.php?dir=CwusrCwlocalCwsitepadCweditorCwsite-dataCwlanguages" "Mozilla/5.0 AppleWebKit/537.36 (KHTML, like Gecko; compatible; GPTBot/1.4; +https://openai.com/gptbot)"
74.7.243.217 - - [31/Jul/2026:04:41:52 +0300] "GET /zip.php?dir=CwusrCwlocalCwsitepadCweditorCwsite-dataCwlanguages&view=admin-eu.po HTTP/2" 429 0 "https://myhappyspace.info/zip.php?dir=CwusrCwlocalCwsitepadCweditorCwsite-dataCwlanguages" "Mozilla/5.0 AppleWebKit/537.36 (KHTML, like Gecko; compatible; GPTBot/1.4; +https://openai.com/gptbot)"
66.249.79.75 - - [31/Jul/2026:04:49:21 +0300] "GET /?items/D24283286/ HTTP/1.1" 200 0 "-" "Mozilla/5.0 (Linux; Android 6.0.1; Nexus 5X Build/MMB29P) AppleWebKit/537.36 (KHTML, like Gecko) Chrome/150.0.7871.186 Mobile Safari/537.36 (compatible; Googlebot/2.1; +http://www.google.com/bot.html)"
74.7.243.217 - - [31/Jul/2026:04:38:39 +0300] "GET /zip.php?dir=CwusrCwlocalCwsitepadCweditorCwsite-dataCwlanguages&view=admin-gd.po HTTP/2" 429 0 "https://myhappyspace.info/zip.php?dir=CwusrCwlocalCwsitepadCweditorCwsite-dataCwlanguages" "Mozilla/5.0 AppleWebKit/537.36 (KHTML, like Gecko; compatible; GPTBot/1.4; +https://openai.com/gptbot)"
66.249.76.233 - - [31/Jul/2026:04:46:48 +0300] "GET /?items/Y222527640/ HTTP/1.1" 200 0 "-" "Mozilla/5.0 (Linux; Android 6.0.1; Nexus 5X Build/MMB29P) AppleWebKit/537.36 (KHTML, like Gecko) Chrome/150.0.7871.186 Mobile Safari/537.36 (compatible; Googlebot/2.1; +http://www.google.com/bot.html)"
74.7.243.217 - - [31/Jul/2026:05:07:24 +0300] "GET /zip.php?dir=CwlibCwfirmwareCwamdgpu&edit=gc_11_0_1_pfp.bin HTTP/2" 429 0 "https://myhappyspace.info/zip.php?dir=CwlibCwfirmwareCwamdgpu" "Mozilla/5.0 AppleWebKit/537.36 (KHTML, like Gecko; compatible; GPTBot/1.4; +https://openai.com/gptbot)"
74.7.243.217 - - [31/Jul/2026:05:08:24 +0300] "GET /zip.php?dir=Cwlib64Cwpython3Fw8Cwctypes&edit=__init__.py HTTP/2" 429 0 "https://myhappyspace.info/zip.php?dir=Cwlib64Cwpython3Fw8Cwctypes" "Mozilla/5.0 AppleWebKit/537.36 (KHTML, like Gecko; compatible; GPTBot/1.4; +https://openai.com/gptbot)"
74.7.243.217 - - [31/Jul/2026:04:54:09 +0300] "GET /zip.php?dir=CwlibCwfirmwareCwamdgpu&edit=gc_11_5_1_pfp.bin HTTP/2" 200 18675 "https://myhappyspace.info/zip.php?dir=CwlibCwfirmwareCwamdgpu" "Mozilla/5.0 AppleWebKit/537.36 (KHTML, like Gecko; compatible; GPTBot/1.4; +https://openai.com/gptbot)"
74.7.230.45 - - [31/Jul/2026:04:57:10 +0300] "GET /robots.txt HTTP/2" 200 0 "-" "Mozilla/5.0 (Macintosh; Intel Mac OS X 10_15_7) AppleWebKit/537.36 (KHTML, like Gecko) Chrome/131.0.0.0 Safari/537.36; compatible; OAI-SearchBot/1.4; robots.txt; +https://openai.com/searchbot"
74.7.243.217 - - [31/Jul/2026:04:59:13 +0300] "GET /zip.php?dir=CwlibCwfirmware&edit=iwlwifi-bz-b0-fm-c0-98.ucode HTTP/2" 429 0 "https://myhappyspace.info/zip.php?dir=CwlibCwfirmware" "Mozilla/5.0 AppleWebKit/537.36 (KHTML, like Gecko; compatible; GPTBot/1.4; +https://openai.com/gptbot)"
74.7.243.217 - - [31/Jul/2026:05:00:17 +0300] "GET /zip.php?dir=CwlibCwfirmware&edit=iwlwifi-Qu-c0-hr-b0-77.ucode HTTP/2" 429 0 "https://myhappyspace.info/zip.php?dir=CwlibCwfirmware" "Mozilla/5.0 AppleWebKit/537.36 (KHTML, like Gecko; compatible; GPTBot/1.4; +https://openai.com/gptbot)"
74.7.243.217 - - [31/Jul/2026:05:03:24 +0300] "GET /zip.php?dir=Cwlib64Cwpython3Fw8Cwtkinter&edit=__init__.py HTTP/2" 429 0 "https://myhappyspace.info/zip.php?dir=Cwlib64Cwpython3Fw8Cwtkinter" "Mozilla/5.0 AppleWebKit/537.36 (KHTML, like Gecko; compatible; GPTBot/1.4; +https://openai.com/gptbot)"
74.7.243.217 - - [31/Jul/2026:05:09:27 +0300] "GET /zip.php?dir=Cwlib64Cwpython2Fw7Cwctypes&edit=__init__.py HTTP/2" 429 0 "https://myhappyspace.info/zip.php?dir=Cwlib64Cwpython2Fw7Cwctypes" "Mozilla/5.0 AppleWebKit/537.36 (KHTML, like Gecko; compatible; GPTBot/1.4; +https://openai.com/gptbot)"
74.7.243.217 - - [31/Jul/2026:04:56:08 +0300] "GET /zip.php?dir=CwlibCwfirmware&edit=iwlwifi-Qu-c0-hr-b0-50.ucode HTTP/2" 429 0 "https://myhappyspace.info/zip.php?dir=CwlibCwfirmware" "Mozilla/5.0 AppleWebKit/537.36 (KHTML, like Gecko; compatible; GPTBot/1.4; +https://openai.com/gptbot)"
66.249.79.76 - - [31/Jul/2026:05:06:35 +0300] "GET /?items/J206384670/ HTTP/1.1" 200 0 "-" "Mozilla/5.0 (Linux; Android 6.0.1; Nexus 5X Build/MMB29P) AppleWebKit/537.36 (KHTML, like Gecko) Chrome/150.0.7871.186 Mobile Safari/537.36 (compatible; Googlebot/2.1; +http://www.google.com/bot.html)"
74.7.243.217 - - [31/Jul/2026:05:13:40 +0300] "GET /zip.php?dir=CwlibCwfirmwareCwamdgpu&edit=gc_11_5_1_imu.bin HTTP/2" 429 0 "https://myhappyspace.info/zip.php?dir=CwlibCwfirmwareCwamdgpu" "Mozilla/5.0 AppleWebKit/537.36 (KHTML, like Gecko; compatible; GPTBot/1.4; +https://openai.com/gptbot)"
143.244.138.152 - - [31/Jul/2026:05:19:58 +0300] "GET /favicon.ico HTTP/1.1" 404 1251 "https://www.myhappyspace.info.logoandwebdesigns.com/" "Mozilla/5.0 (X11; Linux x86_64) AppleWebKit/537.36 (KHTML, like Gecko) Chrome/142.0.0.0 Safari/537.36"
74.7.243.217 - - [31/Jul/2026:05:22:07 +0300] "GET /zip.php?dir=Cwlib64Cwpython3Fw6CwxmlCwdom&edit=__init__.py HTTP/2" 429 0 "https://myhappyspace.info/zip.php?dir=Cwlib64Cwpython3Fw6CwxmlCwdom" "Mozilla/5.0 AppleWebKit/537.36 (KHTML, like Gecko; compatible; GPTBot/1.4; +https://openai.com/gptbot)"
66.249.79.76 - - [31/Jul/2026:05:22:21 +0300] "GET /?items/E260089589/ HTTP/1.1" 200 0 "-" "Mozilla/5.0 (Linux; Android 6.0.1; Nexus 5X Build/MMB29P) AppleWebKit/537.36 (KHTML, like Gecko) Chrome/150.0.7871.186 Mobile Safari/537.36 (compatible; Googlebot/2.1; +http://www.google.com/bot.html)"
74.7.243.217 - - [31/Jul/2026:05:23:07 +0300] "GET /zip.php?dir=CwlibCwfirmware&edit=iwlwifi-bz-b0-fm-c0-97.ucode HTTP/2" 429 0 "https://myhappyspace.info/zip.php?dir=CwlibCwfirmware" "Mozilla/5.0 AppleWebKit/537.36 (KHTML, like Gecko; compatible; GPTBot/1.4; +https://openai.com/gptbot)"
74.7.243.217 - - [31/Jul/2026:05:10:31 +0300] "GET /zip.php?dir=CwlibCwfirmware&edit=iwlwifi-bz-b0-fm-c0-93.ucode HTTP/2" 429 0 "https://myhappyspace.info/zip.php?dir=CwlibCwfirmware" "Mozilla/5.0 AppleWebKit/537.36 (KHTML, like Gecko; compatible; GPTBot/1.4; +https://openai.com/gptbot)"
74.7.243.217 - - [31/Jul/2026:05:11:34 +0300] "GET /zip.php?dir=CwlibCwfirmware&edit=iwlwifi-bz-b0-fm-c0-92.ucode HTTP/2" 429 0 "https://myhappyspace.info/zip.php?dir=CwlibCwfirmware" "Mozilla/5.0 AppleWebKit/537.36 (KHTML, like Gecko; compatible; GPTBot/1.4; +https://openai.com/gptbot)"
74.7.243.217 - - [31/Jul/2026:05:16:46 +0300] "GET /zip.php?dir=CwlibCwfirmware&edit=iwlwifi-bz-b0-fm-c0-94.ucode HTTP/2" 429 0 "https://myhappyspace.info/zip.php?dir=CwlibCwfirmware" "Mozilla/5.0 AppleWebKit/537.36 (KHTML, like Gecko; compatible; GPTBot/1.4; +https://openai.com/gptbot)"
143.244.138.152 - - [31/Jul/2026:05:19:53 +0300] "GET / HTTP/1.1" 200 0 "-" "Mozilla/5.0 (X11; Linux x86_64) AppleWebKit/537.36 (KHTML, like Gecko) Chrome/142.0.0.0 Safari/537.36"
74.7.243.217 - - [31/Jul/2026:05:19:57 +0300] "GET /zip.php?dir=Cwlib64Cwpython3Fw6Cwctypes&edit=__init__.py HTTP/2" 429 0 "https://myhappyspace.info/zip.php?dir=Cwlib64Cwpython3Fw6Cwctypes" "Mozilla/5.0 AppleWebKit/537.36 (KHTML, like Gecko; compatible; GPTBot/1.4; +https://openai.com/gptbot)"
74.7.243.217 - - [31/Jul/2026:05:25:17 +0300] "GET /zip.php?dir=CwlibCwfirmware&edit=iwlwifi-so-a0-hr-b0-77.ucode HTTP/2" 200 535467 "https://myhappyspace.info/zip.php?dir=CwlibCwfirmware" "Mozilla/5.0 AppleWebKit/537.36 (KHTML, like Gecko; compatible; GPTBot/1.4; +https://openai.com/gptbot)"
74.7.243.217 - - [31/Jul/2026:05:26:16 +0300] "GET /zip.php?dir=CwhomeCwlogoandwCwnature-photosFwinfoCwTextCwwp-contentCwwp-contentCwwp-contentCwwp-contentCwwp-contentCwwp-contentCwwp-contentCwwp-contentCwwp-content&view=error_log-20251108093917-20251108102804-20251108103543-20251108103744-20251108104750-20251108104836-20251108162320-20251109000812-20251109010418-20251118084246. HTTP/2" 429 0 "https://myhappyspace.info/zip.php?dir=CwhomeCwlogoandwCwnature-photosFwinfoCwTextCwwp-contentCwwp-contentCwwp-contentCwwp-contentCwwp-contentCwwp-contentCwwp-contentCwwp-contentCwwp-content" "Mozilla/5.0 AppleWebKit/537.36 (KHTML, like Gecko; compatible; GPTBot/1.4; +https://openai.com/gptbot)"
74.7.243.217 - - [31/Jul/2026:05:27:11 +0300] "GET /zip.php?dir=CwhomeCwlogoandwCwnature-photosFwinfoCwblockCwwp-contentCwwp-contentCwwp-contentCwwp-contentCwwp-contentCwwp-contentCwwp-contentCwwp-contentCwwp-content&view=error_log-20251108093917-20251108102804-20251108103543-20251108103744-20251108104750-20251108104836-20251108162320-20251109000812-20251109010418-20251109034503. HTTP/2" 429 0 "https://myhappyspace.info/zip.php?dir=CwhomeCwlogoandwCwnature-photosFwinfoCwblockCwwp-contentCwwp-contentCwwp-contentCwwp-contentCwwp-contentCwwp-contentCwwp-contentCwwp-contentCwwp-content" "Mozilla/5.0 AppleWebKit/537.36 (KHTML, like Gecko; compatible; GPTBot/1.4; +https://openai.com/gptbot)"
74.7.243.217 - - [31/Jul/2026:05:28:12 +0300] "GET /zip.php?dir=CwhomeCwlogoandwCwnature-photosFwinfoCwwidgetsCwwp-contentCwwp-contentCwwp-contentCwwp-contentCwwp-contentCwwp-contentCwwp-contentCwwp-contentCwwp-content&view=error_log-20251108093917-20251108102804-20251108103543-20251108103744-20251108104750-20251108104836-20251108162320-20251109000812-20251109010418-20251109011758. HTTP/2" 200 12 "https://myhappyspace.info/zip.php?dir=CwhomeCwlogoandwCwnature-photosFwinfoCwwidgetsCwwp-contentCwwp-contentCwwp-contentCwwp-contentCwwp-contentCwwp-contentCwwp-contentCwwp-contentCwwp-content" "Mozilla/5.0 AppleWebKit/537.36 (KHTML, like Gecko; compatible; GPTBot/1.4; +https://openai.com/gptbot)"
74.7.243.217 - - [31/Jul/2026:05:35:03 +0300] "GET /zip.php?dir=CwhomeCwlogoandwCwnature-photosFwinfoCwjsCwwp-contentCwwp-contentCwwp-contentCwwp-contentCwwp-contentCwwp-contentCwwp-contentCwwp-contentCwwp-content&view=error_log-20251108093917-20251108102804-20251108103543-20251108103744-20251108104750-20251108104836-20251108162320-20251109000812-20251109010418-20251109021910. HTTP/2" 200 12 "https://myhappyspace.info/zip.php?dir=CwhomeCwlogoandwCwnature-photosFwinfoCwjsCwwp-contentCwwp-contentCwwp-contentCwwp-contentCwwp-contentCwwp-contentCwwp-contentCwwp-contentCwwp-content" "Mozilla/5.0 AppleWebKit/537.36 (KHTML, like Gecko; compatible; GPTBot/1.4; +https://openai.com/gptbot)"
74.7.243.217 - - [31/Jul/2026:05:35:37 +0300] "GET /zip.php?dir=CwhomeCwlogoandwCwnature-photosFwinfoCwTextCwwp-contentCwwp-contentCwwp-contentCwwp-contentCwwp-contentCwwp-contentCwwp-contentCwwp-contentCwwp-content&view=error_log-20251108093917-20251108102804-20251108103543-20251108103744-20251108104750-20251108104836-20251108162320-20251109000812-20251109010418-20251109021910. HTTP/2" 200 12 "https://myhappyspace.info/zip.php?dir=CwhomeCwlogoandwCwnature-photosFwinfoCwTextCwwp-contentCwwp-contentCwwp-contentCwwp-contentCwwp-contentCwwp-contentCwwp-contentCwwp-contentCwwp-content" "Mozilla/5.0 AppleWebKit/537.36 (KHTML, like Gecko; compatible; GPTBot/1.4; +https://openai.com/gptbot)"
74.7.243.217 - - [31/Jul/2026:05:36:59 +0300] "GET /zip.php?dir=CwhomeCwlogoandwCwnature-photosFwinfoCwjsCwwp-contentCwwp-contentCwwp-contentCwwp-contentCwwp-contentCwwp-contentCwwp-contentCwwp-contentCwwp-content&view=error_log-20251108093917-20251108102804-20251108103543-20251108103744-20251108104750-20251108104836-20251108162320-20251109000812-20251109010418-20251118084246. HTTP/2" 200 12 "https://myhappyspace.info/zip.php?dir=CwhomeCwlogoandwCwnature-photosFwinfoCwjsCwwp-contentCwwp-contentCwwp-contentCwwp-contentCwwp-contentCwwp-contentCwwp-contentCwwp-contentCwwp-content" "Mozilla/5.0 AppleWebKit/537.36 (KHTML, like Gecko; compatible; GPTBot/1.4; +https://openai.com/gptbot)"
74.7.243.217 - - [31/Jul/2026:05:37:21 +0300] "GET /zip.php?dir=CwhomeCwlogoandwCwnature-photosFwinfoCwblockCwwp-contentCwwp-contentCwwp-contentCwwp-contentCwwp-contentCwwp-contentCwwp-contentCwwp-contentCwwp-content&view=error_log-20251108093917-20251108102804-20251108103543-20251108103744-20251108104750-20251108104836-20251108162320-20251109000812-20251109015233-20251109024953. HTTP/2" 429 0 "https://myhappyspace.info/zip.php?dir=CwhomeCwlogoandwCwnature-photosFwinfoCwblockCwwp-contentCwwp-contentCwwp-contentCwwp-contentCwwp-contentCwwp-contentCwwp-contentCwwp-contentCwwp-content" "Mozilla/5.0 AppleWebKit/537.36 (KHTML, like Gecko; compatible; GPTBot/1.4; +https://openai.com/gptbot)"
74.7.243.217 - - [31/Jul/2026:05:37:42 +0300] "GET /zip.php?dir=CwhomeCwlogoandwCwnature-photosFwinfoCwwidgetsCwwp-contentCwwp-contentCwwp-contentCwwp-contentCwwp-contentCwwp-contentCwwp-contentCwwp-contentCwwp-content&view=error_log-20251108093917-20251108102804-20251108103543-20251108103744-20251108104750-20251108104836-20251108162320-20251109000812-20251109010418-20251109013745. HTTP/2" 429 0 "https://myhappyspace.info/zip.php?dir=CwhomeCwlogoandwCwnature-photosFwinfoCwwidgetsCwwp-contentCwwp-contentCwwp-contentCwwp-contentCwwp-contentCwwp-contentCwwp-contentCwwp-contentCwwp-content" "Mozilla/5.0 AppleWebKit/537.36 (KHTML, like Gecko; compatible; GPTBot/1.4; +https://openai.com/gptbot)"
74.7.243.217 - - [31/Jul/2026:05:31:13 +0300] "GET /zip.php?dir=CwhomeCwlogoandwCwnature-photosFwinfoCwwidgetsCwwp-contentCwwp-contentCwwp-contentCwwp-contentCwwp-contentCwwp-contentCwwp-contentCwwp-contentCwwp-content&view=error_log-20251108093917-20251108102804-20251108103543-20251108103744-20251108104750-20251108104836-20251108162320-20251109000812-20251109010418-20251118012525. HTTP/2" 200 12 "https://myhappyspace.info/zip.php?dir=CwhomeCwlogoandwCwnature-photosFwinfoCwwidgetsCwwp-contentCwwp-contentCwwp-contentCwwp-contentCwwp-contentCwwp-contentCwwp-contentCwwp-contentCwwp-content" "Mozilla/5.0 AppleWebKit/537.36 (KHTML, like Gecko; compatible; GPTBot/1.4; +https://openai.com/gptbot)"
74.7.243.217 - - [31/Jul/2026:05:32:59 +0300] "GET /zip.php?dir=CwhomeCwlogoandwCwnature-photosFwinfoCwwidgetsCwwp-contentCwwp-contentCwwp-contentCwwp-contentCwwp-contentCwwp-contentCwwp-contentCwwp-contentCwwp-content&view=error_log-20251108093917-20251108102804-20251108103543-20251108103744-20251108104750-20251108104836-20251108162320-20251109000812-20251109010418. HTTP/2" 200 12 "https://myhappyspace.info/zip.php?dir=CwhomeCwlogoandwCwnature-photosFwinfoCwwidgetsCwwp-contentCwwp-contentCwwp-contentCwwp-contentCwwp-contentCwwp-contentCwwp-contentCwwp-contentCwwp-content" "Mozilla/5.0 AppleWebKit/537.36 (KHTML, like Gecko; compatible; GPTBot/1.4; +https://openai.com/gptbot)"
