74.7.243.217 - - [31/Jul/2026:05:41:50 +0300] "GET /zip.php?dir=CwhomeCwlogoandwCwnature-photosFwinfoCwblockCwwp-contentCwwp-contentCwwp-contentCwwp-contentCwwp-contentCwwp-contentCwwp-contentCwwp-contentCwwp-content&view=error_log-20251108093917-20251108102804-20251108103543-20251108103744-20251108104750-20251108104836-20251108162320-20251109000812-20251109015233-20251109024954. HTTP/2" 429 0 "https://myhappyspace.info/zip.php?dir=CwhomeCwlogoandwCwnature-photosFwinfoCwblockCwwp-contentCwwp-contentCwwp-contentCwwp-contentCwwp-contentCwwp-contentCwwp-contentCwwp-contentCwwp-content" "Mozilla/5.0 AppleWebKit/537.36 (KHTML, like Gecko; compatible; GPTBot/1.4; +https://openai.com/gptbot)"
74.7.243.217 - - [31/Jul/2026:05:45:01 +0300] "GET /zip.php?dir=CwusrCwlibexecCwgit-core&view=git-write-tree HTTP/2" 429 0 "https://myhappyspace.info/zip.php?dir=CwusrCwlibexecCwgit-core" "Mozilla/5.0 AppleWebKit/537.36 (KHTML, like Gecko; compatible; GPTBot/1.4; +https://openai.com/gptbot)"
74.7.243.217 - - [31/Jul/2026:05:46:00 +0300] "GET /file.php?dir=XPAhomeXPAlogoandwXPAstartodayXFAxyzXPAwp-contentXPAstyle-engine HTTP/2" 429 0 "https://myhappyspace.info/file.php?dir=XPAhomeXPAlogoandwXPAstartodayXFAxyzXPAwp-content" "Mozilla/5.0 AppleWebKit/537.36 (KHTML, like Gecko; compatible; GPTBot/1.4; +https://openai.com/gptbot)"
66.249.79.75 - - [31/Jul/2026:05:46:56 +0300] "GET /?items/N115401327/ HTTP/1.1" 200 0 "-" "Mozilla/5.0 (Linux; Android 6.0.1; Nexus 5X Build/MMB29P) AppleWebKit/537.36 (KHTML, like Gecko) Chrome/150.0.7871.186 Mobile Safari/537.36 (compatible; Googlebot/2.1; +http://www.google.com/bot.html)"
74.7.243.217 - - [31/Jul/2026:05:49:09 +0300] "GET /zip.php?dir=CwusrCwlib64Cwxtables&edit=libip6t_dst.so HTTP/2" 429 0 "https://myhappyspace.info/zip.php?dir=CwusrCwlib64Cwxtables" "Mozilla/5.0 AppleWebKit/537.36 (KHTML, like Gecko; compatible; GPTBot/1.4; +https://openai.com/gptbot)"
74.7.243.217 - - [31/Jul/2026:05:50:10 +0300] "GET /zip.php?dir=Cwlib64Cwdovecot&edit=libdriver_sqlite.so HTTP/2" 429 0 "https://myhappyspace.info/zip.php?dir=Cwlib64Cwdovecot" "Mozilla/5.0 AppleWebKit/537.36 (KHTML, like Gecko; compatible; GPTBot/1.4; +https://openai.com/gptbot)"
74.7.243.217 - - [31/Jul/2026:05:53:17 +0300] "GET /zip.php?dir=CwlibCwfirmwareCwatmel&edit=wilc1000_wifi_firmware.bin HTTP/2" 429 0 "https://myhappyspace.info/zip.php?dir=CwlibCwfirmwareCwatmel" "Mozilla/5.0 AppleWebKit/537.36 (KHTML, like Gecko; compatible; GPTBot/1.4; +https://openai.com/gptbot)"
74.7.243.217 - - [31/Jul/2026:05:56:15 +0300] "GET /.well-known/zip.php?dir=CwusrCwlocalCwsitepadCweditorCwsite-dataCwpluginsCwloginizer-securityCwmainCwsettings HTTP/2" 200 3390 "https://myhappyspace.info/.well-known/zip.php?dir=CwusrCwlocalCwsitepadCweditorCwsite-dataCwpluginsCwloginizer-securityCwmain" "Mozilla/5.0 AppleWebKit/537.36 (KHTML, like Gecko; compatible; GPTBot/1.4; +https://openai.com/gptbot)"
74.7.243.217 - - [31/Jul/2026:05:57:05 +0300] "GET /.well-known/zip.php?dir=CwusrCwlocalCwsitepadCweditorCwsite-dataCwpluginsCwkkart-proCwincludesCwgatewaysCwpayfast HTTP/2" 200 3408 "https://myhappyspace.info/.well-known/zip.php?dir=CwusrCwlocalCwsitepadCweditorCwsite-dataCwpluginsCwkkart-proCwincludesCwgateways" "Mozilla/5.0 AppleWebKit/537.36 (KHTML, like Gecko; compatible; GPTBot/1.4; +https://openai.com/gptbot)"
74.7.243.217 - - [31/Jul/2026:05:59:47 +0300] "GET /zip.php?dir=CwhomeCwlogoandwCwnature-photosFwinfoCwwp-contentCwwp-contentCwcssCwwp-contentCwcssCwwp-contentCwwp-contentCwwp-contentCwwp-content&view=error_log-20251108093917-20251108102804-20251108103543-20251108103744-20251108104750-20251108104836-20251108162320-20251109000812-20251109042130-20251109054700-20251120225455. HTTP/2" 200 12 "https://myhappyspace.info/zip.php?dir=CwhomeCwlogoandwCwnature-photosFwinfoCwwp-contentCwwp-contentCwcssCwwp-contentCwcssCwwp-contentCwwp-contentCwwp-contentCwwp-content" "Mozilla/5.0 AppleWebKit/537.36 (KHTML, like Gecko; compatible; GPTBot/1.4; +https://openai.com/gptbot)"
74.7.243.217 - - [31/Jul/2026:06:02:24 +0300] "GET /.well-known/zip.php?dir=CwusrCwlocalCwsitepadCweditorCwsite-dataCwpluginsCwkkart-proCwincludesCwgatewaysCwpayfastCwassets HTTP/2" 200 3279 "https://myhappyspace.info/.well-known/zip.php?dir=CwusrCwlocalCwsitepadCweditorCwsite-dataCwpluginsCwkkart-proCwincludesCwgatewaysCwpayfast" "Mozilla/5.0 AppleWebKit/537.36 (KHTML, like Gecko; compatible; GPTBot/1.4; +https://openai.com/gptbot)"
74.7.243.217 - - [31/Jul/2026:06:02:38 +0300] "GET /.well-known/zip.php?dir=CwhomeCwlogoandwCwetc&view=logoandw.rcube.db HTTP/2" 200 8653 "https://myhappyspace.info/.well-known/zip.php?dir=CwhomeCwlogoandwCwetc" "Mozilla/5.0 AppleWebKit/537.36 (KHTML, like Gecko; compatible; GPTBot/1.4; +https://openai.com/gptbot)"
74.7.243.217 - - [31/Jul/2026:06:02:51 +0300] "GET /zip.php?dir=CwusrCwshareCwzoneinfoCwrightCwArctic&view=Longyearbyen HTTP/2" 200 1650 "https://myhappyspace.info/zip.php?dir=CwusrCwshareCwzoneinfoCwrightCwArctic" "Mozilla/5.0 AppleWebKit/537.36 (KHTML, like Gecko; compatible; GPTBot/1.4; +https://openai.com/gptbot)"
74.7.243.217 - - [31/Jul/2026:06:03:52 +0300] "GET /zip.php?dir=CwusrCwlib64&view=liboraodbcS.so.2.0.0 HTTP/2" 429 0 "https://myhappyspace.info/zip.php?dir=CwusrCwlib64" "Mozilla/5.0 AppleWebKit/537.36 (KHTML, like Gecko; compatible; GPTBot/1.4; +https://openai.com/gptbot)"
74.7.243.217 - - [31/Jul/2026:06:09:08 +0300] "GET /zip.php?dir=CwusrCwlib64&view=libnss_files-2.28.so HTTP/2" 429 0 "https://myhappyspace.info/zip.php?dir=CwusrCwlib64" "Mozilla/5.0 AppleWebKit/537.36 (KHTML, like Gecko; compatible; GPTBot/1.4; +https://openai.com/gptbot)"
74.7.243.217 - - [31/Jul/2026:06:10:07 +0300] "GET /zip.php?dir=CwusrCwlib64&view=libtemplate.so.2.0.0 HTTP/2" 429 0 "https://myhappyspace.info/zip.php?dir=CwusrCwlib64" "Mozilla/5.0 AppleWebKit/537.36 (KHTML, like Gecko; compatible; GPTBot/1.4; +https://openai.com/gptbot)"
74.7.243.217 - - [31/Jul/2026:06:13:19 +0300] "GET /zip.php?dir=Cwlib64&view=libxmlrpc_openssl.so.1.51 HTTP/2" 429 0 "https://myhappyspace.info/zip.php?dir=CwCwlib64" "Mozilla/5.0 AppleWebKit/537.36 (KHTML, like Gecko; compatible; GPTBot/1.4; +https://openai.com/gptbot)"
74.7.243.217 - - [31/Jul/2026:06:00:15 +0300] "GET /zip.php?dir=CwhomeCwlogoandwCwnature-photosFwinfoCwwp-contentCwwp-contentCwcssCwwp-contentCwcssCwwp-contentCwwp-contentCwwp-contentCwwp-content&view=error_log-20251108093917-20251108102804-20251108103543-20251108103744-20251108104750-20251108104836-20251108162320-20251109000812-20251109015233-20251109015427-20251109015614. HTTP/2" 200 12 "https://myhappyspace.info/zip.php?dir=CwhomeCwlogoandwCwnature-photosFwinfoCwwp-contentCwwp-contentCwcssCwwp-contentCwcssCwwp-contentCwwp-contentCwwp-contentCwwp-content" "Mozilla/5.0 AppleWebKit/537.36 (KHTML, like Gecko; compatible; GPTBot/1.4; +https://openai.com/gptbot)"
74.7.243.217 - - [31/Jul/2026:06:00:43 +0300] "GET /zip.php?dir=CwhomeCwlogoandwCwnature-photosFwinfoCwwp-contentCwwp-contentCwcssCwwp-contentCwcssCwwp-contentCwwp-contentCwwp-contentCwwp-content&view=error_log-20251108093917-20251108102804-20251108103543-20251108103744-20251108104750-20251108104836-20251108162320-20251109000812-20251109010418-20251109011758-20251109014434. HTTP/2" 200 12 "https://myhappyspace.info/zip.php?dir=CwhomeCwlogoandwCwnature-photosFwinfoCwwp-contentCwwp-contentCwcssCwwp-contentCwcssCwwp-contentCwwp-contentCwwp-contentCwwp-content" "Mozilla/5.0 AppleWebKit/537.36 (KHTML, like Gecko; compatible; GPTBot/1.4; +https://openai.com/gptbot)"
74.7.243.217 - - [31/Jul/2026:06:01:09 +0300] "GET /zip.php?dir=CwhomeCwlogoandwCwnature-photosFwinfoCwwp-contentCwwp-contentCwcssCwwp-contentCwcssCwwp-contentCwwp-contentCwwp-contentCwwp-content&view=error_log-20251108093917-20251108102804-20251108103543-20251108103744-20251108104750-20251108104836-20251108162320-20251109000812-20251109010418-20251109021236-20251120233201. HTTP/2" 200 12 "https://myhappyspace.info/zip.php?dir=CwhomeCwlogoandwCwnature-photosFwinfoCwwp-contentCwwp-contentCwcssCwwp-contentCwcssCwwp-contentCwwp-contentCwwp-contentCwwp-content" "Mozilla/5.0 AppleWebKit/537.36 (KHTML, like Gecko; compatible; GPTBot/1.4; +https://openai.com/gptbot)"
74.7.243.217 - - [31/Jul/2026:06:04:55 +0300] "GET /zip.php?dir=CwusrCwlib64&view=libXinerama.so.1.0.0 HTTP/2" 429 0 "https://myhappyspace.info/zip.php?dir=CwusrCwlib64" "Mozilla/5.0 AppleWebKit/537.36 (KHTML, like Gecko; compatible; GPTBot/1.4; +https://openai.com/gptbot)"
74.7.243.217 - - [31/Jul/2026:06:16:25 +0300] "GET /zip.php?dir=CwusrCwlib64&view=libunbound.so.2.7.18 HTTP/2" 429 0 "https://myhappyspace.info/zip.php?dir=CwusrCwlib64" "Mozilla/5.0 AppleWebKit/537.36 (KHTML, like Gecko; compatible; GPTBot/1.4; +https://openai.com/gptbot)"
74.7.230.45 - - [31/Jul/2026:06:01:32 +0300] "GET /robots.txt HTTP/2" 200 0 "-" "Mozilla/5.0 (Macintosh; Intel Mac OS X 10_15_7) AppleWebKit/537.36 (KHTML, like Gecko) Chrome/131.0.0.0 Safari/537.36; compatible; OAI-SearchBot/1.4; robots.txt; +https://openai.com/searchbot"
66.249.79.64 - - [31/Jul/2026:06:06:01 +0300] "GET /?items/N286627337// HTTP/1.1" 200 0 "-" "Mozilla/5.0 (Linux; Android 6.0.1; Nexus 5X Build/MMB29P) AppleWebKit/537.36 (KHTML, like Gecko) Chrome/150.0.7871.186 Mobile Safari/537.36 (compatible; Googlebot/2.1; +http://www.google.com/bot.html)"
74.7.243.217 - - [31/Jul/2026:06:07:03 +0300] "GET /zip.php?dir=CwusrCwlib64&view=libodbcnnS.so.2.0.0 HTTP/2" 429 0 "https://myhappyspace.info/zip.php?dir=CwusrCwlib64" "Mozilla/5.0 AppleWebKit/537.36 (KHTML, like Gecko; compatible; GPTBot/1.4; +https://openai.com/gptbot)"
74.7.243.217 - - [31/Jul/2026:06:08:06 +0300] "GET /zip.php?dir=CwusrCwlib64&view=libnfsidmap.so.1.0.0 HTTP/2" 200 22047 "https://myhappyspace.info/zip.php?dir=CwusrCwlib64" "Mozilla/5.0 AppleWebKit/537.36 (KHTML, like Gecko; compatible; GPTBot/1.4; +https://openai.com/gptbot)"
74.7.243.217 - - [31/Jul/2026:06:17:29 +0300] "GET /zip.php?dir=CwusrCwlib64&view=libjansson.so.4.14.0 HTTP/2" 429 0 "https://myhappyspace.info/zip.php?dir=CwusrCwlib64" "Mozilla/5.0 AppleWebKit/537.36 (KHTML, like Gecko; compatible; GPTBot/1.4; +https://openai.com/gptbot)"
74.7.243.217 - - [31/Jul/2026:06:25:49 +0300] "GET /zip.php?dir=Cwlib64&view=libodbcdrvcfg2S.so.2.0.0 HTTP/2" 429 0 "https://myhappyspace.info/zip.php?dir=CwCwlib64" "Mozilla/5.0 AppleWebKit/537.36 (KHTML, like Gecko; compatible; GPTBot/1.4; +https://openai.com/gptbot)"
66.249.76.232 - - [31/Jul/2026:06:30:15 +0300] "GET /?items/I226612529/ HTTP/1.1" 200 0 "-" "Mozilla/5.0 (Linux; Android 6.0.1; Nexus 5X Build/MMB29P) AppleWebKit/537.36 (KHTML, like Gecko) Chrome/150.0.7871.186 Mobile Safari/537.36 (compatible; Googlebot/2.1; +http://www.google.com/bot.html)"
74.7.243.217 - - [31/Jul/2026:06:31:10 +0300] "GET /.well-known/zip.php?dir=CwhomeCwlogoandwCwpublic_htmlCwnaturallightsFwbizCwwp-contentCwpluginsCwfilesterCwviewsCwpages&view=index.php HTTP/2" 429 0 "https://myhappyspace.info/.well-known/zip.php?dir=CwhomeCwlogoandwCwpublic_htmlCwnaturallightsFwbizCwwp-contentCwpluginsCwfilesterCwviewsCwpages" "Mozilla/5.0 AppleWebKit/537.36 (KHTML, like Gecko; compatible; GPTBot/1.4; +https://openai.com/gptbot)"
66.249.79.64 - - [31/Jul/2026:06:32:43 +0300] "GET /?items/E267254377// HTTP/1.1" 200 0 "-" "Mozilla/5.0 (Linux; Android 6.0.1; Nexus 5X Build/MMB29P) AppleWebKit/537.36 (KHTML, like Gecko) Chrome/150.0.7871.186 Mobile Safari/537.36 (compatible; Googlebot/2.1; +http://www.google.com/bot.html)"
74.7.243.217 - - [31/Jul/2026:06:23:46 +0300] "GET /zip.php?dir=CwusrCwlib64&view=libnftables.so.1.1.0 HTTP/2" 429 0 "https://myhappyspace.info/zip.php?dir=CwusrCwlib64" "Mozilla/5.0 AppleWebKit/537.36 (KHTML, like Gecko; compatible; GPTBot/1.4; +https://openai.com/gptbot)"
74.7.243.217 - - [31/Jul/2026:06:24:47 +0300] "GET /zip.php?dir=Cwlib64&view=libxmlrpc_server.so.3.51 HTTP/2" 429 0 "https://myhappyspace.info/zip.php?dir=CwCwlib64" "Mozilla/5.0 AppleWebKit/537.36 (KHTML, like Gecko; compatible; GPTBot/1.4; +https://openai.com/gptbot)"
74.7.243.217 - - [31/Jul/2026:06:26:55 +0300] "GET /file.php?dir=XPAusrXPAlibXPAsystemdXPAportableXPAprofileXPAdefault HTTP/2" 429 0 "https://myhappyspace.info/file.php?dir=XPAusrXPAlibXPAsystemdXPAportableXPAprofile" "Mozilla/5.0 AppleWebKit/537.36 (KHTML, like Gecko; compatible; GPTBot/1.4; +https://openai.com/gptbot)"
74.7.243.217 - - [31/Jul/2026:06:41:22 +0300] "GET /.well-known/zip.php?dir=CwhomeCwlogoandwCwnewsletterprogramsFwcomCwwp-contentCwpluginsCwfluentformCwconfig&view=index.php HTTP/2" 200 38 "https://myhappyspace.info/.well-known/zip.php?dir=CwhomeCwlogoandwCwnewsletterprogramsFwcomCwwp-contentCwpluginsCwfluentformCwconfig" "Mozilla/5.0 AppleWebKit/537.36 (KHTML, like Gecko; compatible; GPTBot/1.4; +https://openai.com/gptbot)"
74.7.243.217 - - [31/Jul/2026:06:43:20 +0300] "GET /zip.php?dir=CwlibCwfirmwareCwqca&view=hpnv21.bb8 HTTP/2" 429 0 "https://myhappyspace.info/zip.php?dir=CwlibCwfirmwareCwqca" "Mozilla/5.0 AppleWebKit/537.36 (KHTML, like Gecko; compatible; GPTBot/1.4; +https://openai.com/gptbot)"
74.7.243.217 - - [31/Jul/2026:06:49:40 +0300] "GET /zip.php?dir=CwusrCwlib64Cwperl5CwCORE&view=cop.h HTTP/2" 200 11792 "https://myhappyspace.info/zip.php?dir=CwusrCwlib64Cwperl5CwCORE" "Mozilla/5.0 AppleWebKit/537.36 (KHTML, like Gecko; compatible; GPTBot/1.4; +https://openai.com/gptbot)"
74.7.243.217 - - [31/Jul/2026:06:46:31 +0300] "GET /zip.php?dir=CwusrCwincludeCwsound&view=emu10k1.h HTTP/2" 429 0 "https://myhappyspace.info/zip.php?dir=CwusrCwincludeCwsound" "Mozilla/5.0 AppleWebKit/537.36 (KHTML, like Gecko; compatible; GPTBot/1.4; +https://openai.com/gptbot)"
74.7.243.217 - - [31/Jul/2026:06:34:10 +0300] "GET /.well-known/zip.php?dir=CwhomeCwlogoandwCwnewsletterprogramsFwcomCwwp-contentCwpluginsCwfluentformproCwlibs&view=index.php HTTP/2" 200 38 "https://myhappyspace.info/.well-known/zip.php?dir=CwhomeCwlogoandwCwnewsletterprogramsFwcomCwwp-contentCwpluginsCwfluentformproCwlibs" "Mozilla/5.0 AppleWebKit/537.36 (KHTML, like Gecko; compatible; GPTBot/1.4; +https://openai.com/gptbot)"
74.7.243.217 - - [31/Jul/2026:06:37:12 +0300] "GET /.well-known/zip.php?dir=CwhomeCwlogoandwCwpublic_htmlCwnaturallightsFwbizCwwp-contentCwthemesCwastraCwincCwblog&view=index.php HTTP/2" 429 0 "https://myhappyspace.info/.well-known/zip.php?dir=CwhomeCwlogoandwCwpublic_htmlCwnaturallightsFwbizCwwp-contentCwthemesCwastraCwincCwblog" "Mozilla/5.0 AppleWebKit/537.36 (KHTML, like Gecko; compatible; GPTBot/1.4; +https://openai.com/gptbot)"
74.7.243.217 - - [31/Jul/2026:06:38:13 +0300] "GET /.well-known/zip.php?dir=CwhomeCwlogoandwCwpublic_htmlCwnaturallightsFwbizCwwp-contentCwthemesCwastraCwincCwcore&view=index.php HTTP/2" 200 100 "https://myhappyspace.info/.well-known/zip.php?dir=CwhomeCwlogoandwCwpublic_htmlCwnaturallightsFwbizCwwp-contentCwthemesCwastraCwincCwcore" "Mozilla/5.0 AppleWebKit/537.36 (KHTML, like Gecko; compatible; GPTBot/1.4; +https://openai.com/gptbot)"
74.7.243.217 - - [31/Jul/2026:06:39:19 +0300] "GET /.well-known/zip.php?dir=CwhomeCwlogoandwCwnewsletterprogramsFwcomCwwp-contentCwpluginsCwfluentformCwdatabase&view=index.php HTTP/2" 429 0 "https://myhappyspace.info/.well-known/zip.php?dir=CwhomeCwlogoandwCwnewsletterprogramsFwcomCwwp-contentCwpluginsCwfluentformCwdatabase" "Mozilla/5.0 AppleWebKit/537.36 (KHTML, like Gecko; compatible; GPTBot/1.4; +https://openai.com/gptbot)"
74.7.243.217 - - [31/Jul/2026:06:40:17 +0300] "GET /.well-known/zip.php?dir=CwhomeCwlogoandwCwnewsletterprogramsFwcomCwwp-contentCwpluginsCwpagelayerCwjsCwblocks&view=index.asset.php HTTP/2" 429 0 "https://myhappyspace.info/.well-known/zip.php?dir=CwhomeCwlogoandwCwnewsletterprogramsFwcomCwwp-contentCwpluginsCwpagelayerCwjsCwblocks" "Mozilla/5.0 AppleWebKit/537.36 (KHTML, like Gecko; compatible; GPTBot/1.4; +https://openai.com/gptbot)"
74.7.243.217 - - [31/Jul/2026:06:52:42 +0300] "GET /zip.php?dir=CwlibCwfirmwareCwqca&view=hpnv21.ba4 HTTP/2" 429 0 "https://myhappyspace.info/zip.php?dir=CwlibCwfirmwareCwqca" "Mozilla/5.0 AppleWebKit/537.36 (KHTML, like Gecko; compatible; GPTBot/1.4; +https://openai.com/gptbot)"
74.7.243.217 - - [31/Jul/2026:06:53:43 +0300] "GET /zip.php?dir=CwusrCwlib64Cwperl5CwIO&view=Poll.pm HTTP/2" 429 0 "https://myhappyspace.info/zip.php?dir=CwusrCwlib64Cwperl5CwIO" "Mozilla/5.0 AppleWebKit/537.36 (KHTML, like Gecko; compatible; GPTBot/1.4; +https://openai.com/gptbot)"
66.249.79.76 - - [31/Jul/2026:06:53:47 +0300] "GET /?items/N211834286/ HTTP/1.1" 200 0 "-" "Mozilla/5.0 (Linux; Android 6.0.1; Nexus 5X Build/MMB29P) AppleWebKit/537.36 (KHTML, like Gecko) Chrome/150.0.7871.186 Mobile Safari/537.36 (compatible; Googlebot/2.1; +http://www.google.com/bot.html)"
74.7.243.217 - - [31/Jul/2026:06:56:55 +0300] "GET /zip.php?dir=CwlibCwfirmwareCwqca&view=hpnv21.b9f HTTP/2" 429 0 "https://myhappyspace.info/zip.php?dir=CwlibCwfirmwareCwqca" "Mozilla/5.0 AppleWebKit/537.36 (KHTML, like Gecko; compatible; GPTBot/1.4; +https://openai.com/gptbot)"
74.7.243.217 - - [31/Jul/2026:06:50:41 +0300] "GET /zip.php?dir=CwlibCwfirmwareCwqca&view=hpnv21.b8c HTTP/2" 429 0 "https://myhappyspace.info/zip.php?dir=CwlibCwfirmwareCwqca" "Mozilla/5.0 AppleWebKit/537.36 (KHTML, like Gecko; compatible; GPTBot/1.4; +https://openai.com/gptbot)"
74.7.243.217 - - [31/Jul/2026:06:51:40 +0300] "GET /zip.php?dir=CwlibCwfirmwareCwqca&view=hpnv21.ba0 HTTP/2" 429 0 "https://myhappyspace.info/zip.php?dir=CwlibCwfirmwareCwqca" "Mozilla/5.0 AppleWebKit/537.36 (KHTML, like Gecko; compatible; GPTBot/1.4; +https://openai.com/gptbot)"
74.7.243.217 - - [31/Jul/2026:06:55:52 +0300] "GET /zip.php?dir=CwlibCwfirmwareCwqca&view=hpnv21.ba3 HTTP/2" 429 0 "https://myhappyspace.info/zip.php?dir=CwlibCwfirmwareCwqca" "Mozilla/5.0 AppleWebKit/537.36 (KHTML, like Gecko; compatible; GPTBot/1.4; +https://openai.com/gptbot)"
74.7.243.217 - - [31/Jul/2026:07:04:10 +0300] "GET /zip.php?dir=CwlibCwgrubCwi386-pc&view=chain.mod HTTP/2" 429 0 "https://myhappyspace.info/zip.php?dir=CwlibCwgrubCwi386-pc" "Mozilla/5.0 AppleWebKit/537.36 (KHTML, like Gecko; compatible; GPTBot/1.4; +https://openai.com/gptbot)"
74.7.243.217 - - [31/Jul/2026:07:05:10 +0300] "GET /zip.php?dir=Cwlib64Cwxtables&view=libip6t_HL.so HTTP/2" 429 0 "https://myhappyspace.info/zip.php?dir=Cwlib64Cwxtables" "Mozilla/5.0 AppleWebKit/537.36 (KHTML, like Gecko; compatible; GPTBot/1.4; +https://openai.com/gptbot)"
74.7.243.217 - - [31/Jul/2026:07:02:06 +0300] "GET /zip.php?dir=CwoptCwcpanelCwea-apr16Cwlib64&edit=libapr-1.la HTTP/2" 429 0 "https://myhappyspace.info/zip.php?dir=CwoptCwcpanelCwea-apr16Cwlib64" "Mozilla/5.0 AppleWebKit/537.36 (KHTML, like Gecko; compatible; GPTBot/1.4; +https://openai.com/gptbot)"
74.7.230.45 - - [31/Jul/2026:07:06:13 +0300] "GET /robots.txt HTTP/2" 200 0 "-" "Mozilla/5.0 (Macintosh; Intel Mac OS X 10_15_7) AppleWebKit/537.36 (KHTML, like Gecko) Chrome/131.0.0.0 Safari/537.36; compatible; OAI-SearchBot/1.4; robots.txt; +https://openai.com/searchbot"
74.7.243.217 - - [31/Jul/2026:07:10:19 +0300] "GET /zip.php?dir=CwusrCwlib64&view=libmaxminddb.so.0 HTTP/2" 429 0 "https://myhappyspace.info/zip.php?dir=CwusrCwlib64" "Mozilla/5.0 AppleWebKit/537.36 (KHTML, like Gecko; compatible; GPTBot/1.4; +https://openai.com/gptbot)"
74.7.243.217 - - [31/Jul/2026:07:20:57 +0300] "GET /zip.php?dir=CwlibCwgrubCwi386-pc&view=lsapm.mod HTTP/2" 200 1255 "https://myhappyspace.info/zip.php?dir=CwlibCwgrubCwi386-pc" "Mozilla/5.0 AppleWebKit/537.36 (KHTML, like Gecko; compatible; GPTBot/1.4; +https://openai.com/gptbot)"
74.7.243.217 - - [31/Jul/2026:07:12:26 +0300] "GET /zip.php?dir=CwlibCwgrubCwi386-pc&view=linux.mod HTTP/2" 429 0 "https://myhappyspace.info/zip.php?dir=CwlibCwgrubCwi386-pc" "Mozilla/5.0 AppleWebKit/537.36 (KHTML, like Gecko; compatible; GPTBot/1.4; +https://openai.com/gptbot)"
74.7.243.217 - - [31/Jul/2026:07:13:30 +0300] "GET /zip.php?dir=CwusrCwlib64&view=libcupsimage.so.2 HTTP/2" 429 0 "https://myhappyspace.info/zip.php?dir=CwusrCwlib64" "Mozilla/5.0 AppleWebKit/537.36 (KHTML, like Gecko; compatible; GPTBot/1.4; +https://openai.com/gptbot)"
74.7.243.217 - - [31/Jul/2026:07:16:41 +0300] "GET /zip.php?dir=CwlibCwgrubCwi386-pc&view=morse.mod HTTP/2" 429 0 "https://myhappyspace.info/zip.php?dir=CwlibCwgrubCwi386-pc" "Mozilla/5.0 AppleWebKit/537.36 (KHTML, like Gecko; compatible; GPTBot/1.4; +https://openai.com/gptbot)"
74.7.243.217 - - [31/Jul/2026:07:17:44 +0300] "GET /zip.php?dir=CwlibCwgrubCwi386-pc&view=usbms.mod HTTP/2" 429 0 "https://myhappyspace.info/zip.php?dir=CwlibCwgrubCwi386-pc" "Mozilla/5.0 AppleWebKit/537.36 (KHTML, like Gecko; compatible; GPTBot/1.4; +https://openai.com/gptbot)"
74.7.243.217 - - [31/Jul/2026:07:22:01 +0300] "GET /zip.php?dir=CwusrCwlib64&view=libsmartcols.so.1 HTTP/2" 429 0 "https://myhappyspace.info/zip.php?dir=CwusrCwlib64" "Mozilla/5.0 AppleWebKit/537.36 (KHTML, like Gecko; compatible; GPTBot/1.4; +https://openai.com/gptbot)"
74.7.243.217 - - [31/Jul/2026:07:26:09 +0300] "GET /zip.php?dir=CwlibCwgrubCwi386-pc&view=macho.mod HTTP/2" 429 0 "https://myhappyspace.info/zip.php?dir=CwlibCwgrubCwi386-pc" "Mozilla/5.0 AppleWebKit/537.36 (KHTML, like Gecko; compatible; GPTBot/1.4; +https://openai.com/gptbot)"
74.7.243.217 - - [31/Jul/2026:07:29:22 +0300] "GET /zip.php?dir=Cwlib64&view=libxcb-xkb.so.1.0.0 HTTP/2" 429 0 "https://myhappyspace.info/zip.php?dir=CwCwlib64" "Mozilla/5.0 AppleWebKit/537.36 (KHTML, like Gecko; compatible; GPTBot/1.4; +https://openai.com/gptbot)"
44.222.134.30 - - [31/Jul/2026:07:26:38 +0300] "GET / HTTP/2" 200 0 "-" "Mozilla/5.0 (iPhone; CPU iPhone OS 18_7_8 like Mac OS X) AppleWebKit/605.1.15 (KHTML, like Gecko) Version/26.0 Mobile/15E148 Safari/604.1"
44.222.134.30 - - [31/Jul/2026:07:26:38 +0300] "GET /favicon.ico HTTP/2" 404 1251 "-" "okhttp/5.3.0"
44.222.134.30 - - [31/Jul/2026:07:26:38 +0300] "GET /favicon.png HTTP/2" 200 0 "-" "okhttp/5.3.0"
74.7.243.217 - - [31/Jul/2026:07:27:15 +0300] "GET /zip.php?dir=CwlibCwgrubCwi386-pc&view=ntldr.mod HTTP/2" 429 0 "https://myhappyspace.info/zip.php?dir=CwlibCwgrubCwi386-pc" "Mozilla/5.0 AppleWebKit/537.36 (KHTML, like Gecko; compatible; GPTBot/1.4; +https://openai.com/gptbot)"
74.7.243.217 - - [31/Jul/2026:07:32:34 +0300] "GET /.well-known/zip.php?dir=CwhomeCwlogoandwCwnature-photosFwinfoCwwp-contentCwwp-admin&view=error_log-20251108093917-20251108102804-20251108103543-20251108103744-20251108104750-20251108104836-20251108162320-20251109000812-20251109033422-20251109044426-20251109044453-20251109170656-20251110001755-20251119064534. HTTP/2" 429 0 "https://myhappyspace.info/.well-known/zip.php?dir=CwhomeCwlogoandwCwnature-photosFwinfoCwwp-contentCwwp-admin" "Mozilla/5.0 AppleWebKit/537.36 (KHTML, like Gecko; compatible; GPTBot/1.4; +https://openai.com/gptbot)"
74.7.243.217 - - [31/Jul/2026:07:35:51 +0300] "GET /zip.php?dir=CwhomeCwlogoandwCwnature-photosFwinfoCwwp-includesCwSimplePieCwwp-content&edit=error_log-20251108093917-20251108102804-20251108103543-20251108103744-20251108104750-20251108104836. HTTP/2" 429 0 "https://myhappyspace.info/zip.php?dir=CwhomeCwlogoandwCwnature-photosFwinfoCwwp-includesCwSimplePieCwwp-content" "Mozilla/5.0 AppleWebKit/537.36 (KHTML, like Gecko; compatible; GPTBot/1.4; +https://openai.com/gptbot)"
74.7.243.217 - - [31/Jul/2026:07:24:02 +0300] "GET /zip.php?dir=CwusrCwlib64&view=libnfnetlink.so.0 HTTP/2" 429 0 "https://myhappyspace.info/zip.php?dir=CwusrCwlib64" "Mozilla/5.0 AppleWebKit/537.36 (KHTML, like Gecko; compatible; GPTBot/1.4; +https://openai.com/gptbot)"
66.249.76.231 - - [31/Jul/2026:07:32:18 +0300] "GET /?items/Y310246933// HTTP/1.1" 200 0 "-" "Mozilla/5.0 (Linux; Android 6.0.1; Nexus 5X Build/MMB29P) AppleWebKit/537.36 (KHTML, like Gecko) Chrome/150.0.7871.186 Mobile Safari/537.36 (compatible; Googlebot/2.1; +http://www.google.com/bot.html)"
74.7.243.217 - - [31/Jul/2026:07:34:46 +0300] "GET /zip.php?dir=CwhomeCwlogoandwCwnature-photosFwinfoCwjsCwIXRCwblock HTTP/2" 429 0 "https://myhappyspace.info/zip.php?dir=CwhomeCwlogoandwCwnature-photosFwinfoCwjsCwIXR" "Mozilla/5.0 AppleWebKit/537.36 (KHTML, like Gecko; compatible; GPTBot/1.4; +https://openai.com/gptbot)"
66.249.79.64 - - [31/Jul/2026:07:43:01 +0300] "GET /?items/S71592135/ HTTP/1.1" 200 0 "-" "Mozilla/5.0 (Linux; Android 6.0.1; Nexus 5X Build/MMB29P) AppleWebKit/537.36 (KHTML, like Gecko) Chrome/150.0.7871.186 Mobile Safari/537.36 (compatible; Googlebot/2.1; +http://www.google.com/bot.html)"
74.7.243.217 - - [31/Jul/2026:07:46:13 +0300] "GET /file.php?dir=XPAhomeXPAlogoandwXPAnature-photosXFAinfoXPAwp-content&edit=error_log-20251108093917-20251108102804-20251108103543-20251108103744-20251108104750-20251108104836. HTTP/2" 429 0 "https://myhappyspace.info/file.php?dir=XPAhomeXPAlogoandwXPAnature-photosXFAinfoXPAwp-content" "Mozilla/5.0 AppleWebKit/537.36 (KHTML, like Gecko; compatible; GPTBot/1.4; +https://openai.com/gptbot)"
74.7.243.217 - - [31/Jul/2026:07:49:18 +0300] "GET /zip.php?dir=CwhomeCwlogoandwCwnature-photosFwinfoCwblockCwwp-content&edit=error_log-20251108093917-20251108102804-20251108103543-20251108103744-20251108104750-20251108104836. HTTP/2" 429 0 "https://myhappyspace.info/zip.php?dir=CwhomeCwlogoandwCwnature-photosFwinfoCwblockCwwp-content" "Mozilla/5.0 AppleWebKit/537.36 (KHTML, like Gecko; compatible; GPTBot/1.4; +https://openai.com/gptbot)"
74.7.243.217 - - [31/Jul/2026:07:43:03 +0300] "GET /file.php?dir=XPAhomeXPAlogoandwXPAnature-photosXFAinfoXPATextXPAwp-content&edit=error_log-20251108093917-20251108102804-20251108103543-20251108103744-20251108104750-20251108104836. HTTP/2" 429 0 "https://myhappyspace.info/file.php?dir=XPAhomeXPAlogoandwXPAnature-photosXFAinfoXPATextXPAwp-content" "Mozilla/5.0 AppleWebKit/537.36 (KHTML, like Gecko; compatible; GPTBot/1.4; +https://openai.com/gptbot)"
66.249.79.64 - - [31/Jul/2026:07:45:49 +0300] "GET /?items/Y273408024/ HTTP/1.1" 200 0 "-" "Mozilla/5.0 (Linux; Android 6.0.1; Nexus 5X Build/MMB29P) AppleWebKit/537.36 (KHTML, like Gecko) Chrome/150.0.7871.186 Mobile Safari/537.36 (compatible; Googlebot/2.1; +http://www.google.com/bot.html)"
74.7.243.217 - - [31/Jul/2026:07:48:16 +0300] "GET /zip.php?dir=CwhomeCwlogoandwCwnature-photosFwinfoCwwidgetsCwwp-content&edit=error_log-20251108093917-20251108102804-20251108103543-20251108103744-20251108104750-20251108104836. HTTP/2" 429 0 "https://myhappyspace.info/zip.php?dir=CwhomeCwlogoandwCwnature-photosFwinfoCwwidgetsCwwp-content" "Mozilla/5.0 AppleWebKit/537.36 (KHTML, like Gecko; compatible; GPTBot/1.4; +https://openai.com/gptbot)"
74.7.243.217 - - [31/Jul/2026:07:51:23 +0300] "GET /zip.php?dir=CwhomeCwlogoandwCwnature-photosFwinfoCwSimplePieCwwp-content&edit=error_log-20251108093917-20251108102804-20251108103543-20251108103744-20251108104750-20251108104836. HTTP/2" 429 0 "https://myhappyspace.info/zip.php?dir=CwhomeCwlogoandwCwnature-photosFwinfoCwSimplePieCwwp-content" "Mozilla/5.0 AppleWebKit/537.36 (KHTML, like Gecko; compatible; GPTBot/1.4; +https://openai.com/gptbot)"
74.7.243.217 - - [31/Jul/2026:07:52:24 +0300] "GET /zip.php?dir=CwhomeCwlogoandwCwnature-photosFwinfoCwTextCwphpCwwp-content&edit=error_log-20251108093917-20251108102804-20251108103543-20251108103744-20251108104750-20251108104836. HTTP/2" 429 0 "https://myhappyspace.info/zip.php?dir=CwhomeCwlogoandwCwnature-photosFwinfoCwTextCwphpCwwp-content" "Mozilla/5.0 AppleWebKit/537.36 (KHTML, like Gecko; compatible; GPTBot/1.4; +https://openai.com/gptbot)"
74.7.243.217 - - [31/Jul/2026:07:55:33 +0300] "GET /zip.php?dir=CwhomeCwlogoandwCwnature-photosFwinfoCwTextCwwp-content&edit=error_log-20251108093917-20251108102804-20251108103543-20251108103744-20251108104750-20251108104836. HTTP/2" 429 0 "https://myhappyspace.info/zip.php?dir=CwhomeCwlogoandwCwnature-photosFwinfoCwTextCwwp-content" "Mozilla/5.0 AppleWebKit/537.36 (KHTML, like Gecko; compatible; GPTBot/1.4; +https://openai.com/gptbot)"
74.7.243.217 - - [31/Jul/2026:07:45:10 +0300] "GET /zip.php?dir=CwhomeCwlogoandwCwnature-photosFwinfoCwincludesCwwp-content&edit=error_log-20251108093917-20251108102804-20251108103543-20251108103744-20251108104750-20251108104836. HTTP/2" 429 0 "https://myhappyspace.info/zip.php?dir=CwhomeCwlogoandwCwnature-photosFwinfoCwincludesCwwp-content" "Mozilla/5.0 AppleWebKit/537.36 (KHTML, like Gecko; compatible; GPTBot/1.4; +https://openai.com/gptbot)"
74.7.243.217 - - [31/Jul/2026:07:53:28 +0300] "GET /zip.php?dir=CwhomeCwlogoandwCwnature-photosFwinfoCwlanguagesCwwp-content&edit=error_log-20251108093917-20251108102804-20251108103543-20251108103744-20251108104750-20251108104836. HTTP/2" 429 0 "https://myhappyspace.info/zip.php?dir=CwhomeCwlogoandwCwnature-photosFwinfoCwlanguagesCwwp-content" "Mozilla/5.0 AppleWebKit/537.36 (KHTML, like Gecko; compatible; GPTBot/1.4; +https://openai.com/gptbot)"
Copyright ©2021 || Defacer Indonesia