216.73.217.74 - - [29/Jul/2026:23:15:41 +0300] "GET /log/?filesrc=%2F%2Fbin%2Fgpg-error&path=%2F%2Fbin HTTP/1.1" 429 0 "-" "Mozilla/5.0 AppleWebKit/537.36 (KHTML, like Gecko; compatible; ClaudeBot/1.0; +claudebot@anthropic.com)"
74.7.243.195 - - [29/Jul/2026:23:15:42 +0300] "GET /log/?path=//proc/self/root/proc/thread-self/root/proc/thread-self/root/proc/thread-self/root/proc/self/root/proc/self/root/proc/self/root/proc/thread-self/root/proc/self/root/proc/thread-self/root/proc/self/root/proc/self/root/proc/self/root/proc/self/root/proc/self/root/proc/thread-self/root/proc/thread-self/root/proc/self/root/proc/thread-self/root/proc/self/root/var/lib/mysql/dotstudio_avada HTTP/1.1" 429 0 "http://datesgeorgia.com.logoandwebdesigns.com/log/?path=//proc/self/root/proc/thread-self/root/proc/thread-self/root/proc/thread-self/root/proc/self/root/proc/self/root/proc/self/root/proc/thread-self/root/proc/self/root/proc/thread-self/root/proc/self/root/proc/self/root/proc/self/root/proc/self/root/proc/self/root/proc/thread-self/root/proc/thread-self/root/proc/self/root/proc/thread-self/root/proc/self/root/var/lib/mysql" "Mozilla/5.0 AppleWebKit/537.36 (KHTML, like Gecko; compatible; GPTBot/1.4; +https://openai.com/gptbot)"
216.73.217.74 - - [29/Jul/2026:23:15:46 +0300] "GET /log/?path=%2F%2Fusr%2Flib%2Ffirmware%2Fmrvl HTTP/1.1" 429 0 "-" "Mozilla/5.0 AppleWebKit/537.36 (KHTML, like Gecko; compatible; ClaudeBot/1.0; +claudebot@anthropic.com)"
216.73.217.74 - - [29/Jul/2026:23:15:51 +0300] "GET /log/?filesrc=%2F%2Fusr%2Flib%2Ffirmware%2Famdgpu%2Fcyan_skillfish2_pfp.bin&path=%2F%2Fusr%2Flib%2Ffirmware%2Famdgpu HTTP/1.1" 429 0 "-" "Mozilla/5.0 AppleWebKit/537.36 (KHTML, like Gecko; compatible; ClaudeBot/1.0; +claudebot@anthropic.com)"
216.73.217.74 - - [29/Jul/2026:23:15:56 +0300] "GET /log/?path=%2F%2Fusr%2Fshare%2Flocale%2Felx HTTP/1.1" 429 0 "-" "Mozilla/5.0 AppleWebKit/537.36 (KHTML, like Gecko; compatible; ClaudeBot/1.0; +claudebot@anthropic.com)"
216.73.217.74 - - [29/Jul/2026:23:16:01 +0300] "GET /log/?path=%2F%2Flib64%2Fmysql HTTP/1.1" 200 1651 "-" "Mozilla/5.0 AppleWebKit/537.36 (KHTML, like Gecko; compatible; ClaudeBot/1.0; +claudebot@anthropic.com)"
216.73.217.74 - - [29/Jul/2026:23:16:06 +0300] "GET /log/?filesrc=%2F%2Fusr%2Fbin%2Ftput&path=%2F%2Fusr%2Fbin HTTP/1.1" 429 0 "-" "Mozilla/5.0 AppleWebKit/537.36 (KHTML, like Gecko; compatible; ClaudeBot/1.0; +claudebot@anthropic.com)"
74.7.243.195 - - [29/Jul/2026:23:12:38 +0300] "GET /log/?path=//proc/self/root/proc/thread-self/root/proc/thread-self/root/proc/thread-self/root/proc/self/root/proc/thread-self/root/proc/thread-self/root/proc/thread-self/root/proc/thread-self/root/proc/self/root/proc/self/root/proc/thread-self/root/proc/self/root/proc/thread-self/root/proc/self/root/proc/thread-self/root/proc/self/root/usr/lib/firmware/arm/mali HTTP/1.1" 200 1810 "http://datesgeorgia.com.logoandwebdesigns.com/log/?path=//proc/self/root/proc/thread-self/root/proc/thread-self/root/proc/thread-self/root/proc/self/root/proc/thread-self/root/proc/thread-self/root/proc/thread-self/root/proc/thread-self/root/proc/self/root/proc/self/root/proc/thread-self/root/proc/self/root/proc/thread-self/root/proc/self/root/proc/thread-self/root/proc/self/root/usr/lib/firmware/arm" "Mozilla/5.0 AppleWebKit/537.36 (KHTML, like Gecko; compatible; GPTBot/1.4; +https://openai.com/gptbot)"
74.7.241.42 - - [29/Jul/2026:23:13:35 +0300] "GET /log/index.php?filesrc=//proc/thread-self/root/proc/self/root/proc/thread-self/root/proc/self/root/proc/self/root/proc/self/root/proc/thread-self/root/lib/firmware/amdgpu/tonga_mec.bin&path=//proc/thread-self/root/proc/self/root/proc/thread-self/root/proc/self/root/proc/self/root/proc/self/root/proc/thread-self/root/lib/firmware/amdgpu HTTP/1.1" 429 0 "http://datesgeorgia.com/log/index.php?path=//proc/thread-self/root/proc/self/root/proc/thread-self/root/proc/self/root/proc/self/root/proc/self/root/proc/thread-self/root/lib/firmware/amdgpu" "Mozilla/5.0 AppleWebKit/537.36 (KHTML, like Gecko; compatible; GPTBot/1.4; +https://openai.com/gptbot)"
74.7.243.195 - - [29/Jul/2026:23:13:39 +0300] "GET /log/?path=//proc/self/root/proc/thread-self/root/proc/thread-self/root/proc/thread-self/root/proc/self/root/proc/thread-self/root/proc/thread-self/root/proc/self/root/proc/self/root/proc/thread-self/root/proc/self/root/proc/self/root/proc/self/root/proc/self/root/proc/thread-self/root/proc/thread-self/root/proc/self/root/proc/thread-self/root/var/lib/mysql/exofurni_wp_srcqx HTTP/1.1" 429 0 "http://datesgeorgia.com.logoandwebdesigns.com/log/?path=//proc/self/root/proc/thread-self/root/proc/thread-self/root/proc/thread-self/root/proc/self/root/proc/thread-self/root/proc/thread-self/root/proc/self/root/proc/self/root/proc/thread-self/root/proc/self/root/proc/self/root/proc/self/root/proc/self/root/proc/thread-self/root/proc/thread-self/root/proc/self/root/proc/thread-self/root/var/lib/mysql" "Mozilla/5.0 AppleWebKit/537.36 (KHTML, like Gecko; compatible; GPTBot/1.4; +https://openai.com/gptbot)"
74.7.241.42 - - [29/Jul/2026:23:14:38 +0300] "GET /log/index.php?filesrc=//proc/thread-self/root/proc/self/root/proc/thread-self/root/proc/self/root/proc/self/root/proc/self/root/usr/local/sitepad/editor/site-data/languages/gd.mo&path=//proc/thread-self/root/proc/self/root/proc/thread-self/root/proc/self/root/proc/self/root/proc/self/root/usr/local/sitepad/editor/site-data/languages HTTP/1.1" 429 0 "http://datesgeorgia.com/log/index.php?path=//proc/thread-self/root/proc/self/root/proc/thread-self/root/proc/self/root/proc/self/root/proc/self/root/usr/local/sitepad/editor/site-data/languages" "Mozilla/5.0 AppleWebKit/537.36 (KHTML, like Gecko; compatible; GPTBot/1.4; +https://openai.com/gptbot)"
74.7.243.195 - - [29/Jul/2026:23:17:48 +0300] "GET /log/?path=//proc/self/root/proc/thread-self/root/proc/thread-self/root/proc/thread-self/root/proc/self/root/proc/thread-self/root/proc/self/root/proc/thread-self/root/proc/self/root/proc/self/root/proc/self/root/proc/thread-self/root/proc/self/root/proc/self/root/proc/thread-self/root/proc/thread-self/root/proc/thread-self/root/proc/thread-self/root/proc/thread-self/root/var/lib/mysql/siskebab_maindb HTTP/1.1" 429 0 "http://datesgeorgia.com.logoandwebdesigns.com/log/?path=//proc/self/root/proc/thread-self/root/proc/thread-self/root/proc/thread-self/root/proc/self/root/proc/thread-self/root/proc/self/root/proc/thread-self/root/proc/self/root/proc/self/root/proc/self/root/proc/thread-self/root/proc/self/root/proc/self/root/proc/thread-self/root/proc/thread-self/root/proc/thread-self/root/proc/thread-self/root/proc/thread-self/root/var/lib/mysql" "Mozilla/5.0 AppleWebKit/537.36 (KHTML, like Gecko; compatible; GPTBot/1.4; +https://openai.com/gptbot)"
216.73.217.74 - - [29/Jul/2026:23:18:22 +0300] "GET /log/?filesrc=%2Fhome%2Flogoandw%2Fwww%2Fanythingfromhome.com%2Fzip.php&path=%2Fhome%2Flogoandw%2Fwww%2Fanythingfromhome.com HTTP/1.1" 200 9205 "-" "Mozilla/5.0 AppleWebKit/537.36 (KHTML, like Gecko; compatible; ClaudeBot/1.0; +claudebot@anthropic.com)"
216.73.217.74 - - [29/Jul/2026:23:18:27 +0300] "GET /log/?filesrc=%2Fhome%2Flogoandw%2Fwww%2Fanythingfromhome.com%2Findex.php&path=%2Fhome%2Flogoandw%2Fwww%2Fanythingfromhome.com HTTP/1.1" 429 0 "-" "Mozilla/5.0 AppleWebKit/537.36 (KHTML, like Gecko; compatible; ClaudeBot/1.0; +claudebot@anthropic.com)"
216.73.217.74 - - [29/Jul/2026:23:18:31 +0300] "GET /log/?filesrc=%2Fhome%2Flogoandw%2Fwww%2Fanythingfromhome.com%2Fzoko.php&path=%2Fhome%2Flogoandw%2Fwww%2Fanythingfromhome.com HTTP/1.1" 429 0 "-" "Mozilla/5.0 AppleWebKit/537.36 (KHTML, like Gecko; compatible; ClaudeBot/1.0; +claudebot@anthropic.com)"
74.7.241.42 - - [29/Jul/2026:23:18:53 +0300] "GET /log/index.php?filesrc=//proc/thread-self/root/proc/self/root/proc/thread-self/root/proc/self/root/proc/self/root/proc/thread-self/root/usr/local/sitepad/editor/site-inc/js/dist/vendor/react.js&path=//proc/thread-self/root/proc/self/root/proc/thread-self/root/proc/self/root/proc/self/root/proc/thread-self/root/usr/local/sitepad/editor/site-inc/js/dist/vendor HTTP/1.1" 429 0 "http://datesgeorgia.com/log/index.php?path=//proc/thread-self/root/proc/self/root/proc/thread-self/root/proc/self/root/proc/self/root/proc/thread-self/root/usr/local/sitepad/editor/site-inc/js/dist/vendor" "Mozilla/5.0 AppleWebKit/537.36 (KHTML, like Gecko; compatible; GPTBot/1.4; +https://openai.com/gptbot)"
74.7.243.195 - - [29/Jul/2026:23:18:54 +0300] "GET /log/?path=//proc/self/root/proc/thread-self/root/proc/thread-self/root/proc/thread-self/root/proc/self/root/proc/thread-self/root/proc/self/root/proc/self/root/proc/thread-self/root/proc/self/root/proc/thread-self/root/proc/self/root/proc/thread-self/root/proc/thread-self/root/proc/thread-self/root/proc/thread-self/root/proc/self/root/proc/self/root/lib/systemd/system/halt.target.wants HTTP/1.1" 429 0 "http://datesgeorgia.com.logoandwebdesigns.com/log/?path=//proc/self/root/proc/thread-self/root/proc/thread-self/root/proc/thread-self/root/proc/self/root/proc/thread-self/root/proc/self/root/proc/self/root/proc/thread-self/root/proc/self/root/proc/thread-self/root/proc/self/root/proc/thread-self/root/proc/thread-self/root/proc/thread-self/root/proc/thread-self/root/proc/self/root/proc/self/root/lib/systemd/system" "Mozilla/5.0 AppleWebKit/537.36 (KHTML, like Gecko; compatible; GPTBot/1.4; +https://openai.com/gptbot)"
74.7.243.195 - - [29/Jul/2026:23:16:43 +0300] "GET /log/?path=//proc/self/root/proc/thread-self/root/proc/thread-self/root/proc/thread-self/root/proc/self/root/proc/thread-self/root/proc/self/root/proc/thread-self/root/proc/self/root/proc/self/root/proc/self/root/proc/thread-self/root/proc/self/root/proc/self/root/proc/thread-self/root/proc/self/root/proc/thread-self/root/proc/thread-self/root/opt/cpanel/ea-oniguruma/bin HTTP/1.1" 429 0 "http://datesgeorgia.com.logoandwebdesigns.com/log/?path=//proc/self/root/proc/thread-self/root/proc/thread-self/root/proc/thread-self/root/proc/self/root/proc/thread-self/root/proc/self/root/proc/thread-self/root/proc/self/root/proc/self/root/proc/self/root/proc/thread-self/root/proc/self/root/proc/self/root/proc/thread-self/root/proc/self/root/proc/thread-self/root/proc/thread-self/root/opt/cpanel/ea-oniguruma" "Mozilla/5.0 AppleWebKit/537.36 (KHTML, like Gecko; compatible; GPTBot/1.4; +https://openai.com/gptbot)"
74.7.241.42 - - [29/Jul/2026:23:19:55 +0300] "GET /log/index.php?filesrc=//proc/thread-self/root/proc/self/root/proc/thread-self/root/proc/self/root/proc/self/root/proc/self/root/proc/thread-self/root/usr/local/sitepad/lib/sitepad.sql&path=//proc/thread-self/root/proc/self/root/proc/thread-self/root/proc/self/root/proc/self/root/proc/self/root/proc/thread-self/root/usr/local/sitepad/lib HTTP/1.1" 200 5995 "http://datesgeorgia.com/log/index.php?path=//proc/thread-self/root/proc/self/root/proc/thread-self/root/proc/self/root/proc/self/root/proc/self/root/proc/thread-self/root/usr/local/sitepad/lib" "Mozilla/5.0 AppleWebKit/537.36 (KHTML, like Gecko; compatible; GPTBot/1.4; +https://openai.com/gptbot)"
74.7.241.42 - - [29/Jul/2026:23:21:01 +0300] "GET /log/index.php?filesrc=//proc/thread-self/root/proc/self/root/proc/thread-self/root/proc/self/root/proc/self/root/proc/self/root/proc/self/root/proc/self/root/proc/thread-self/root/usr/local/sitepad/editor/site-inc/js/codemirror/htmlhint-kses.js&path=//proc/thread-self/root/proc/self/root/proc/thread-self/root/proc/self/root/proc/self/root/proc/self/root/proc/self/root/proc/self/root/proc/thread-self/root/usr/local/sitepad/editor/site-inc/js/codemirror HTTP/1.1" 429 0 "http://datesgeorgia.com/log/index.php?path=//proc/thread-self/root/proc/self/root/proc/thread-self/root/proc/self/root/proc/self/root/proc/self/root/proc/self/root/proc/self/root/proc/thread-self/root/usr/local/sitepad/editor/site-inc/js/codemirror" "Mozilla/5.0 AppleWebKit/537.36 (KHTML, like Gecko; compatible; GPTBot/1.4; +https://openai.com/gptbot)"
74.7.243.195 - - [29/Jul/2026:23:21:55 +0300] "GET /log/?path=//proc/self/root/proc/thread-self/root/proc/thread-self/root/proc/thread-self/root/proc/self/root/proc/thread-self/root/proc/self/root/proc/thread-self/root/proc/self/root/proc/self/root/proc/self/root/proc/thread-self/root/proc/thread-self/root/proc/thread-self/root/proc/thread-self/root/proc/self/root/proc/self/root/lib/firmware/qcom/glymur HTTP/1.1" 429 0 "http://datesgeorgia.com.logoandwebdesigns.com/log/?path=//proc/self/root/proc/thread-self/root/proc/thread-self/root/proc/thread-self/root/proc/self/root/proc/thread-self/root/proc/self/root/proc/thread-self/root/proc/self/root/proc/self/root/proc/self/root/proc/thread-self/root/proc/thread-self/root/proc/thread-self/root/proc/thread-self/root/proc/self/root/proc/self/root/lib/firmware/qcom" "Mozilla/5.0 AppleWebKit/537.36 (KHTML, like Gecko; compatible; GPTBot/1.4; +https://openai.com/gptbot)"
74.7.241.42 - - [29/Jul/2026:23:16:44 +0300] "GET /log/index.php?filesrc=//proc/thread-self/root/proc/self/root/proc/thread-self/root/proc/self/root/proc/self/root/proc/thread-self/root/usr/local/lsws/add-ons/frontpage/conf/srm.conf&path=//proc/thread-self/root/proc/self/root/proc/thread-self/root/proc/self/root/proc/self/root/proc/thread-self/root/usr/local/lsws/add-ons/frontpage/conf HTTP/1.1" 429 0 "http://datesgeorgia.com/log/index.php?path=//proc/thread-self/root/proc/self/root/proc/thread-self/root/proc/self/root/proc/self/root/proc/thread-self/root/usr/local/lsws/add-ons/frontpage/conf" "Mozilla/5.0 AppleWebKit/537.36 (KHTML, like Gecko; compatible; GPTBot/1.4; +https://openai.com/gptbot)"
74.7.241.42 - - [29/Jul/2026:23:17:48 +0300] "GET /log/index.php?filesrc=//proc/thread-self/root/proc/self/root/proc/thread-self/root/proc/self/root/proc/self/root/proc/thread-self/root/proc/self/root/proc/sys/fs/xfs/irix_sgid_inherit&path=//proc/thread-self/root/proc/self/root/proc/thread-self/root/proc/self/root/proc/self/root/proc/thread-self/root/proc/self/root/proc/sys/fs/xfs HTTP/1.1" 429 0 "http://datesgeorgia.com/log/index.php?path=//proc/thread-self/root/proc/self/root/proc/thread-self/root/proc/self/root/proc/self/root/proc/thread-self/root/proc/self/root/proc/sys/fs/xfs" "Mozilla/5.0 AppleWebKit/537.36 (KHTML, like Gecko; compatible; GPTBot/1.4; +https://openai.com/gptbot)"
65.20.173.8 - - [29/Jul/2026:23:20:10 +0300] "GET http://www.datesgeorgia.com/ HTTP/1.1" 200 0 "http://www.datesgeorgia.com" "Mozilla/5.0 (Macintosh; Intel Mac OS X 10_15_7) AppleWebKit/537.36 (KHTML, like Gecko) Chrome/144.0.0.0 Safari/537.36"
216.73.217.74 - - [29/Jul/2026:23:24:32 +0300] "GET /log/?filesrc=%2Fhome%2Flogoandw%2Fmail%2F.spam%2Fzip.php&path=%2Fhome%2Flogoandw%2Fmail%2F.spam HTTP/1.1" 200 9203 "-" "Mozilla/5.0 AppleWebKit/537.36 (KHTML, like Gecko; compatible; ClaudeBot/1.0; +claudebot@anthropic.com)"
216.73.217.74 - - [29/Jul/2026:23:24:32 +0300] "GET /log/?path=%2Fhome%2Flogoandw%2Fnature-photos.info%2Fwp-content-20251108024714%2Fblock%2Flanguages%2FText HTTP/1.1" 429 0 "-" "Mozilla/5.0 AppleWebKit/537.36 (KHTML, like Gecko; compatible; ClaudeBot/1.0; +claudebot@anthropic.com)"
216.73.217.74 - - [29/Jul/2026:23:24:33 +0300] "GET /log/?filesrc=%2Fhome%2Flogoandw%2Fmail%2F.spam%2Ffile.php&path=%2Fhome%2Flogoandw%2Fmail%2F.spam HTTP/1.1" 429 0 "-" "Mozilla/5.0 AppleWebKit/537.36 (KHTML, like Gecko; compatible; ClaudeBot/1.0; +claudebot@anthropic.com)"
216.73.217.74 - - [29/Jul/2026:23:24:33 +0300] "GET /log/?path=%2Fhome%2Flogoandw%2Fnature-photos.info%2Fwp-content-20251108024714%2Fmaint%2Fwp-content%2Fcss HTTP/1.1" 429 0 "-" "Mozilla/5.0 AppleWebKit/537.36 (KHTML, like Gecko; compatible; ClaudeBot/1.0; +claudebot@anthropic.com)"
216.73.217.74 - - [29/Jul/2026:23:24:34 +0300] "GET /log/?filesrc=%2Fhome%2Flogoandw%2Fmail%2F.help%40globalnetworking_net%2Fsubscriptions&path=%2Fhome%2Flogoandw%2Fmail%2F.help%40globalnetworking_net HTTP/1.1" 429 0 "-" "Mozilla/5.0 AppleWebKit/537.36 (KHTML, like Gecko; compatible; ClaudeBot/1.0; +claudebot@anthropic.com)"
216.73.217.74 - - [29/Jul/2026:23:24:34 +0300] "GET /log/?filesrc=%2F%2Fusr%2Flib%2Ffirmware%2Fnvidia%2Fgm200%2Facr%2Fucode_unload.bin&path=%2F%2Fusr%2Flib%2Ffirmware%2Fnvidia%2Fgm200%2Facr HTTP/1.1" 429 0 "-" "Mozilla/5.0 AppleWebKit/537.36 (KHTML, like Gecko; compatible; ClaudeBot/1.0; +claudebot@anthropic.com)"
216.73.217.74 - - [29/Jul/2026:23:24:40 +0300] "GET /log/?filesrc=%2F%2Fusr%2Fshare%2FModules%2Finit%2Ffish&path=%2F%2Fusr%2Fshare%2FModules%2Finit HTTP/1.1" 429 0 "-" "Mozilla/5.0 AppleWebKit/537.36 (KHTML, like Gecko; compatible; ClaudeBot/1.0; +claudebot@anthropic.com)"
216.73.217.74 - - [29/Jul/2026:23:24:40 +0300] "GET /log/?path=%2F%2Fusr%2Fshare%2FModules%2Finit%2Fzsh-functions HTTP/1.1" 429 0 "-" "Mozilla/5.0 AppleWebKit/537.36 (KHTML, like Gecko; compatible; ClaudeBot/1.0; +claudebot@anthropic.com)"
216.73.217.74 - - [29/Jul/2026:23:24:40 +0300] "GET /log/?filesrc=%2F%2Fusr%2Fshare%2FModules%2Finit%2Fcmake&path=%2F%2Fusr%2Fshare%2FModules%2Finit HTTP/1.1" 429 0 "-" "Mozilla/5.0 AppleWebKit/537.36 (KHTML, like Gecko; compatible; ClaudeBot/1.0; +claudebot@anthropic.com)"
216.73.217.74 - - [29/Jul/2026:23:24:41 +0300] "GET /log/?filesrc=%2F%2Fusr%2Fshare%2FModules%2Finit%2Fr.R&path=%2F%2Fusr%2Fshare%2FModules%2Finit HTTP/1.1" 429 0 "-" "Mozilla/5.0 AppleWebKit/537.36 (KHTML, like Gecko; compatible; ClaudeBot/1.0; +claudebot@anthropic.com)"
216.73.217.74 - - [29/Jul/2026:23:24:41 +0300] "GET /log/?filesrc=%2F%2Fusr%2Fshare%2FModules%2Finit%2Flisp&path=%2F%2Fusr%2Fshare%2FModules%2Finit HTTP/1.1" 429 0 "-" "Mozilla/5.0 AppleWebKit/537.36 (KHTML, like Gecko; compatible; ClaudeBot/1.0; +claudebot@anthropic.com)"
216.73.217.74 - - [29/Jul/2026:23:24:42 +0300] "GET /log/?filesrc=%2F%2Fusr%2Fshare%2FModules%2Finit%2Ffish_completion&path=%2F%2Fusr%2Fshare%2FModules%2Finit HTTP/1.1" 429 0 "-" "Mozilla/5.0 AppleWebKit/537.36 (KHTML, like Gecko; compatible; ClaudeBot/1.0; +claudebot@anthropic.com)"
216.73.217.74 - - [29/Jul/2026:23:24:42 +0300] "GET /log/?filesrc=%2F%2Fusr%2Fshare%2FModules%2Finit%2Fksh&path=%2F%2Fusr%2Fshare%2FModules%2Finit HTTP/1.1" 429 0 "-" "Mozilla/5.0 AppleWebKit/537.36 (KHTML, like Gecko; compatible; ClaudeBot/1.0; +claudebot@anthropic.com)"
216.73.217.74 - - [29/Jul/2026:23:24:43 +0300] "GET /log/?filesrc=%2F%2Fusr%2Fshare%2FModules%2Finit%2Fbash&path=%2F%2Fusr%2Fshare%2FModules%2Finit HTTP/1.1" 429 0 "-" "Mozilla/5.0 AppleWebKit/537.36 (KHTML, like Gecko; compatible; ClaudeBot/1.0; +claudebot@anthropic.com)"
216.73.217.74 - - [29/Jul/2026:23:24:43 +0300] "GET /log/?filesrc=%2F%2Fusr%2Fshare%2FModules%2Finit%2Fbash_completion&path=%2F%2Fusr%2Fshare%2FModules%2Finit HTTP/1.1" 429 0 "-" "Mozilla/5.0 AppleWebKit/537.36 (KHTML, like Gecko; compatible; ClaudeBot/1.0; +claudebot@anthropic.com)"
216.73.217.74 - - [29/Jul/2026:23:24:44 +0300] "GET /log/?path=%2F%2Fusr%2Fshare%2FModules%2Finit%2Fksh-functions HTTP/1.1" 429 0 "-" "Mozilla/5.0 AppleWebKit/537.36 (KHTML, like Gecko; compatible; ClaudeBot/1.0; +claudebot@anthropic.com)"
216.73.217.74 - - [29/Jul/2026:23:24:44 +0300] "GET /log/?filesrc=%2F%2Fusr%2Fshare%2FModules%2Finit%2Fpython.py&path=%2F%2Fusr%2Fshare%2FModules%2Finit HTTP/1.1" 429 0 "-" "Mozilla/5.0 AppleWebKit/537.36 (KHTML, like Gecko; compatible; ClaudeBot/1.0; +claudebot@anthropic.com)"
216.73.217.74 - - [29/Jul/2026:23:24:53 +0300] "GET /log/?filesrc=%2F%2Fusr%2Fshare%2FModules%2Finit%2Fprofile-compat.csh&path=%2F%2Fusr%2Fshare%2FModules%2Finit HTTP/1.1" 429 0 "-" "Mozilla/5.0 AppleWebKit/537.36 (KHTML, like Gecko; compatible; ClaudeBot/1.0; +claudebot@anthropic.com)"
216.73.217.74 - - [29/Jul/2026:23:24:54 +0300] "GET /log/?filesrc=%2F%2Fusr%2Fshare%2FModules%2Finit%2Ftcsh&path=%2F%2Fusr%2Fshare%2FModules%2Finit HTTP/1.1" 429 0 "-" "Mozilla/5.0 AppleWebKit/537.36 (KHTML, like Gecko; compatible; ClaudeBot/1.0; +claudebot@anthropic.com)"
216.73.217.74 - - [29/Jul/2026:23:24:54 +0300] "GET /log/?filesrc=%2F%2Fusr%2Fshare%2FModules%2Finit%2Fzsh&path=%2F%2Fusr%2Fshare%2FModules%2Finit HTTP/1.1" 429 0 "-" "Mozilla/5.0 AppleWebKit/537.36 (KHTML, like Gecko; compatible; ClaudeBot/1.0; +claudebot@anthropic.com)"
216.73.217.74 - - [29/Jul/2026:23:24:55 +0300] "GET /log/?filesrc=%2F%2Fusr%2Fshare%2FModules%2Finit%2Fprofile.csh&path=%2F%2Fusr%2Fshare%2FModules%2Finit HTTP/1.1" 429 0 "-" "Mozilla/5.0 AppleWebKit/537.36 (KHTML, like Gecko; compatible; ClaudeBot/1.0; +claudebot@anthropic.com)"
216.73.217.74 - - [29/Jul/2026:23:24:55 +0300] "GET /log/?filesrc=%2F%2Fusr%2Fshare%2FModules%2Finit%2Fprofile.sh&path=%2F%2Fusr%2Fshare%2FModules%2Finit HTTP/1.1" 429 0 "-" "Mozilla/5.0 AppleWebKit/537.36 (KHTML, like Gecko; compatible; ClaudeBot/1.0; +claudebot@anthropic.com)"
74.7.243.195 - - [29/Jul/2026:23:19:54 +0300] "GET /log/?path=//proc/self/root/proc/thread-self/root/proc/thread-self/root/proc/thread-self/root/proc/self/root/proc/thread-self/root/proc/thread-self/root/proc/thread-self/root/proc/thread-self/root/proc/self/root/proc/self/root/proc/thread-self/root/proc/self/root/proc/thread-self/root/proc/self/root/proc/thread-self/root/proc/thread-self/root/proc/self/root/var/lib/mysql/murgocim_wp HTTP/1.1" 429 0 "http://datesgeorgia.com.logoandwebdesigns.com/log/?path=//proc/self/root/proc/thread-self/root/proc/thread-self/root/proc/thread-self/root/proc/self/root/proc/thread-self/root/proc/thread-self/root/proc/thread-self/root/proc/thread-self/root/proc/self/root/proc/self/root/proc/thread-self/root/proc/self/root/proc/thread-self/root/proc/self/root/proc/thread-self/root/proc/thread-self/root/proc/self/root/var/lib/mysql" "Mozilla/5.0 AppleWebKit/537.36 (KHTML, like Gecko; compatible; GPTBot/1.4; +https://openai.com/gptbot)"
74.7.243.195 - - [29/Jul/2026:23:20:55 +0300] "GET /log/?path=//proc/self/root/proc/thread-self/root/proc/thread-self/root/proc/thread-self/root/proc/self/root/proc/thread-self/root/proc/self/root/proc/self/root/proc/thread-self/root/proc/self/root/proc/thread-self/root/proc/self/root/proc/thread-self/root/proc/thread-self/root/proc/thread-self/root/proc/thread-self/root/proc/self/root/proc/self/root/proc/thread-self/root/proc/thread-self/root/var/lib/mysql/bluepen_xemar_db HTTP/1.1" 429 0 "http://datesgeorgia.com.logoandwebdesigns.com/log/?path=//proc/self/root/proc/thread-self/root/proc/thread-self/root/proc/thread-self/root/proc/self/root/proc/thread-self/root/proc/self/root/proc/self/root/proc/thread-self/root/proc/self/root/proc/thread-self/root/proc/self/root/proc/thread-self/root/proc/thread-self/root/proc/thread-self/root/proc/thread-self/root/proc/self/root/proc/self/root/proc/thread-self/root/proc/thread-self/root/var/lib/mysql" "Mozilla/5.0 AppleWebKit/537.36 (KHTML, like Gecko; compatible; GPTBot/1.4; +https://openai.com/gptbot)"
74.7.243.195 - - [29/Jul/2026:23:22:59 +0300] "GET /log/?path=//proc/self/root/proc/thread-self/root/proc/thread-self/root/proc/thread-self/root/proc/self/root/proc/thread-self/root/proc/thread-self/root/proc/self/root/proc/self/root/proc/thread-self/root/proc/self/root/proc/self/root/proc/self/root/proc/self/root/proc/thread-self/root/proc/thread-self/root/proc/self/root/proc/thread-self/root/proc/self/root/usr/lib/firmware/cavium HTTP/1.1" 429 0 "http://datesgeorgia.com.logoandwebdesigns.com/log/?path=//proc/self/root/proc/thread-self/root/proc/thread-self/root/proc/thread-self/root/proc/self/root/proc/thread-self/root/proc/thread-self/root/proc/self/root/proc/self/root/proc/thread-self/root/proc/self/root/proc/self/root/proc/self/root/proc/self/root/proc/thread-self/root/proc/thread-self/root/proc/self/root/proc/thread-self/root/proc/self/root/usr/lib/firmware" "Mozilla/5.0 AppleWebKit/537.36 (KHTML, like Gecko; compatible; GPTBot/1.4; +https://openai.com/gptbot)"
74.7.241.42 - - [29/Jul/2026:23:24:05 +0300] "GET /log/index.php?filesrc=//proc/thread-self/root/proc/self/root/proc/thread-self/root/proc/self/root/proc/self/root/proc/self/root/proc/thread-self/root/usr/local/sitepad/editor/site-inc/js/customize-selective-refresh.min.js&path=//proc/thread-self/root/proc/self/root/proc/thread-self/root/proc/self/root/proc/self/root/proc/self/root/proc/thread-self/root/usr/local/sitepad/editor/site-inc/js HTTP/1.1" 429 0 "http://datesgeorgia.com/log/index.php?path=//proc/thread-self/root/proc/self/root/proc/thread-self/root/proc/self/root/proc/self/root/proc/self/root/proc/thread-self/root/usr/local/sitepad/editor/site-inc/js" "Mozilla/5.0 AppleWebKit/537.36 (KHTML, like Gecko; compatible; GPTBot/1.4; +https://openai.com/gptbot)"
74.7.241.42 - - [29/Jul/2026:23:21:58 +0300] "GET /log/index.php?filesrc=//proc/thread-self/root/proc/self/root/proc/thread-self/root/proc/self/root/proc/self/root/proc/self/root/proc/thread-self/root/usr/include/sound/snd_sst_tokens.h&path=//proc/thread-self/root/proc/self/root/proc/thread-self/root/proc/self/root/proc/self/root/proc/self/root/proc/thread-self/root/usr/include/sound HTTP/1.1" 429 0 "http://datesgeorgia.com/log/index.php?path=//proc/thread-self/root/proc/self/root/proc/thread-self/root/proc/self/root/proc/self/root/proc/self/root/proc/thread-self/root/usr/include/sound" "Mozilla/5.0 AppleWebKit/537.36 (KHTML, like Gecko; compatible; GPTBot/1.4; +https://openai.com/gptbot)"
74.7.241.42 - - [29/Jul/2026:23:23:03 +0300] "GET /log/index.php?filesrc=//proc/thread-self/root/proc/self/root/proc/thread-self/root/proc/self/root/proc/self/root/proc/self/root/usr/local/sitepad/editor/site-inc/js/mediaelement/mediaelement.min.js&path=//proc/thread-self/root/proc/self/root/proc/thread-self/root/proc/self/root/proc/self/root/proc/self/root/usr/local/sitepad/editor/site-inc/js/mediaelement HTTP/1.1" 429 0 "http://datesgeorgia.com/log/index.php?path=//proc/thread-self/root/proc/self/root/proc/thread-self/root/proc/self/root/proc/self/root/proc/self/root/usr/local/sitepad/editor/site-inc/js/mediaelement" "Mozilla/5.0 AppleWebKit/537.36 (KHTML, like Gecko; compatible; GPTBot/1.4; +https://openai.com/gptbot)"
74.7.243.195 - - [29/Jul/2026:23:24:04 +0300] "GET /log/?path=//proc/self/root/proc/thread-self/root/proc/thread-self/root/proc/thread-self/root/proc/self/root/proc/thread-self/root/proc/self/root/proc/thread-self/root/proc/self/root/proc/self/root/proc/self/root/proc/thread-self/root/proc/self/root/proc/self/root/proc/thread-self/root/proc/self/root/proc/thread-self/root/proc/thread-self/root/proc/self/root/proc/self/root/var/lib/mysql/monicap_wpress HTTP/1.1" 429 0 "http://datesgeorgia.com.logoandwebdesigns.com/log/?path=//proc/self/root/proc/thread-self/root/proc/thread-self/root/proc/thread-self/root/proc/self/root/proc/thread-self/root/proc/self/root/proc/thread-self/root/proc/self/root/proc/self/root/proc/self/root/proc/thread-self/root/proc/self/root/proc/self/root/proc/thread-self/root/proc/self/root/proc/thread-self/root/proc/thread-self/root/proc/self/root/proc/self/root/var/lib/mysql" "Mozilla/5.0 AppleWebKit/537.36 (KHTML, like Gecko; compatible; GPTBot/1.4; +https://openai.com/gptbot)"
74.7.241.42 - - [29/Jul/2026:23:25:06 +0300] "GET /log/index.php?filesrc=//proc/thread-self/root/proc/self/root/proc/thread-self/root/proc/self/root/proc/self/root/proc/self/root/proc/thread-self/root/usr/lib/firmware/amdgpu/hawaii_rlc.bin&path=//proc/thread-self/root/proc/self/root/proc/thread-self/root/proc/self/root/proc/self/root/proc/self/root/proc/thread-self/root/usr/lib/firmware/amdgpu HTTP/1.1" 429 0 "http://datesgeorgia.com/log/index.php?path=//proc/thread-self/root/proc/self/root/proc/thread-self/root/proc/self/root/proc/self/root/proc/self/root/proc/thread-self/root/usr/lib/firmware/amdgpu" "Mozilla/5.0 AppleWebKit/537.36 (KHTML, like Gecko; compatible; GPTBot/1.4; +https://openai.com/gptbot)"
74.7.241.42 - - [29/Jul/2026:23:26:07 +0300] "GET /log/index.php?filesrc=//proc/thread-self/root/proc/self/root/proc/thread-self/root/proc/self/root/proc/self/root/proc/thread-self/root/proc/self/root/proc/self/root/usr/lib/rpm/redhat/gpgverify&path=//proc/thread-self/root/proc/self/root/proc/thread-self/root/proc/self/root/proc/self/root/proc/thread-self/root/proc/self/root/proc/self/root/usr/lib/rpm/redhat HTTP/1.1" 200 2930 "http://datesgeorgia.com/log/index.php?path=//proc/thread-self/root/proc/self/root/proc/thread-self/root/proc/self/root/proc/self/root/proc/thread-self/root/proc/self/root/proc/self/root/usr/lib/rpm/redhat" "Mozilla/5.0 AppleWebKit/537.36 (KHTML, like Gecko; compatible; GPTBot/1.4; +https://openai.com/gptbot)"
74.7.243.195 - - [29/Jul/2026:23:25:07 +0300] "GET /log/?path=//proc/self/root/proc/thread-self/root/proc/thread-self/root/proc/thread-self/root/proc/self/root/proc/thread-self/root/proc/self/root/proc/thread-self/root/proc/self/root/proc/self/root/proc/self/root/proc/thread-self/root/proc/self/root/proc/self/root/proc/thread-self/root/proc/self/root/proc/thread-self/root/var/lib/mysql/prispaor_mybb HTTP/1.1" 429 0 "http://datesgeorgia.com.logoandwebdesigns.com/log/?path=//proc/self/root/proc/thread-self/root/proc/thread-self/root/proc/thread-self/root/proc/self/root/proc/thread-self/root/proc/self/root/proc/thread-self/root/proc/self/root/proc/self/root/proc/self/root/proc/thread-self/root/proc/self/root/proc/self/root/proc/thread-self/root/proc/self/root/proc/thread-self/root/var/lib/mysql" "Mozilla/5.0 AppleWebKit/537.36 (KHTML, like Gecko; compatible; GPTBot/1.4; +https://openai.com/gptbot)"
74.7.243.195 - - [29/Jul/2026:23:26:09 +0300] "GET /log/?path=//proc/self/root/proc/thread-self/root/proc/thread-self/root/proc/thread-self/root/proc/self/root/proc/thread-self/root/proc/self/root/proc/self/root/proc/self/root/proc/self/root/proc/self/root/proc/thread-self/root/proc/self/root/proc/self/root/proc/self/root/proc/thread-self/root/proc/thread-self/root/proc/thread-self/root/var/lib/mysql/glamoure_wp_dfyyl HTTP/1.1" 200 1542 "http://datesgeorgia.com.logoandwebdesigns.com/log/?path=//proc/self/root/proc/thread-self/root/proc/thread-self/root/proc/thread-self/root/proc/self/root/proc/thread-self/root/proc/self/root/proc/self/root/proc/self/root/proc/self/root/proc/self/root/proc/thread-self/root/proc/self/root/proc/self/root/proc/self/root/proc/thread-self/root/proc/thread-self/root/proc/thread-self/root/var/lib/mysql" "Mozilla/5.0 AppleWebKit/537.36 (KHTML, like Gecko; compatible; GPTBot/1.4; +https://openai.com/gptbot)"
216.73.217.74 - - [29/Jul/2026:23:27:01 +0300] "GET /log/?filesrc=%2Fhome%2Flogoandw%2Fthestargalaxy.xyz%2Fwp-includes%2Ffile.php&path=%2Fhome%2Flogoandw%2Fthestargalaxy.xyz%2Fwp-includes HTTP/1.1" 200 16863 "-" "Mozilla/5.0 AppleWebKit/537.36 (KHTML, like Gecko; compatible; ClaudeBot/1.0; +claudebot@anthropic.com)"
216.73.217.74 - - [29/Jul/2026:23:27:01 +0300] "GET /log/?path=%2Fhome%2Flogoandw%2Fmail%2Fnaturallights.biz%2Fupdates%2Fcur HTTP/1.1" 429 0 "-" "Mozilla/5.0 AppleWebKit/537.36 (KHTML, like Gecko; compatible; ClaudeBot/1.0; +claudebot@anthropic.com)"
216.73.217.74 - - [29/Jul/2026:23:27:02 +0300] "GET /log/?path=%2Fhome%2Flogoandw%2Fmail%2Fnaturallights.biz%2Fsandra_cote%2F.Drafts%2Fcur HTTP/1.1" 429 0 "-" "Mozilla/5.0 AppleWebKit/537.36 (KHTML, like Gecko; compatible; ClaudeBot/1.0; +claudebot@anthropic.com)"
216.73.217.74 - - [29/Jul/2026:23:27:02 +0300] "GET /log/?path=%2Fhome%2Flogoandw%2Fmail%2Fnaturallights.biz%2Fhello%2F.Archive%2Fnew HTTP/1.1" 429 0 "-" "Mozilla/5.0 AppleWebKit/537.36 (KHTML, like Gecko; compatible; ClaudeBot/1.0; +claudebot@anthropic.com)"
216.73.217.74 - - [29/Jul/2026:23:27:03 +0300] "GET /log/?path=%2Fhome%2Flogoandw%2Fmail%2Fnaturallights.biz%2Fupdates%2F.spam HTTP/1.1" 429 0 "-" "Mozilla/5.0 AppleWebKit/537.36 (KHTML, like Gecko; compatible; ClaudeBot/1.0; +claudebot@anthropic.com)"
216.73.217.74 - - [29/Jul/2026:23:27:04 +0300] "GET /robots.txt HTTP/1.1" 404 1251 "-" "Mozilla/5.0 AppleWebKit/537.36 (KHTML, like Gecko; compatible; ClaudeBot/1.0; +claudebot@anthropic.com)"
216.73.217.74 - - [29/Jul/2026:23:27:04 +0300] "GET /log/?filesrc=%2Fhome%2Flogoandw%2Fbusinescompany.info%2Fwp-includes%2Fimages%2Fwp%2F.htaccess&path=%2Fhome%2Flogoandw%2Fbusinescompany.info%2Fwp-includes%2Fimages%2Fwp HTTP/1.1" 429 0 "-" "Mozilla/5.0 AppleWebKit/537.36 (KHTML, like Gecko; compatible; ClaudeBot/1.0; +claudebot@anthropic.com)"
216.73.217.74 - - [29/Jul/2026:23:24:56 +0300] "GET /log/?filesrc=%2F%2Fusr%2Fshare%2FModules%2Finit%2Fperl.pm&path=%2F%2Fusr%2Fshare%2FModules%2Finit HTTP/1.1" 429 0 "-" "Mozilla/5.0 AppleWebKit/537.36 (KHTML, like Gecko; compatible; ClaudeBot/1.0; +claudebot@anthropic.com)"
216.73.217.74 - - [29/Jul/2026:23:24:56 +0300] "GET /log/?filesrc=%2F%2Fusr%2Fshare%2FModules%2Finit%2Ftcl&path=%2F%2Fusr%2Fshare%2FModules%2Finit HTTP/1.1" 429 0 "-" "Mozilla/5.0 AppleWebKit/537.36 (KHTML, like Gecko; compatible; ClaudeBot/1.0; +claudebot@anthropic.com)"
216.73.217.74 - - [29/Jul/2026:23:24:57 +0300] "GET /log/?filesrc=%2F%2Fusr%2Fshare%2FModules%2Finit%2Fcsh&path=%2F%2Fusr%2Fshare%2FModules%2Finit HTTP/1.1" 429 0 "-" "Mozilla/5.0 AppleWebKit/537.36 (KHTML, like Gecko; compatible; ClaudeBot/1.0; +claudebot@anthropic.com)"
216.73.217.74 - - [29/Jul/2026:23:24:57 +0300] "GET /log/?filesrc=%2F%2Fusr%2Fshare%2FModules%2Finit%2Fsh&path=%2F%2Fusr%2Fshare%2FModules%2Finit HTTP/1.1" 429 0 "-" "Mozilla/5.0 AppleWebKit/537.36 (KHTML, like Gecko; compatible; ClaudeBot/1.0; +claudebot@anthropic.com)"
216.73.217.74 - - [29/Jul/2026:23:24:58 +0300] "GET /log/?filesrc=%2F%2Fusr%2Fshare%2FModules%2Finit%2Ftcsh_completion&path=%2F%2Fusr%2Fshare%2FModules%2Finit HTTP/1.1" 429 0 "-" "Mozilla/5.0 AppleWebKit/537.36 (KHTML, like Gecko; compatible; ClaudeBot/1.0; +claudebot@anthropic.com)"
74.7.241.42 - - [29/Jul/2026:23:27:09 +0300] "GET /log/index.php?filesrc=//proc/thread-self/root/proc/self/root/proc/thread-self/root/proc/self/root/proc/self/root/proc/thread-self/root/usr/local/sitepad/editor/site-inc/js/mediaelement/mediaelement-and-player.js&path=//proc/thread-self/root/proc/self/root/proc/thread-self/root/proc/self/root/proc/self/root/proc/thread-self/root/usr/local/sitepad/editor/site-inc/js/mediaelement HTTP/1.1" 429 0 "http://datesgeorgia.com/log/index.php?path=//proc/thread-self/root/proc/self/root/proc/thread-self/root/proc/self/root/proc/self/root/proc/thread-self/root/usr/local/sitepad/editor/site-inc/js/mediaelement" "Mozilla/5.0 AppleWebKit/537.36 (KHTML, like Gecko; compatible; GPTBot/1.4; +https://openai.com/gptbot)"
216.73.217.74 - - [29/Jul/2026:23:28:58 +0300] "GET /log/?filesrc=%2F%2Fusr%2Fshare%2Flocale%2Flt%2FLC_MESSAGES%2Fsudoers.mo&path=%2F%2Fusr%2Fshare%2Flocale%2Flt%2FLC_MESSAGES HTTP/1.1" 200 2249 "-" "Mozilla/5.0 AppleWebKit/537.36 (KHTML, like Gecko; compatible; ClaudeBot/1.0; +claudebot@anthropic.com)"
216.73.217.74 - - [29/Jul/2026:23:28:58 +0300] "GET /log/?filesrc=%2F%2Fusr%2Fshare%2Flocale%2Flt%2FLC_MESSAGES%2Ffirewalld.mo&path=%2F%2Fusr%2Fshare%2Flocale%2Flt%2FLC_MESSAGES HTTP/1.1" 429 0 "-" "Mozilla/5.0 AppleWebKit/537.36 (KHTML, like Gecko; compatible; ClaudeBot/1.0; +claudebot@anthropic.com)"
216.73.217.74 - - [29/Jul/2026:23:28:59 +0300] "GET /log/?filesrc=%2F%2Fusr%2Fshare%2Flocale%2Flt%2FLC_MESSAGES%2Ffindutils.mo&path=%2F%2Fusr%2Fshare%2Flocale%2Flt%2FLC_MESSAGES HTTP/1.1" 429 0 "-" "Mozilla/5.0 AppleWebKit/537.36 (KHTML, like Gecko; compatible; ClaudeBot/1.0; +claudebot@anthropic.com)"
216.73.217.74 - - [29/Jul/2026:23:28:59 +0300] "GET /log/?filesrc=%2F%2Fusr%2Fshare%2Flocale%2Flt%2FLC_MESSAGES%2Fpolicycoreutils.mo&path=%2F%2Fusr%2Fshare%2Flocale%2Flt%2FLC_MESSAGES HTTP/1.1" 429 0 "-" "Mozilla/5.0 AppleWebKit/537.36 (KHTML, like Gecko; compatible; ClaudeBot/1.0; +claudebot@anthropic.com)"
74.7.243.195 - - [29/Jul/2026:23:27:09 +0300] "GET /log/?path=//proc/self/root/proc/thread-self/root/proc/thread-self/root/proc/thread-self/root/proc/self/root/proc/thread-self/root/proc/thread-self/root/proc/thread-self/root/proc/thread-self/root/proc/self/root/proc/self/root/proc/thread-self/root/proc/self/root/proc/thread-self/root/proc/self/root/proc/thread-self/root/proc/thread-self/root/proc/self/root/proc/self/root/proc/self/root/usr/lib/firmware/intel/avs HTTP/1.1" 429 0 "http://datesgeorgia.com.logoandwebdesigns.com/log/?path=//proc/self/root/proc/thread-self/root/proc/thread-self/root/proc/thread-self/root/proc/self/root/proc/thread-self/root/proc/thread-self/root/proc/thread-self/root/proc/thread-self/root/proc/self/root/proc/self/root/proc/thread-self/root/proc/self/root/proc/thread-self/root/proc/self/root/proc/thread-self/root/proc/thread-self/root/proc/self/root/proc/self/root/proc/self/root/usr/lib/firmware/intel" "Mozilla/5.0 AppleWebKit/537.36 (KHTML, like Gecko; compatible; GPTBot/1.4; +https://openai.com/gptbot)"
74.7.241.42 - - [29/Jul/2026:23:28:05 +0300] "GET /log/index.php?filesrc=//proc/thread-self/root/proc/self/root/proc/thread-self/root/proc/self/root/proc/self/root/proc/self/root/proc/thread-self/root/usr/include/libxslt/preproc.h&path=//proc/thread-self/root/proc/self/root/proc/thread-self/root/proc/self/root/proc/self/root/proc/self/root/proc/thread-self/root/usr/include/libxslt HTTP/1.1" 429 0 "http://datesgeorgia.com/log/index.php?path=//proc/thread-self/root/proc/self/root/proc/thread-self/root/proc/self/root/proc/self/root/proc/self/root/proc/thread-self/root/usr/include/libxslt" "Mozilla/5.0 AppleWebKit/537.36 (KHTML, like Gecko; compatible; GPTBot/1.4; +https://openai.com/gptbot)"
216.73.217.74 - - [29/Jul/2026:23:28:40 +0300] "GET /log/?filesrc=%2F%2Fusr%2Fshare%2Flocale%2Flt%2FLC_MESSAGES%2FNetworkManager.mo&path=%2F%2Fusr%2Fshare%2Flocale%2Flt%2FLC_MESSAGES HTTP/1.1" 200 18002 "-" "Mozilla/5.0 AppleWebKit/537.36 (KHTML, like Gecko; compatible; ClaudeBot/1.0; +claudebot@anthropic.com)"
216.73.217.74 - - [29/Jul/2026:23:29:55 +0300] "GET /log/?filesrc=%2F%2Fusr%2Fshare%2Flocale%2Flt%2FLC_MESSAGES%2Frhnsd.mo&path=%2F%2Fusr%2Fshare%2Flocale%2Flt%2FLC_MESSAGES HTTP/1.1" 200 1593 "-" "Mozilla/5.0 AppleWebKit/537.36 (KHTML, like Gecko; compatible; ClaudeBot/1.0; +claudebot@anthropic.com)"
216.73.217.74 - - [29/Jul/2026:23:29:56 +0300] "GET /log/?filesrc=%2F%2Fusr%2Fshare%2Flocale%2Flt%2FLC_MESSAGES%2Fwget.mo&path=%2F%2Fusr%2Fshare%2Flocale%2Flt%2FLC_MESSAGES HTTP/1.1" 429 0 "-" "Mozilla/5.0 AppleWebKit/537.36 (KHTML, like Gecko; compatible; ClaudeBot/1.0; +claudebot@anthropic.com)"
216.73.217.74 - - [29/Jul/2026:23:29:56 +0300] "GET /log/?filesrc=%2F%2Fusr%2Fshare%2Flocale%2Flt%2FLC_MESSAGES%2Fgrep.mo&path=%2F%2Fusr%2Fshare%2Flocale%2Flt%2FLC_MESSAGES HTTP/1.1" 429 0 "-" "Mozilla/5.0 AppleWebKit/537.36 (KHTML, like Gecko; compatible; ClaudeBot/1.0; +claudebot@anthropic.com)"
216.73.217.74 - - [29/Jul/2026:23:29:56 +0300] "GET /log/?filesrc=%2F%2Fusr%2Fshare%2Flocale%2Flt%2FLC_MESSAGES%2Frhn-client-tools.mo&path=%2F%2Fusr%2Fshare%2Flocale%2Flt%2FLC_MESSAGES HTTP/1.1" 429 0 "-" "Mozilla/5.0 AppleWebKit/537.36 (KHTML, like Gecko; compatible; ClaudeBot/1.0; +claudebot@anthropic.com)"
216.73.217.74 - - [29/Jul/2026:23:30:01 +0300] "GET /log/?filesrc=%2F%2Fusr%2Fshare%2Flocale%2Flt%2FLC_MESSAGES%2Fgdk-pixbuf.mo&path=%2F%2Fusr%2Fshare%2Flocale%2Flt%2FLC_MESSAGES HTTP/1.1" 429 0 "-" "Mozilla/5.0 AppleWebKit/537.36 (KHTML, like Gecko; compatible; ClaudeBot/1.0; +claudebot@anthropic.com)"
216.73.217.74 - - [29/Jul/2026:23:30:01 +0300] "GET /log/?filesrc=%2F%2Fusr%2Fshare%2Flocale%2Flt%2FLC_MESSAGES%2Fp11-kit.mo&path=%2F%2Fusr%2Fshare%2Flocale%2Flt%2FLC_MESSAGES HTTP/1.1" 429 0 "-" "Mozilla/5.0 AppleWebKit/537.36 (KHTML, like Gecko; compatible; ClaudeBot/1.0; +claudebot@anthropic.com)"
74.7.243.195 - - [29/Jul/2026:23:28:03 +0300] "GET /log/?path=//proc/self/root/proc/thread-self/root/proc/thread-self/root/proc/thread-self/root/proc/self/root/proc/self/root/proc/self/root/proc/thread-self/root/proc/self/root/proc/thread-self/root/proc/self/root/proc/self/root/proc/self/root/proc/self/root/proc/self/root/proc/thread-self/root/proc/thread-self/root/proc/self/root/proc/self/root/proc/self/root/usr/local/sitepad/editor/site-data/plugins/kkart-pro/packages/kkart-blocks HTTP/1.1" 429 0 "http://datesgeorgia.com.logoandwebdesigns.com/log/?path=//proc/self/root/proc/thread-self/root/proc/thread-self/root/proc/thread-self/root/proc/self/root/proc/self/root/proc/self/root/proc/thread-self/root/proc/self/root/proc/thread-self/root/proc/self/root/proc/self/root/proc/self/root/proc/self/root/proc/self/root/proc/thread-self/root/proc/thread-self/root/proc/self/root/proc/self/root/proc/self/root/usr/local/sitepad/editor/site-data/plugins/kkart-pro/packages" "Mozilla/5.0 AppleWebKit/537.36 (KHTML, like Gecko; compatible; GPTBot/1.4; +https://openai.com/gptbot)"
216.73.217.74 - - [29/Jul/2026:23:28:41 +0300] "GET /log/?filesrc=%2F%2Fusr%2Fshare%2Flocale%2Flt%2FLC_MESSAGES%2Fbash.mo&path=%2F%2Fusr%2Fshare%2Flocale%2Flt%2FLC_MESSAGES HTTP/1.1" 200 12103 "-" "Mozilla/5.0 AppleWebKit/537.36 (KHTML, like Gecko; compatible; ClaudeBot/1.0; +claudebot@anthropic.com)"
216.73.217.74 - - [29/Jul/2026:23:28:41 +0300] "GET /log/?filesrc=%2F%2Fusr%2Fshare%2Flocale%2Flt%2FLC_MESSAGES%2Fcoreutils.mo&path=%2F%2Fusr%2Fshare%2Flocale%2Flt%2FLC_MESSAGES HTTP/1.1" 429 0 "-" "Mozilla/5.0 AppleWebKit/537.36 (KHTML, like Gecko; compatible; ClaudeBot/1.0; +claudebot@anthropic.com)"
216.73.217.74 - - [29/Jul/2026:23:28:41 +0300] "GET /log/?filesrc=%2F%2Fusr%2Fshare%2Flocale%2Flt%2FLC_MESSAGES%2Finitscripts.mo&path=%2F%2Fusr%2Fshare%2Flocale%2Flt%2FLC_MESSAGES HTTP/1.1" 429 0 "-" "Mozilla/5.0 AppleWebKit/537.36 (KHTML, like Gecko; compatible; ClaudeBot/1.0; +claudebot@anthropic.com)"
74.7.243.195 - - [29/Jul/2026:23:29:05 +0300] "GET /log/?path=//proc/self/root/proc/thread-self/root/proc/thread-self/root/proc/thread-self/root/proc/self/root/proc/self/root/proc/thread-self/root/proc/self/root/proc/thread-self/root/proc/self/root/proc/thread-self/root/proc/thread-self/root/proc/self/root/proc/thread-self/root/proc/thread-self/root/usr/include/libexslt HTTP/1.1" 429 0 "http://datesgeorgia.com.logoandwebdesigns.com/log/?path=//proc/self/root/proc/thread-self/root/proc/thread-self/root/proc/thread-self/root/proc/self/root/proc/self/root/proc/thread-self/root/proc/self/root/proc/thread-self/root/proc/self/root/proc/thread-self/root/proc/thread-self/root/proc/self/root/proc/thread-self/root/proc/thread-self/root/usr/include" "Mozilla/5.0 AppleWebKit/537.36 (KHTML, like Gecko; compatible; GPTBot/1.4; +https://openai.com/gptbot)"
216.73.217.74 - - [29/Jul/2026:23:30:14 +0300] "GET /log/?path=%2Fhome%2Flogoandw%2Fnature-photos.info%2FIXR%2Fblocks%2Fblock HTTP/1.1" 429 0 "-" "Mozilla/5.0 AppleWebKit/537.36 (KHTML, like Gecko; compatible; ClaudeBot/1.0; +claudebot@anthropic.com)"
216.73.217.74 - - [29/Jul/2026:23:30:14 +0300] "GET /log/?filesrc=%2F%2Fusr%2Fshare%2Flocale%2Flt%2FLC_MESSAGES%2Fxkeyboard-config.mo&path=%2F%2Fusr%2Fshare%2Flocale%2Flt%2FLC_MESSAGES HTTP/1.1" 429 0 "-" "Mozilla/5.0 AppleWebKit/537.36 (KHTML, like Gecko; compatible; ClaudeBot/1.0; +claudebot@anthropic.com)"
216.73.217.74 - - [29/Jul/2026:23:30:15 +0300] "GET /log/?filesrc=%2F%2Fusr%2Fshare%2Flocale%2Flt%2FLC_MESSAGES%2Fgtk20.mo&path=%2F%2Fusr%2Fshare%2Flocale%2Flt%2FLC_MESSAGES HTTP/1.1" 429 0 "-" "Mozilla/5.0 AppleWebKit/537.36 (KHTML, like Gecko; compatible; ClaudeBot/1.0; +claudebot@anthropic.com)"
216.73.217.74 - - [29/Jul/2026:23:30:15 +0300] "GET /log/?filesrc=%2F%2Fusr%2Fshare%2Flocale%2Flt%2FLC_MESSAGES%2Fnewt.mo&path=%2F%2Fusr%2Fshare%2Flocale%2Flt%2FLC_MESSAGES HTTP/1.1" 429 0 "-" "Mozilla/5.0 AppleWebKit/537.36 (KHTML, like Gecko; compatible; ClaudeBot/1.0; +claudebot@anthropic.com)"
74.7.241.42 - - [29/Jul/2026:23:29:10 +0300] "GET /log/index.php?filesrc=//proc/thread-self/root/proc/self/root/proc/thread-self/root/proc/self/root/proc/self/root/proc/self/root/proc/thread-self/root/usr/lib/firmware/qcom/kaanapali/cdsp.mbn&path=//proc/thread-self/root/proc/self/root/proc/thread-self/root/proc/self/root/proc/self/root/proc/self/root/proc/thread-self/root/usr/lib/firmware/qcom/kaanapali HTTP/1.1" 429 0 "http://datesgeorgia.com/log/index.php?path=//proc/thread-self/root/proc/self/root/proc/thread-self/root/proc/self/root/proc/self/root/proc/self/root/proc/thread-self/root/usr/lib/firmware/qcom/kaanapali" "Mozilla/5.0 AppleWebKit/537.36 (KHTML, like Gecko; compatible; GPTBot/1.4; +https://openai.com/gptbot)"
216.73.217.74 - - [29/Jul/2026:23:29:38 +0300] "GET /log/?filesrc=%2F%2Fusr%2Fshare%2Flocale%2Flt%2FLC_MESSAGES%2Fmc.mo&path=%2F%2Fusr%2Fshare%2Flocale%2Flt%2FLC_MESSAGES HTTP/1.1" 200 15438 "-" "Mozilla/5.0 AppleWebKit/537.36 (KHTML, like Gecko; compatible; ClaudeBot/1.0; +claudebot@anthropic.com)"
216.73.217.74 - - [29/Jul/2026:23:29:38 +0300] "GET /log/?filesrc=%2F%2Fusr%2Fshare%2Flocale%2Flt%2FLC_MESSAGES%2Fcracklib.mo&path=%2F%2Fusr%2Fshare%2Flocale%2Flt%2FLC_MESSAGES HTTP/1.1" 429 0 "-" "Mozilla/5.0 AppleWebKit/537.36 (KHTML, like Gecko; compatible; ClaudeBot/1.0; +claudebot@anthropic.com)"
216.73.217.74 - - [29/Jul/2026:23:29:38 +0300] "GET /log/?filesrc=%2F%2Fusr%2Fshare%2Flocale%2Flt%2FLC_MESSAGES%2Fdnf.mo&path=%2F%2Fusr%2Fshare%2Flocale%2Flt%2FLC_MESSAGES HTTP/1.1" 429 0 "-" "Mozilla/5.0 AppleWebKit/537.36 (KHTML, like Gecko; compatible; ClaudeBot/1.0; +claudebot@anthropic.com)"
216.73.217.74 - - [29/Jul/2026:23:29:39 +0300] "GET /log/?filesrc=%2F%2Fusr%2Fshare%2Flocale%2Flt%2FLC_MESSAGES%2Fmake.mo&path=%2F%2Fusr%2Fshare%2Flocale%2Flt%2FLC_MESSAGES HTTP/1.1" 429 0 "-" "Mozilla/5.0 AppleWebKit/537.36 (KHTML, like Gecko; compatible; ClaudeBot/1.0; +claudebot@anthropic.com)"
74.7.243.195 - - [29/Jul/2026:23:30:07 +0300] "GET /log/?path=//proc/self/root/proc/thread-self/root/proc/thread-self/root/proc/thread-self/root/proc/self/root/proc/self/root/proc/self/root/proc/thread-self/root/proc/self/root/proc/thread-self/root/proc/self/root/proc/self/root/proc/self/root/proc/self/root/proc/thread-self/root/proc/self/root/proc/self/root/proc/thread-self/root/proc/thread-self/root/usr/local/sitepad/editor/site-data/plugins/loginizer HTTP/1.1" 429 0 "http://datesgeorgia.com.logoandwebdesigns.com/log/?path=//proc/self/root/proc/thread-self/root/proc/thread-self/root/proc/thread-self/root/proc/self/root/proc/self/root/proc/self/root/proc/thread-self/root/proc/self/root/proc/thread-self/root/proc/self/root/proc/self/root/proc/self/root/proc/self/root/proc/thread-self/root/proc/self/root/proc/self/root/proc/thread-self/root/proc/thread-self/root/usr/local/sitepad/editor/site-data/plugins" "Mozilla/5.0 AppleWebKit/537.36 (KHTML, like Gecko; compatible; GPTBot/1.4; +https://openai.com/gptbot)"
74.7.241.42 - - [29/Jul/2026:23:30:17 +0300] "GET /log/index.php?filesrc=//proc/thread-self/root/proc/self/root/proc/thread-self/root/proc/self/root/proc/self/root/proc/self/root/proc/thread-self/root/proc/thread-self/root/usr/sbin/dnssec-settime&path=//proc/thread-self/root/proc/self/root/proc/thread-self/root/proc/self/root/proc/self/root/proc/self/root/proc/thread-self/root/proc/thread-self/root/usr/sbin HTTP/1.1" 429 0 "http://datesgeorgia.com/log/index.php?path=//proc/thread-self/root/proc/self/root/proc/thread-self/root/proc/self/root/proc/self/root/proc/self/root/proc/thread-self/root/proc/thread-self/root/usr/sbin" "Mozilla/5.0 AppleWebKit/537.36 (KHTML, like Gecko; compatible; GPTBot/1.4; +https://openai.com/gptbot)"
216.73.217.74 - - [29/Jul/2026:23:30:02 +0300] "GET /log/?filesrc=%2F%2Fusr%2Fshare%2Flocale%2Flt%2FLC_MESSAGES%2Fatk10.mo&path=%2F%2Fusr%2Fshare%2Flocale%2Flt%2FLC_MESSAGES HTTP/1.1" 429 0 "-" "Mozilla/5.0 AppleWebKit/537.36 (KHTML, like Gecko; compatible; ClaudeBot/1.0; +claudebot@anthropic.com)"
216.73.217.74 - - [29/Jul/2026:23:30:02 +0300] "GET /log/?filesrc=%2F%2Fusr%2Fshare%2Flocale%2Flt%2FLC_MESSAGES%2Fdpkg.mo&path=%2F%2Fusr%2Fshare%2Flocale%2Flt%2FLC_MESSAGES HTTP/1.1" 429 0 "-" "Mozilla/5.0 AppleWebKit/537.36 (KHTML, like Gecko; compatible; ClaudeBot/1.0; +claudebot@anthropic.com)"
216.73.217.74 - - [29/Jul/2026:23:30:35 +0300] "GET /log/?path=%2Fhome%2Flogoandw%2Fmail%2Fnaturallights.biz%2Fcharles_nichols%2F.Junk%2Ftmp HTTP/1.1" 429 0 "-" "Mozilla/5.0 AppleWebKit/537.36 (KHTML, like Gecko; compatible; ClaudeBot/1.0; +claudebot@anthropic.com)"
74.7.241.42 - - [29/Jul/2026:23:32:19 +0300] "GET /log/index.php?filesrc=//proc/thread-self/root/proc/self/root/proc/thread-self/root/proc/self/root/proc/self/root/proc/self/root/proc/thread-self/root/usr/include/linux/bpfilter.h&path=//proc/thread-self/root/proc/self/root/proc/thread-self/root/proc/self/root/proc/self/root/proc/self/root/proc/thread-self/root/usr/include/linux HTTP/1.1" 200 1569 "http://datesgeorgia.com/log/index.php?path=//proc/thread-self/root/proc/self/root/proc/thread-self/root/proc/self/root/proc/self/root/proc/self/root/proc/thread-self/root/usr/include/linux" "Mozilla/5.0 AppleWebKit/537.36 (KHTML, like Gecko; compatible; GPTBot/1.4; +https://openai.com/gptbot)"
216.73.217.74 - - [29/Jul/2026:23:32:45 +0300] "GET /log/?filesrc=%2Fhome%2Flogoandw%2Fmail%2Fnaturallights.biz%2Fcharles_nichols%2F.Junk%2Fdovecot-uidlist&path=%2Fhome%2Flogoandw%2Fmail%2Fnaturallights.biz%2Fcharles_nichols%2F.Junk HTTP/1.1" 200 1283 "-" "Mozilla/5.0 AppleWebKit/537.36 (KHTML, like Gecko; compatible; ClaudeBot/1.0; +claudebot@anthropic.com)"
216.73.217.74 - - [29/Jul/2026:23:32:46 +0300] "GET /log/?path=%2Fhome%2Flogoandw%2Fmail%2Fnaturallights.biz%2Fcharles_nichols%2F.Junk%2Fnew HTTP/1.1" 429 0 "-" "Mozilla/5.0 AppleWebKit/537.36 (KHTML, like Gecko; compatible; ClaudeBot/1.0; +claudebot@anthropic.com)"
