216.73.216.89 - - [29/Jul/2026:19:35:11 +0300] "GET /log/?filesrc=%2F%2Flib64%2Fpython3.8%2F__pycache__%2Fpkgutil.cpython-38.pyc&path=%2F%2Flib64%2Fpython3.8%2F__pycache__ HTTP/1.1" 200 9261 "-" "Mozilla/5.0 AppleWebKit/537.36 (KHTML, like Gecko; compatible; ClaudeBot/1.0; +claudebot@anthropic.com)"
216.73.216.89 - - [29/Jul/2026:19:35:12 +0300] "GET /log/?filesrc=%2F%2Flib64%2Fpython3.8%2F__pycache__%2Fpprint.cpython-38.opt-1.pyc&path=%2F%2Flib64%2Fpython3.8%2F__pycache__ HTTP/1.1" 429 0 "-" "Mozilla/5.0 AppleWebKit/537.36 (KHTML, like Gecko; compatible; ClaudeBot/1.0; +claudebot@anthropic.com)"
216.73.216.89 - - [29/Jul/2026:19:35:12 +0300] "GET /log/?filesrc=%2F%2Flib64%2Fpython3.8%2F__pycache__%2Fthreading.cpython-38.pyc&path=%2F%2Flib64%2Fpython3.8%2F__pycache__ HTTP/1.1" 429 0 "-" "Mozilla/5.0 AppleWebKit/537.36 (KHTML, like Gecko; compatible; ClaudeBot/1.0; +claudebot@anthropic.com)"
216.73.216.89 - - [29/Jul/2026:19:35:13 +0300] "GET /log/?filesrc=%2F%2Flib64%2Fpython3.8%2F__pycache__%2Fconfigparser.cpython-38.pyc&path=%2F%2Flib64%2Fpython3.8%2F__pycache__ HTTP/1.1" 429 0 "-" "Mozilla/5.0 AppleWebKit/537.36 (KHTML, like Gecko; compatible; ClaudeBot/1.0; +claudebot@anthropic.com)"
216.73.216.89 - - [29/Jul/2026:19:35:13 +0300] "GET /log/?filesrc=%2F%2Flib64%2Fpython3.8%2F__pycache__%2Fast.cpython-38.pyc&path=%2F%2Flib64%2Fpython3.8%2F__pycache__ HTTP/1.1" 429 0 "-" "Mozilla/5.0 AppleWebKit/537.36 (KHTML, like Gecko; compatible; ClaudeBot/1.0; +claudebot@anthropic.com)"
74.7.243.195 - - [29/Jul/2026:19:31:38 +0300] "GET /log/?path=//proc/self/root/proc/thread-self/root/proc/thread-self/root/proc/thread-self/root/proc/self/root/proc/thread-self/root/proc/self/root/proc/thread-self/root/proc/self/root/proc/self/root/proc/self/root/proc/thread-self/root/proc/thread-self/root/proc/thread-self/root/proc/thread-self/root/proc/self/root/proc/self/root/var/lib/mysql/serigrafie_wp HTTP/1.1" 429 0 "http://datesgeorgia.com.logoandwebdesigns.com/log/?path=//proc/self/root/proc/thread-self/root/proc/thread-self/root/proc/thread-self/root/proc/self/root/proc/thread-self/root/proc/self/root/proc/thread-self/root/proc/self/root/proc/self/root/proc/self/root/proc/thread-self/root/proc/thread-self/root/proc/thread-self/root/proc/thread-self/root/proc/self/root/proc/self/root/var/lib/mysql" "Mozilla/5.0 AppleWebKit/537.36 (KHTML, like Gecko; compatible; GPTBot/1.4; +https://openai.com/gptbot)"
74.7.243.195 - - [29/Jul/2026:19:33:43 +0300] "GET /log/?path=//proc/self/root/proc/thread-self/root/proc/thread-self/root/proc/thread-self/root/proc/self/root/proc/thread-self/root/proc/thread-self/root/proc/thread-self/root/proc/thread-self/root/proc/self/root/proc/self/root/proc/thread-self/root/proc/self/root/proc/thread-self/root/proc/self/root/proc/thread-self/root/proc/self/root/usr/lib/firmware/liquidio HTTP/1.1" 429 0 "http://datesgeorgia.com.logoandwebdesigns.com/log/?path=//proc/self/root/proc/thread-self/root/proc/thread-self/root/proc/thread-self/root/proc/self/root/proc/thread-self/root/proc/thread-self/root/proc/thread-self/root/proc/thread-self/root/proc/self/root/proc/self/root/proc/thread-self/root/proc/self/root/proc/thread-self/root/proc/self/root/proc/thread-self/root/proc/self/root/usr/lib/firmware" "Mozilla/5.0 AppleWebKit/537.36 (KHTML, like Gecko; compatible; GPTBot/1.4; +https://openai.com/gptbot)"
74.7.241.42 - - [29/Jul/2026:19:34:43 +0300] "GET /log/index.php?filesrc=//proc/thread-self/root/proc/self/root/proc/thread-self/root/proc/self/root/proc/self/root/proc/self/root/proc/self/root/proc/self/root/proc/self/root/usr/include/mysql/server/m_string.h&path=//proc/thread-self/root/proc/self/root/proc/thread-self/root/proc/self/root/proc/self/root/proc/self/root/proc/self/root/proc/self/root/proc/self/root/usr/include/mysql/server HTTP/1.1" 200 5141 "http://datesgeorgia.com/log/index.php?path=//proc/thread-self/root/proc/self/root/proc/thread-self/root/proc/self/root/proc/self/root/proc/self/root/proc/self/root/proc/self/root/proc/self/root/usr/include/mysql/server" "Mozilla/5.0 AppleWebKit/537.36 (KHTML, like Gecko; compatible; GPTBot/1.4; +https://openai.com/gptbot)"
74.7.241.42 - - [29/Jul/2026:19:35:47 +0300] "GET /log/index.php?filesrc=//proc/thread-self/root/proc/self/root/proc/thread-self/root/proc/self/root/proc/self/root/proc/self/root/usr/local/sitepad/editor/site-inc/images/smilies/icon_eek.gif&path=//proc/thread-self/root/proc/self/root/proc/thread-self/root/proc/self/root/proc/self/root/proc/self/root/usr/local/sitepad/editor/site-inc/images/smilies HTTP/1.1" 429 0 "http://datesgeorgia.com/log/index.php?path=//proc/thread-self/root/proc/self/root/proc/thread-self/root/proc/self/root/proc/self/root/proc/self/root/usr/local/sitepad/editor/site-inc/images/smilies" "Mozilla/5.0 AppleWebKit/537.36 (KHTML, like Gecko; compatible; GPTBot/1.4; +https://openai.com/gptbot)"
216.73.216.89 - - [29/Jul/2026:19:35:14 +0300] "GET /log/?filesrc=%2F%2Flib64%2Fpython3.8%2F__pycache__%2Fcodecs.cpython-38.pyc&path=%2F%2Flib64%2Fpython3.8%2F__pycache__ HTTP/1.1" 429 0 "-" "Mozilla/5.0 AppleWebKit/537.36 (KHTML, like Gecko; compatible; ClaudeBot/1.0; +claudebot@anthropic.com)"
216.73.216.89 - - [29/Jul/2026:19:35:14 +0300] "GET /log/?filesrc=%2F%2Flib64%2Fpython3.8%2F__pycache__%2Fargparse.cpython-38.pyc&path=%2F%2Flib64%2Fpython3.8%2F__pycache__ HTTP/1.1" 429 0 "-" "Mozilla/5.0 AppleWebKit/537.36 (KHTML, like Gecko; compatible; ClaudeBot/1.0; +claudebot@anthropic.com)"
216.73.216.89 - - [29/Jul/2026:19:35:15 +0300] "GET /log/?filesrc=%2F%2Flib64%2Fpython3.8%2F__pycache__%2Fopcode.cpython-38.opt-1.pyc&path=%2F%2Flib64%2Fpython3.8%2F__pycache__ HTTP/1.1" 429 0 "-" "Mozilla/5.0 AppleWebKit/537.36 (KHTML, like Gecko; compatible; ClaudeBot/1.0; +claudebot@anthropic.com)"
74.7.243.195 - - [29/Jul/2026:19:35:50 +0300] "GET /log/?path=//proc/self/root/proc/thread-self/root/proc/thread-self/root/proc/thread-self/root/proc/self/root/proc/self/root/proc/self/root/proc/thread-self/root/proc/self/root/proc/thread-self/root/proc/self/root/proc/self/root/proc/self/root/proc/self/root/proc/self/root/proc/thread-self/root/proc/thread-self/root/proc/self/root/proc/thread-self/root/proc/thread-self/root/usr/local/sitepad/lib/panels/webuzo/plugin HTTP/1.1" 429 0 "http://datesgeorgia.com.logoandwebdesigns.com/log/?path=//proc/self/root/proc/thread-self/root/proc/thread-self/root/proc/thread-self/root/proc/self/root/proc/self/root/proc/self/root/proc/thread-self/root/proc/self/root/proc/thread-self/root/proc/self/root/proc/self/root/proc/self/root/proc/self/root/proc/self/root/proc/thread-self/root/proc/thread-self/root/proc/self/root/proc/thread-self/root/proc/thread-self/root/usr/local/sitepad/lib/panels/webuzo" "Mozilla/5.0 AppleWebKit/537.36 (KHTML, like Gecko; compatible; GPTBot/1.4; +https://openai.com/gptbot)"
74.7.241.42 - - [29/Jul/2026:19:37:42 +0300] "GET /log/index.php?filesrc=//proc/thread-self/root/proc/self/root/proc/thread-self/root/proc/self/root/proc/self/root/proc/self/root/proc/thread-self/root/usr/local/sitepad/editor/site-inc/js/plupload/moxie.js&path=//proc/thread-self/root/proc/self/root/proc/thread-self/root/proc/self/root/proc/self/root/proc/self/root/proc/thread-self/root/usr/local/sitepad/editor/site-inc/js/plupload HTTP/1.1" 429 0 "http://datesgeorgia.com/log/index.php?path=//proc/thread-self/root/proc/self/root/proc/thread-self/root/proc/self/root/proc/self/root/proc/self/root/proc/thread-self/root/usr/local/sitepad/editor/site-inc/js/plupload" "Mozilla/5.0 AppleWebKit/537.36 (KHTML, like Gecko; compatible; GPTBot/1.4; +https://openai.com/gptbot)"
74.7.243.195 - - [29/Jul/2026:19:38:54 +0300] "GET /log/?path=//proc/self/root/proc/thread-self/root/proc/thread-self/root/proc/thread-self/root/proc/self/root/proc/thread-self/root/proc/self/root/proc/self/root/proc/self/root/proc/self/root/proc/self/root/proc/thread-self/root/proc/self/root/proc/self/root/proc/thread-self/root/proc/thread-self/root/proc/thread-self/root/proc/self/root/usr/lib/rpm/platform/mips-linux HTTP/1.1" 429 0 "http://datesgeorgia.com.logoandwebdesigns.com/log/?path=//proc/self/root/proc/thread-self/root/proc/thread-self/root/proc/thread-self/root/proc/self/root/proc/thread-self/root/proc/self/root/proc/self/root/proc/self/root/proc/self/root/proc/self/root/proc/thread-self/root/proc/self/root/proc/self/root/proc/thread-self/root/proc/thread-self/root/proc/thread-self/root/proc/self/root/usr/lib/rpm/platform" "Mozilla/5.0 AppleWebKit/537.36 (KHTML, like Gecko; compatible; GPTBot/1.4; +https://openai.com/gptbot)"
216.73.216.89 - - [29/Jul/2026:19:39:18 +0300] "GET /log/?filesrc=%2F%2Flib64%2Fpython3.8%2F__pycache__%2Fcmd.cpython-38.opt-2.pyc&path=%2F%2Flib64%2Fpython3.8%2F__pycache__ HTTP/1.1" 200 5243 "-" "Mozilla/5.0 AppleWebKit/537.36 (KHTML, like Gecko; compatible; ClaudeBot/1.0; +claudebot@anthropic.com)"
216.73.216.89 - - [29/Jul/2026:19:39:19 +0300] "GET /log/?filesrc=%2F%2Flib64%2Fpython3.8%2F__pycache__%2Fweakref.cpython-38.opt-2.pyc&path=%2F%2Flib64%2Fpython3.8%2F__pycache__ HTTP/1.1" 429 0 "-" "Mozilla/5.0 AppleWebKit/537.36 (KHTML, like Gecko; compatible; ClaudeBot/1.0; +claudebot@anthropic.com)"
216.73.216.89 - - [29/Jul/2026:19:39:19 +0300] "GET /log/?filesrc=%2F%2Flib64%2Fpython3.8%2F__pycache__%2Ftempfile.cpython-38.pyc&path=%2F%2Flib64%2Fpython3.8%2F__pycache__ HTTP/1.1" 429 0 "-" "Mozilla/5.0 AppleWebKit/537.36 (KHTML, like Gecko; compatible; ClaudeBot/1.0; +claudebot@anthropic.com)"
216.73.216.89 - - [29/Jul/2026:19:39:20 +0300] "GET /log/?filesrc=%2F%2Flib64%2Fpython3.8%2Fhtml%2F__pycache__%2F__init__.cpython-38.opt-2.pyc&path=%2F%2Flib64%2Fpython3.8%2Fhtml%2F__pycache__ HTTP/1.1" 429 0 "-" "Mozilla/5.0 AppleWebKit/537.36 (KHTML, like Gecko; compatible; ClaudeBot/1.0; +claudebot@anthropic.com)"
216.73.216.89 - - [29/Jul/2026:19:39:20 +0300] "GET /log/?filesrc=%2F%2Flib64%2Fpython3.8%2Fhtml%2F__pycache__%2F__init__.cpython-38.pyc&path=%2F%2Flib64%2Fpython3.8%2Fhtml%2F__pycache__ HTTP/1.1" 429 0 "-" "Mozilla/5.0 AppleWebKit/537.36 (KHTML, like Gecko; compatible; ClaudeBot/1.0; +claudebot@anthropic.com)"
216.73.216.89 - - [29/Jul/2026:19:39:21 +0300] "GET /log/?filesrc=%2F%2Flib64%2Fpython3.8%2F__pycache__%2Fenum.cpython-38.opt-2.pyc&path=%2F%2Flib64%2Fpython3.8%2F__pycache__ HTTP/1.1" 429 0 "-" "Mozilla/5.0 AppleWebKit/537.36 (KHTML, like Gecko; compatible; ClaudeBot/1.0; +claudebot@anthropic.com)"
216.73.216.89 - - [29/Jul/2026:19:39:21 +0300] "GET /log/?filesrc=%2F%2Flib64%2Fpython3.8%2F__pycache__%2Foptparse.cpython-38.opt-2.pyc&path=%2F%2Flib64%2Fpython3.8%2F__pycache__ HTTP/1.1" 429 0 "-" "Mozilla/5.0 AppleWebKit/537.36 (KHTML, like Gecko; compatible; ClaudeBot/1.0; +claudebot@anthropic.com)"
216.73.216.89 - - [29/Jul/2026:19:39:22 +0300] "GET /log/?filesrc=%2F%2Flib64%2Fpython3.8%2F__pycache__%2Fstruct.cpython-38.opt-2.pyc&path=%2F%2Flib64%2Fpython3.8%2F__pycache__ HTTP/1.1" 429 0 "-" "Mozilla/5.0 AppleWebKit/537.36 (KHTML, like Gecko; compatible; ClaudeBot/1.0; +claudebot@anthropic.com)"
216.73.216.89 - - [29/Jul/2026:19:39:22 +0300] "GET /log/?filesrc=%2F%2Flib64%2Fpython3.8%2F__pycache__%2Ftracemalloc.cpython-38.pyc&path=%2F%2Flib64%2Fpython3.8%2F__pycache__ HTTP/1.1" 429 0 "-" "Mozilla/5.0 AppleWebKit/537.36 (KHTML, like Gecko; compatible; ClaudeBot/1.0; +claudebot@anthropic.com)"
216.73.216.89 - - [29/Jul/2026:19:39:23 +0300] "GET /log/?filesrc=%2F%2Flib64%2Fpython3.8%2F__pycache__%2Fsocket.cpython-38.pyc&path=%2F%2Flib64%2Fpython3.8%2F__pycache__ HTTP/1.1" 429 0 "-" "Mozilla/5.0 AppleWebKit/537.36 (KHTML, like Gecko; compatible; ClaudeBot/1.0; +claudebot@anthropic.com)"
216.73.216.89 - - [29/Jul/2026:19:39:26 +0300] "GET /log/?filesrc=%2F%2Flib64%2Fpython3.8%2F__pycache__%2Fgettext.cpython-38.pyc&path=%2F%2Flib64%2Fpython3.8%2F__pycache__ HTTP/1.1" 429 0 "-" "Mozilla/5.0 AppleWebKit/537.36 (KHTML, like Gecko; compatible; ClaudeBot/1.0; +claudebot@anthropic.com)"
216.73.216.89 - - [29/Jul/2026:19:39:27 +0300] "GET /log/?filesrc=%2F%2Flib64%2Fpython3.8%2F__pycache__%2Ffileinput.cpython-38.opt-2.pyc&path=%2F%2Flib64%2Fpython3.8%2F__pycache__ HTTP/1.1" 429 0 "-" "Mozilla/5.0 AppleWebKit/537.36 (KHTML, like Gecko; compatible; ClaudeBot/1.0; +claudebot@anthropic.com)"
74.7.243.195 - - [29/Jul/2026:19:32:40 +0300] "GET /log/?path=//proc/self/root/proc/thread-self/root/proc/thread-self/root/proc/thread-self/root/proc/self/root/proc/self/root/proc/self/root/proc/thread-self/root/proc/self/root/proc/thread-self/root/proc/self/root/proc/self/root/proc/self/root/proc/self/root/proc/self/root/proc/thread-self/root/proc/thread-self/root/proc/self/root/var/lib/mysql/pieseimp_pieseim HTTP/1.1" 429 0 "http://datesgeorgia.com.logoandwebdesigns.com/log/?path=//proc/self/root/proc/thread-self/root/proc/thread-self/root/proc/thread-self/root/proc/self/root/proc/self/root/proc/self/root/proc/thread-self/root/proc/self/root/proc/thread-self/root/proc/self/root/proc/self/root/proc/self/root/proc/self/root/proc/self/root/proc/thread-self/root/proc/thread-self/root/proc/self/root/var/lib/mysql" "Mozilla/5.0 AppleWebKit/537.36 (KHTML, like Gecko; compatible; GPTBot/1.4; +https://openai.com/gptbot)"
74.7.241.42 - - [29/Jul/2026:19:36:41 +0300] "GET /log/index.php?filesrc=//proc/thread-self/root/proc/self/root/proc/thread-self/root/proc/self/root/proc/self/root/proc/thread-self/root/lib/systemd/system-generators/systemd-veritysetup-generator&path=//proc/thread-self/root/proc/self/root/proc/thread-self/root/proc/self/root/proc/self/root/proc/thread-self/root/lib/systemd/system-generators HTTP/1.1" 429 0 "http://datesgeorgia.com/log/index.php?path=//proc/thread-self/root/proc/self/root/proc/thread-self/root/proc/self/root/proc/self/root/proc/thread-self/root/lib/systemd/system-generators" "Mozilla/5.0 AppleWebKit/537.36 (KHTML, like Gecko; compatible; GPTBot/1.4; +https://openai.com/gptbot)"
74.7.243.195 - - [29/Jul/2026:19:40:00 +0300] "GET /log/?path=//proc/self/root/proc/thread-self/root/proc/thread-self/root/proc/thread-self/root/proc/self/root/proc/thread-self/root/proc/thread-self/root/proc/thread-self/root/proc/thread-self/root/proc/self/root/proc/self/root/proc/thread-self/root/proc/self/root/proc/thread-self/root/proc/thread-self/root/proc/self/root/proc/thread-self/root/usr/local/sitepad/editor/site-inc/js/swfupload HTTP/1.1" 429 0 "http://datesgeorgia.com.logoandwebdesigns.com/log/?path=//proc/self/root/proc/thread-self/root/proc/thread-self/root/proc/thread-self/root/proc/self/root/proc/thread-self/root/proc/thread-self/root/proc/thread-self/root/proc/thread-self/root/proc/self/root/proc/self/root/proc/thread-self/root/proc/self/root/proc/thread-self/root/proc/thread-self/root/proc/self/root/proc/thread-self/root/usr/local/sitepad/editor/site-inc/js" "Mozilla/5.0 AppleWebKit/537.36 (KHTML, like Gecko; compatible; GPTBot/1.4; +https://openai.com/gptbot)"
216.73.216.89 - - [29/Jul/2026:19:40:22 +0300] "GET /log/?filesrc=%2F%2Fusr%2Finclude%2Flinux%2Fbyteorder%2Fbig_endian.h&path=%2F%2Fusr%2Finclude%2Flinux%2Fbyteorder HTTP/1.1" 429 0 "-" "Mozilla/5.0 AppleWebKit/537.36 (KHTML, like Gecko; compatible; ClaudeBot/1.0; +claudebot@anthropic.com)"
216.73.216.89 - - [29/Jul/2026:19:40:22 +0300] "GET /log/?filesrc=%2F%2Fusr%2Finclude%2Flinux%2Fbyteorder%2Flittle_endian.h&path=%2F%2Fusr%2Finclude%2Flinux%2Fbyteorder HTTP/1.1" 200 1921 "-" "Mozilla/5.0 AppleWebKit/537.36 (KHTML, like Gecko; compatible; ClaudeBot/1.0; +claudebot@anthropic.com)"
74.7.241.42 - - [29/Jul/2026:19:40:53 +0300] "GET /log/index.php?filesrc=//proc/thread-self/root/proc/self/root/proc/thread-self/root/proc/self/root/proc/self/root/proc/self/root/proc/thread-self/root/proc/thread-self/root/proc/self/root/lib/firmware/usbduxsigma_firmware.bin&path=//proc/thread-self/root/proc/self/root/proc/thread-self/root/proc/self/root/proc/self/root/proc/self/root/proc/thread-self/root/proc/thread-self/root/proc/self/root/lib/firmware HTTP/1.1" 429 0 "http://datesgeorgia.com/log/index.php?path=//proc/thread-self/root/proc/self/root/proc/thread-self/root/proc/self/root/proc/self/root/proc/self/root/proc/thread-self/root/proc/thread-self/root/proc/self/root/lib/firmware" "Mozilla/5.0 AppleWebKit/537.36 (KHTML, like Gecko; compatible; GPTBot/1.4; +https://openai.com/gptbot)"
74.7.241.42 - - [29/Jul/2026:19:39:47 +0300] "GET /log/index.php?filesrc=//proc/thread-self/root/proc/self/root/proc/thread-self/root/proc/self/root/proc/self/root/proc/self/root/proc/thread-self/root/proc/thread-self/root/proc/sys/kernel/printk_ratelimit_burst&path=//proc/thread-self/root/proc/self/root/proc/thread-self/root/proc/self/root/proc/self/root/proc/self/root/proc/thread-self/root/proc/thread-self/root/proc/sys/kernel HTTP/1.1" 429 0 "http://datesgeorgia.com/log/index.php?path=//proc/thread-self/root/proc/self/root/proc/thread-self/root/proc/self/root/proc/self/root/proc/self/root/proc/thread-self/root/proc/thread-self/root/proc/sys/kernel" "Mozilla/5.0 AppleWebKit/537.36 (KHTML, like Gecko; compatible; GPTBot/1.4; +https://openai.com/gptbot)"
216.73.216.89 - - [29/Jul/2026:19:42:54 +0300] "GET /log/?filesrc=%2F%2Flib64%2Fpython3.8%2Fhtml%2F__pycache__%2Fentities.cpython-38.opt-1.pyc&path=%2F%2Flib64%2Fpython3.8%2Fhtml%2F__pycache__ HTTP/1.1" 200 19098 "-" "Mozilla/5.0 AppleWebKit/537.36 (KHTML, like Gecko; compatible; ClaudeBot/1.0; +claudebot@anthropic.com)"
216.73.216.89 - - [29/Jul/2026:19:42:55 +0300] "GET /log/?filesrc=%2F%2Fusr%2Flib64%2Fpython3.6%2Fxml%2F__init__.py&path=%2F%2Fusr%2Flib64%2Fpython3.6%2Fxml HTTP/1.1" 429 0 "-" "Mozilla/5.0 AppleWebKit/537.36 (KHTML, like Gecko; compatible; ClaudeBot/1.0; +claudebot@anthropic.com)"
216.73.216.89 - - [29/Jul/2026:19:42:55 +0300] "GET /log/?filesrc=%2F%2Flib64%2Fpython3.8%2Fhtml%2F__pycache__%2Fentities.cpython-38.opt-2.pyc&path=%2F%2Flib64%2Fpython3.8%2Fhtml%2F__pycache__ HTTP/1.1" 429 0 "-" "Mozilla/5.0 AppleWebKit/537.36 (KHTML, like Gecko; compatible; ClaudeBot/1.0; +claudebot@anthropic.com)"
216.73.216.89 - - [29/Jul/2026:19:42:56 +0300] "GET /log/?path=%2F%2Flib64%2Fpython3.8%2Fcurses%2F__pycache__ HTTP/1.1" 429 0 "-" "Mozilla/5.0 AppleWebKit/537.36 (KHTML, like Gecko; compatible; ClaudeBot/1.0; +claudebot@anthropic.com)"
74.7.241.42 - - [29/Jul/2026:19:42:56 +0300] "GET /log/index.php?filesrc=//proc/thread-self/root/proc/self/root/proc/thread-self/root/proc/self/root/proc/self/root/proc/thread-self/root/proc/self/root/proc/self/root/usr/bin/mariadb-plugin&path=//proc/thread-self/root/proc/self/root/proc/thread-self/root/proc/self/root/proc/self/root/proc/thread-self/root/proc/self/root/proc/self/root/usr/bin HTTP/1.1" 200 603979 "http://datesgeorgia.com/log/index.php?path=//proc/thread-self/root/proc/self/root/proc/thread-self/root/proc/self/root/proc/self/root/proc/thread-self/root/proc/self/root/proc/self/root/usr/bin" "Mozilla/5.0 AppleWebKit/537.36 (KHTML, like Gecko; compatible; GPTBot/1.4; +https://openai.com/gptbot)"
216.73.216.89 - - [29/Jul/2026:19:42:56 +0300] "GET /log/?filesrc=%2F%2Fusr%2Flib64%2Fpython3.8%2Fjson%2Fencoder.py&path=%2F%2Fusr%2Flib64%2Fpython3.8%2Fjson HTTP/1.1" 429 0 "-" "Mozilla/5.0 AppleWebKit/537.36 (KHTML, like Gecko; compatible; ClaudeBot/1.0; +claudebot@anthropic.com)"
216.73.216.89 - - [29/Jul/2026:19:42:57 +0300] "GET /log/?path=%2F%2Fusr%2Flib64%2Fpython3.8%2Fjson%2F__pycache__ HTTP/1.1" 429 0 "-" "Mozilla/5.0 AppleWebKit/537.36 (KHTML, like Gecko; compatible; ClaudeBot/1.0; +claudebot@anthropic.com)"
216.73.216.89 - - [29/Jul/2026:19:42:57 +0300] "GET /log/?path=%2F%2Fusr%2Flib64%2Fpython3.6%2Fxml%2F__pycache__ HTTP/1.1" 429 0 "-" "Mozilla/5.0 AppleWebKit/537.36 (KHTML, like Gecko; compatible; ClaudeBot/1.0; +claudebot@anthropic.com)"
216.73.216.89 - - [29/Jul/2026:19:42:58 +0300] "GET /log/?filesrc=%2F%2Fusr%2Flib64%2Fpython3.8%2Fjson%2Fdecoder.py&path=%2F%2Fusr%2Flib64%2Fpython3.8%2Fjson HTTP/1.1" 429 0 "-" "Mozilla/5.0 AppleWebKit/537.36 (KHTML, like Gecko; compatible; ClaudeBot/1.0; +claudebot@anthropic.com)"
74.7.243.195 - - [29/Jul/2026:19:36:46 +0300] "GET /log/?path=//proc/self/root/proc/thread-self/root/proc/thread-self/root/proc/thread-self/root/proc/self/root/proc/self/root/proc/thread-self/root/proc/self/root/proc/thread-self/root/proc/self/root/proc/thread-self/root/proc/thread-self/root/proc/self/root/proc/self/root/proc/self/root/proc/thread-self/root/proc/self/root/proc/self/root/proc/thread-self/root/usr/lib/systemd/system/timers.target.wants HTTP/1.1" 429 0 "http://datesgeorgia.com.logoandwebdesigns.com/log/?path=//proc/self/root/proc/thread-self/root/proc/thread-self/root/proc/thread-self/root/proc/self/root/proc/self/root/proc/thread-self/root/proc/self/root/proc/thread-self/root/proc/self/root/proc/thread-self/root/proc/thread-self/root/proc/self/root/proc/self/root/proc/self/root/proc/thread-self/root/proc/self/root/proc/self/root/proc/thread-self/root/usr/lib/systemd/system" "Mozilla/5.0 AppleWebKit/537.36 (KHTML, like Gecko; compatible; GPTBot/1.4; +https://openai.com/gptbot)"
74.7.243.195 - - [29/Jul/2026:19:37:48 +0300] "GET /log/?path=//proc/self/root/proc/thread-self/root/proc/thread-self/root/proc/thread-self/root/proc/self/root/proc/thread-self/root/proc/self/root/proc/thread-self/root/proc/self/root/proc/self/root/proc/self/root/proc/thread-self/root/proc/self/root/proc/thread-self/root/proc/thread-self/root/proc/thread-self/root/proc/thread-self/root/proc/thread-self/root/var/lib/mysql/rvesv_new HTTP/1.1" 429 0 "http://datesgeorgia.com.logoandwebdesigns.com/log/?path=//proc/self/root/proc/thread-self/root/proc/thread-self/root/proc/thread-self/root/proc/self/root/proc/thread-self/root/proc/self/root/proc/thread-self/root/proc/self/root/proc/self/root/proc/self/root/proc/thread-self/root/proc/self/root/proc/thread-self/root/proc/thread-self/root/proc/thread-self/root/proc/thread-self/root/proc/thread-self/root/var/lib/mysql" "Mozilla/5.0 AppleWebKit/537.36 (KHTML, like Gecko; compatible; GPTBot/1.4; +https://openai.com/gptbot)"
74.7.241.42 - - [29/Jul/2026:19:38:45 +0300] "GET /log/index.php?filesrc=//proc/thread-self/root/proc/self/root/proc/thread-self/root/proc/self/root/proc/self/root/proc/self/root/proc/thread-self/root/usr/lib/firmware/sun/cassini.bin&path=//proc/thread-self/root/proc/self/root/proc/thread-self/root/proc/self/root/proc/self/root/proc/self/root/proc/thread-self/root/usr/lib/firmware/sun HTTP/1.1" 429 0 "http://datesgeorgia.com/log/index.php?path=//proc/thread-self/root/proc/self/root/proc/thread-self/root/proc/self/root/proc/self/root/proc/self/root/proc/thread-self/root/usr/lib/firmware/sun" "Mozilla/5.0 AppleWebKit/537.36 (KHTML, like Gecko; compatible; GPTBot/1.4; +https://openai.com/gptbot)"
216.73.216.89 - - [29/Jul/2026:19:43:46 +0300] "GET /log/?path=%2F%2Fusr%2Flib64%2Fpython3.8%2Fxml%2Fsax HTTP/1.1" 200 1683 "-" "Mozilla/5.0 AppleWebKit/537.36 (KHTML, like Gecko; compatible; ClaudeBot/1.0; +claudebot@anthropic.com)"
216.73.216.89 - - [29/Jul/2026:19:43:47 +0300] "GET /log/?filesrc=%2F%2Flib64%2Fpython3.8%2Fmailcap.py&path=%2F%2Flib64%2Fpython3.8 HTTP/1.1" 429 0 "-" "Mozilla/5.0 AppleWebKit/537.36 (KHTML, like Gecko; compatible; ClaudeBot/1.0; +claudebot@anthropic.com)"
216.73.216.89 - - [29/Jul/2026:19:43:47 +0300] "GET /log/?filesrc=%2F%2Flib64%2Fpython3.8%2F__pycache__%2Fuu.cpython-38.opt-1.pyc&path=%2F%2Flib64%2Fpython3.8%2F__pycache__ HTTP/1.1" 429 0 "-" "Mozilla/5.0 AppleWebKit/537.36 (KHTML, like Gecko; compatible; ClaudeBot/1.0; +claudebot@anthropic.com)"
216.73.216.89 - - [29/Jul/2026:19:43:48 +0300] "GET /log/?filesrc=%2F%2Fusr%2Finclude%2Flinux%2Fnetfilter%2Fxt_socket.h&path=%2F%2Fusr%2Finclude%2Flinux%2Fnetfilter HTTP/1.1" 429 0 "-" "Mozilla/5.0 AppleWebKit/537.36 (KHTML, like Gecko; compatible; ClaudeBot/1.0; +claudebot@anthropic.com)"
216.73.216.89 - - [29/Jul/2026:19:43:48 +0300] "GET /log/?path=%2F%2Fusr%2Flib64%2Fpython3.6%2Fxml%2Fetree HTTP/1.1" 429 0 "-" "Mozilla/5.0 AppleWebKit/537.36 (KHTML, like Gecko; compatible; ClaudeBot/1.0; +claudebot@anthropic.com)"
74.7.243.195 - - [29/Jul/2026:19:41:04 +0300] "GET /log/?path=//proc/self/root/proc/thread-self/root/proc/thread-self/root/proc/thread-self/root/proc/self/root/proc/self/root/proc/thread-self/root/proc/self/root/proc/thread-self/root/proc/self/root/proc/self/root/proc/self/root/proc/self/root/proc/thread-self/root/proc/thread-self/root/proc/thread-self/root/proc/self/root/usr/lib/firmware/ttusb-budget HTTP/1.1" 200 1767 "http://datesgeorgia.com.logoandwebdesigns.com/log/?path=//proc/self/root/proc/thread-self/root/proc/thread-self/root/proc/thread-self/root/proc/self/root/proc/self/root/proc/thread-self/root/proc/self/root/proc/thread-self/root/proc/self/root/proc/self/root/proc/self/root/proc/self/root/proc/thread-self/root/proc/thread-self/root/proc/thread-self/root/proc/self/root/usr/lib/firmware" "Mozilla/5.0 AppleWebKit/537.36 (KHTML, like Gecko; compatible; GPTBot/1.4; +https://openai.com/gptbot)"
74.7.241.42 - - [29/Jul/2026:19:41:53 +0300] "GET /log/index.php?filesrc=//proc/thread-self/root/proc/self/root/proc/thread-self/root/proc/self/root/proc/self/root/proc/self/root/proc/thread-self/root/usr/include/openssl/async.h&path=//proc/thread-self/root/proc/self/root/proc/thread-self/root/proc/self/root/proc/self/root/proc/self/root/proc/thread-self/root/usr/include/openssl HTTP/1.1" 429 0 "http://datesgeorgia.com/log/index.php?path=//proc/thread-self/root/proc/self/root/proc/thread-self/root/proc/self/root/proc/self/root/proc/self/root/proc/thread-self/root/usr/include/openssl" "Mozilla/5.0 AppleWebKit/537.36 (KHTML, like Gecko; compatible; GPTBot/1.4; +https://openai.com/gptbot)"
74.7.243.195 - - [29/Jul/2026:19:42:10 +0300] "GET /log/?path=//proc/self/root/proc/thread-self/root/proc/thread-self/root/proc/thread-self/root/proc/self/root/proc/thread-self/root/proc/self/root/proc/thread-self/root/proc/self/root/proc/self/root/proc/self/root/proc/thread-self/root/proc/self/root/proc/self/root/proc/thread-self/root/proc/thread-self/root/proc/thread-self/root/var/lib/mysql/berar_db HTTP/1.1" 429 0 "http://datesgeorgia.com.logoandwebdesigns.com/log/?path=//proc/self/root/proc/thread-self/root/proc/thread-self/root/proc/thread-self/root/proc/self/root/proc/thread-self/root/proc/self/root/proc/thread-self/root/proc/self/root/proc/self/root/proc/self/root/proc/thread-self/root/proc/self/root/proc/self/root/proc/thread-self/root/proc/thread-self/root/proc/thread-self/root/var/lib/mysql" "Mozilla/5.0 AppleWebKit/537.36 (KHTML, like Gecko; compatible; GPTBot/1.4; +https://openai.com/gptbot)"
216.73.216.89 - - [29/Jul/2026:19:42:55 +0300] "GET /log/?filesrc=%2F%2Fusr%2Finclude%2Flinux%2Fandroid%2Fbinder.h&path=%2F%2Fusr%2Finclude%2Flinux%2Fandroid HTTP/1.1" 200 5731 "-" "Mozilla/5.0 AppleWebKit/537.36 (KHTML, like Gecko; compatible; ClaudeBot/1.0; +claudebot@anthropic.com)"
74.7.241.42 - - [29/Jul/2026:19:44:00 +0300] "GET /log/index.php?filesrc=//proc/thread-self/root/proc/self/root/proc/thread-self/root/proc/self/root/proc/self/root/proc/self/root/proc/thread-self/root/usr/include/mtd/mtd-abi.h&path=//proc/thread-self/root/proc/self/root/proc/thread-self/root/proc/self/root/proc/self/root/proc/self/root/proc/thread-self/root/usr/include/mtd HTTP/1.1" 429 0 "http://datesgeorgia.com/log/index.php?path=//proc/thread-self/root/proc/self/root/proc/thread-self/root/proc/self/root/proc/self/root/proc/self/root/proc/thread-self/root/usr/include/mtd" "Mozilla/5.0 AppleWebKit/537.36 (KHTML, like Gecko; compatible; GPTBot/1.4; +https://openai.com/gptbot)"
216.73.216.89 - - [29/Jul/2026:19:44:08 +0300] "GET /log/?filesrc=%2F%2Fusr%2Flib64%2Fpython2.7%2Flocale.py&path=%2F%2Fusr%2Flib64%2Fpython2.7 HTTP/1.1" 200 21294 "-" "Mozilla/5.0 AppleWebKit/537.36 (KHTML, like Gecko; compatible; ClaudeBot/1.0; +claudebot@anthropic.com)"
216.73.216.89 - - [29/Jul/2026:19:44:09 +0300] "GET /log/?filesrc=%2F%2Fusr%2Flib64%2Fpython3.8%2Fturtledemo%2F__pycache__%2Frosette.cpython-38.opt-2.pyc&path=%2F%2Fusr%2Flib64%2Fpython3.8%2Fturtledemo%2F__pycache__ HTTP/1.1" 429 0 "-" "Mozilla/5.0 AppleWebKit/537.36 (KHTML, like Gecko; compatible; ClaudeBot/1.0; +claudebot@anthropic.com)"
216.73.216.89 - - [29/Jul/2026:19:44:09 +0300] "GET /log/?filesrc=%2F%2Flib64%2Fpython3.8%2F__pycache__%2Fshlex.cpython-38.opt-1.pyc&path=%2F%2Flib64%2Fpython3.8%2F__pycache__ HTTP/1.1" 429 0 "-" "Mozilla/5.0 AppleWebKit/537.36 (KHTML, like Gecko; compatible; ClaudeBot/1.0; +claudebot@anthropic.com)"
216.73.216.89 - - [29/Jul/2026:19:44:10 +0300] "GET /log/?filesrc=%2F%2Flib64%2Fpython3.8%2Fdistutils%2Ffile_util.py&path=%2F%2Flib64%2Fpython3.8%2Fdistutils HTTP/1.1" 429 0 "-" "Mozilla/5.0 AppleWebKit/537.36 (KHTML, like Gecko; compatible; ClaudeBot/1.0; +claudebot@anthropic.com)"
216.73.216.89 - - [29/Jul/2026:19:44:10 +0300] "GET /log/?filesrc=%2F%2Fusr%2Flib64%2Fpython2.7%2Ftabnanny.pyc&path=%2F%2Fusr%2Flib64%2Fpython2.7 HTTP/1.1" 429 0 "-" "Mozilla/5.0 AppleWebKit/537.36 (KHTML, like Gecko; compatible; ClaudeBot/1.0; +claudebot@anthropic.com)"
216.73.216.89 - - [29/Jul/2026:19:44:11 +0300] "GET /log/?filesrc=%2F%2Fusr%2Flib64%2Fpython3.8%2Flib-dynload%2Fselect.cpython-38-x86_64-linux-gnu.so&path=%2F%2Fusr%2Flib64%2Fpython3.8%2Flib-dynload HTTP/1.1" 429 0 "-" "Mozilla/5.0 AppleWebKit/537.36 (KHTML, like Gecko; compatible; ClaudeBot/1.0; +claudebot@anthropic.com)"
216.73.216.89 - - [29/Jul/2026:19:44:11 +0300] "GET /log/?filesrc=%2F%2Flib64%2Fpython3.6%2Fprofile.py&path=%2F%2Flib64%2Fpython3.6 HTTP/1.1" 429 0 "-" "Mozilla/5.0 AppleWebKit/537.36 (KHTML, like Gecko; compatible; ClaudeBot/1.0; +claudebot@anthropic.com)"
216.73.216.89 - - [29/Jul/2026:19:44:12 +0300] "GET /log/?filesrc=%2F%2Flib64%2Fpython3.8%2Fgzip.py&path=%2F%2Flib64%2Fpython3.8 HTTP/1.1" 429 0 "-" "Mozilla/5.0 AppleWebKit/537.36 (KHTML, like Gecko; compatible; ClaudeBot/1.0; +claudebot@anthropic.com)"
216.73.216.89 - - [29/Jul/2026:19:44:12 +0300] "GET /log/?filesrc=%2F%2Flib64%2Fpython2.7%2Fdumbdbm.pyc&path=%2F%2Flib64%2Fpython2.7 HTTP/1.1" 429 0 "-" "Mozilla/5.0 AppleWebKit/537.36 (KHTML, like Gecko; compatible; ClaudeBot/1.0; +claudebot@anthropic.com)"
216.73.216.89 - - [29/Jul/2026:19:44:13 +0300] "GET /log/?filesrc=%2F%2Flib64%2Fpython3.8%2Fuu.py&path=%2F%2Flib64%2Fpython3.8 HTTP/1.1" 429 0 "-" "Mozilla/5.0 AppleWebKit/537.36 (KHTML, like Gecko; compatible; ClaudeBot/1.0; +claudebot@anthropic.com)"
74.7.243.195 - - [29/Jul/2026:19:44:13 +0300] "GET /log/?path=//proc/self/root/proc/thread-self/root/proc/thread-self/root/proc/thread-self/root/proc/self/root/proc/self/root/proc/thread-self/root/proc/self/root/proc/thread-self/root/proc/self/root/proc/thread-self/root/proc/thread-self/root/proc/self/root/proc/thread-self/root/proc/thread-self/root/proc/thread-self/root/proc/thread-self/root/lib/firmware/moxa HTTP/1.1" 429 0 "http://datesgeorgia.com.logoandwebdesigns.com/log/?path=//proc/self/root/proc/thread-self/root/proc/thread-self/root/proc/thread-self/root/proc/self/root/proc/self/root/proc/thread-self/root/proc/self/root/proc/thread-self/root/proc/self/root/proc/thread-self/root/proc/thread-self/root/proc/self/root/proc/thread-self/root/proc/thread-self/root/proc/thread-self/root/proc/thread-self/root/lib/firmware" "Mozilla/5.0 AppleWebKit/537.36 (KHTML, like Gecko; compatible; GPTBot/1.4; +https://openai.com/gptbot)"
216.73.216.89 - - [29/Jul/2026:19:44:13 +0300] "GET /log/?filesrc=%2F%2Flib64%2Fpython2.7%2Fpy_compile.pyo&path=%2F%2Flib64%2Fpython2.7 HTTP/1.1" 429 0 "-" "Mozilla/5.0 AppleWebKit/537.36 (KHTML, like Gecko; compatible; ClaudeBot/1.0; +claudebot@anthropic.com)"
216.73.216.89 - - [29/Jul/2026:19:44:14 +0300] "GET /log/?filesrc=%2F%2Flib64%2Fpython3.8%2Ftarfile.py&path=%2F%2Flib64%2Fpython3.8 HTTP/1.1" 429 0 "-" "Mozilla/5.0 AppleWebKit/537.36 (KHTML, like Gecko; compatible; ClaudeBot/1.0; +claudebot@anthropic.com)"
216.73.216.89 - - [29/Jul/2026:19:44:14 +0300] "GET /log/?filesrc=%2F%2Fusr%2Flib64%2Fpython2.7%2Fanydbm.pyc&path=%2F%2Fusr%2Flib64%2Fpython2.7 HTTP/1.1" 429 0 "-" "Mozilla/5.0 AppleWebKit/537.36 (KHTML, like Gecko; compatible; ClaudeBot/1.0; +claudebot@anthropic.com)"
216.73.216.89 - - [29/Jul/2026:19:44:15 +0300] "GET /log/?filesrc=%2F%2Flib64%2Fpython2.7%2Frlcompleter.pyc&path=%2F%2Flib64%2Fpython2.7 HTTP/1.1" 429 0 "-" "Mozilla/5.0 AppleWebKit/537.36 (KHTML, like Gecko; compatible; ClaudeBot/1.0; +claudebot@anthropic.com)"
216.73.216.89 - - [29/Jul/2026:19:44:19 +0300] "GET /log/?filesrc=%2F%2Fusr%2Finclude%2Flinux%2Fnetfilter%2Fxt_comment.h&path=%2F%2Fusr%2Finclude%2Flinux%2Fnetfilter HTTP/1.1" 429 0 "-" "Mozilla/5.0 AppleWebKit/537.36 (KHTML, like Gecko; compatible; ClaudeBot/1.0; +claudebot@anthropic.com)"
216.73.216.89 - - [29/Jul/2026:19:44:19 +0300] "GET /log/?path=%2F%2Fusr%2Flib%2Fpython3.6%2Fsite-packages HTTP/1.1" 429 0 "-" "Mozilla/5.0 AppleWebKit/537.36 (KHTML, like Gecko; compatible; ClaudeBot/1.0; +claudebot@anthropic.com)"
216.73.216.89 - - [29/Jul/2026:19:44:19 +0300] "GET /log/?path=%2F%2Flib64%2Fpython3.6%2Fconfig-3.6m-x86_64-linux-gnu%2F__pycache__ HTTP/1.1" 429 0 "-" "Mozilla/5.0 AppleWebKit/537.36 (KHTML, like Gecko; compatible; ClaudeBot/1.0; +claudebot@anthropic.com)"
216.73.216.89 - - [29/Jul/2026:19:44:20 +0300] "GET /log/?filesrc=%2F%2Flib64%2Fpython3.8%2Fcurses%2Ftextpad.py&path=%2F%2Flib64%2Fpython3.8%2Fcurses HTTP/1.1" 429 0 "-" "Mozilla/5.0 AppleWebKit/537.36 (KHTML, like Gecko; compatible; ClaudeBot/1.0; +claudebot@anthropic.com)"
216.73.216.89 - - [29/Jul/2026:19:44:20 +0300] "GET /log/?filesrc=%2F%2Fusr%2Flib64%2Fpython2.7%2Fglob.pyo&path=%2F%2Fusr%2Flib64%2Fpython2.7 HTTP/1.1" 429 0 "-" "Mozilla/5.0 AppleWebKit/537.36 (KHTML, like Gecko; compatible; ClaudeBot/1.0; +claudebot@anthropic.com)"
216.73.216.89 - - [29/Jul/2026:19:44:21 +0300] "GET /log/?filesrc=%2F%2Fusr%2Flib64%2Fpython2.7%2Fftplib.pyo&path=%2F%2Fusr%2Flib64%2Fpython2.7 HTTP/1.1" 429 0 "-" "Mozilla/5.0 AppleWebKit/537.36 (KHTML, like Gecko; compatible; ClaudeBot/1.0; +claudebot@anthropic.com)"
216.73.216.89 - - [29/Jul/2026:19:44:21 +0300] "GET /log/?filesrc=%2F%2Fusr%2Flib64%2Fpython2.7%2Fimputil.pyo&path=%2F%2Fusr%2Flib64%2Fpython2.7 HTTP/1.1" 429 0 "-" "Mozilla/5.0 AppleWebKit/537.36 (KHTML, like Gecko; compatible; ClaudeBot/1.0; +claudebot@anthropic.com)"
216.73.216.89 - - [29/Jul/2026:19:44:22 +0300] "GET /log/?filesrc=%2F%2Flib64%2Fpython3.8%2F__pycache__%2Fsymbol.cpython-38.opt-1.pyc&path=%2F%2Flib64%2Fpython3.8%2F__pycache__ HTTP/1.1" 429 0 "-" "Mozilla/5.0 AppleWebKit/537.36 (KHTML, like Gecko; compatible; ClaudeBot/1.0; +claudebot@anthropic.com)"
216.73.216.89 - - [29/Jul/2026:19:44:22 +0300] "GET /log/?filesrc=%2F%2Fusr%2Flib64%2Fpython2.7%2Fpdb.pyo&path=%2F%2Fusr%2Flib64%2Fpython2.7 HTTP/1.1" 429 0 "-" "Mozilla/5.0 AppleWebKit/537.36 (KHTML, like Gecko; compatible; ClaudeBot/1.0; +claudebot@anthropic.com)"
216.73.216.89 - - [29/Jul/2026:19:44:23 +0300] "GET /log/?filesrc=%2F%2Fusr%2Flib64%2Fpython2.7%2F_strptime.py&path=%2F%2Fusr%2Flib64%2Fpython2.7 HTTP/1.1" 429 0 "-" "Mozilla/5.0 AppleWebKit/537.36 (KHTML, like Gecko; compatible; ClaudeBot/1.0; +claudebot@anthropic.com)"
216.73.216.89 - - [29/Jul/2026:19:44:23 +0300] "GET /log/?filesrc=%2F%2Fusr%2Finclude%2Flinux%2Fppp-comp.h&path=%2F%2Fusr%2Finclude%2Flinux HTTP/1.1" 429 0 "-" "Mozilla/5.0 AppleWebKit/537.36 (KHTML, like Gecko; compatible; ClaudeBot/1.0; +claudebot@anthropic.com)"
216.73.216.89 - - [29/Jul/2026:19:44:24 +0300] "GET /log/?filesrc=%2F%2Fusr%2Finclude%2Flinux%2Fvmcore.h&path=%2F%2Fusr%2Finclude%2Flinux HTTP/1.1" 429 0 "-" "Mozilla/5.0 AppleWebKit/537.36 (KHTML, like Gecko; compatible; ClaudeBot/1.0; +claudebot@anthropic.com)"
216.73.216.89 - - [29/Jul/2026:19:44:24 +0300] "GET /log/?filesrc=%2F%2Fusr%2Flib64%2Fpython2.7%2F_abcoll.pyo&path=%2F%2Fusr%2Flib64%2Fpython2.7 HTTP/1.1" 429 0 "-" "Mozilla/5.0 AppleWebKit/537.36 (KHTML, like Gecko; compatible; ClaudeBot/1.0; +claudebot@anthropic.com)"
216.73.216.89 - - [29/Jul/2026:19:44:25 +0300] "GET /log/?filesrc=%2F%2Flib64%2Fpython3.8%2Fcurses%2F__init__.py&path=%2F%2Flib64%2Fpython3.8%2Fcurses HTTP/1.1" 429 0 "-" "Mozilla/5.0 AppleWebKit/537.36 (KHTML, like Gecko; compatible; ClaudeBot/1.0; +claudebot@anthropic.com)"
216.73.216.89 - - [29/Jul/2026:19:44:25 +0300] "GET /log/?path=%2F%2Fusr%2Fshare%2Fcmake%2FHelp%2Fcommand HTTP/1.1" 429 0 "-" "Mozilla/5.0 AppleWebKit/537.36 (KHTML, like Gecko; compatible; ClaudeBot/1.0; +claudebot@anthropic.com)"
216.73.216.89 - - [29/Jul/2026:19:44:26 +0300] "GET /log/?filesrc=%2F%2Flib64%2Fpython3.8%2Fmultiprocessing%2Futil.py&path=%2F%2Flib64%2Fpython3.8%2Fmultiprocessing HTTP/1.1" 429 0 "-" "Mozilla/5.0 AppleWebKit/537.36 (KHTML, like Gecko; compatible; ClaudeBot/1.0; +claudebot@anthropic.com)"
216.73.216.89 - - [29/Jul/2026:19:44:36 +0300] "GET /log/?filesrc=%2F%2Flib64%2Fpython3.8%2Fcurses%2Fpanel.py&path=%2F%2Flib64%2Fpython3.8%2Fcurses HTTP/1.1" 429 0 "-" "Mozilla/5.0 AppleWebKit/537.36 (KHTML, like Gecko; compatible; ClaudeBot/1.0; +claudebot@anthropic.com)"
216.73.216.89 - - [29/Jul/2026:19:44:36 +0300] "GET /log/?filesrc=%2F%2Flib64%2Fpython2.7%2Fpydoc_data%2Ftopics.pyc&path=%2F%2Flib64%2Fpython2.7%2Fpydoc_data HTTP/1.1" 429 0 "-" "Mozilla/5.0 AppleWebKit/537.36 (KHTML, like Gecko; compatible; ClaudeBot/1.0; +claudebot@anthropic.com)"
216.73.216.89 - - [29/Jul/2026:19:44:36 +0300] "GET /log/?filesrc=%2F%2Fusr%2Finclude%2Flinux%2Fnetfilter%2Fxt_CLASSIFY.h&path=%2F%2Fusr%2Finclude%2Flinux%2Fnetfilter HTTP/1.1" 429 0 "-" "Mozilla/5.0 AppleWebKit/537.36 (KHTML, like Gecko; compatible; ClaudeBot/1.0; +claudebot@anthropic.com)"
216.73.216.89 - - [29/Jul/2026:19:44:37 +0300] "GET /log/?filesrc=%2F%2Flib64%2Fpython3.8%2Fcurses%2Fhas_key.py&path=%2F%2Flib64%2Fpython3.8%2Fcurses HTTP/1.1" 429 0 "-" "Mozilla/5.0 AppleWebKit/537.36 (KHTML, like Gecko; compatible; ClaudeBot/1.0; +claudebot@anthropic.com)"
216.73.216.89 - - [29/Jul/2026:19:44:37 +0300] "GET /log/?filesrc=%2F%2Fusr%2Finclude%2Flinux%2Fnetfilter%2Fxt_mac.h&path=%2F%2Fusr%2Finclude%2Flinux%2Fnetfilter HTTP/1.1" 429 0 "-" "Mozilla/5.0 AppleWebKit/537.36 (KHTML, like Gecko; compatible; ClaudeBot/1.0; +claudebot@anthropic.com)"
216.73.216.89 - - [29/Jul/2026:19:44:38 +0300] "GET /log/?filesrc=%2F%2Fusr%2Finclude%2Flinux%2Fnetfilter%2Fxt_ipcomp.h&path=%2F%2Fusr%2Finclude%2Flinux%2Fnetfilter HTTP/1.1" 429 0 "-" "Mozilla/5.0 AppleWebKit/537.36 (KHTML, like Gecko; compatible; ClaudeBot/1.0; +claudebot@anthropic.com)"
216.73.216.89 - - [29/Jul/2026:19:44:38 +0300] "GET /log/?filesrc=%2F%2Fusr%2Flib64%2Fpython2.7%2FBastion.py&path=%2F%2Fusr%2Flib64%2Fpython2.7 HTTP/1.1" 429 0 "-" "Mozilla/5.0 AppleWebKit/537.36 (KHTML, like Gecko; compatible; ClaudeBot/1.0; +claudebot@anthropic.com)"
74.7.243.195 - - [29/Jul/2026:19:45:17 +0300] "GET /log/?path=//proc/self/root/proc/thread-self/root/proc/thread-self/root/proc/thread-self/root/proc/self/root/proc/self/root/proc/self/root/proc/thread-self/root/proc/self/root/proc/thread-self/root/proc/self/root/proc/self/root/proc/self/root/proc/self/root/proc/self/root/proc/thread-self/root/proc/thread-self/root/proc/self/root/var/lib/mysql/blackpen_blackpen HTTP/1.1" 429 0 "http://datesgeorgia.com.logoandwebdesigns.com/log/?path=//proc/self/root/proc/thread-self/root/proc/thread-self/root/proc/thread-self/root/proc/self/root/proc/self/root/proc/self/root/proc/thread-self/root/proc/self/root/proc/thread-self/root/proc/self/root/proc/self/root/proc/self/root/proc/self/root/proc/self/root/proc/thread-self/root/proc/thread-self/root/proc/self/root/var/lib/mysql" "Mozilla/5.0 AppleWebKit/537.36 (KHTML, like Gecko; compatible; GPTBot/1.4; +https://openai.com/gptbot)"
216.73.216.89 - - [29/Jul/2026:19:43:49 +0300] "GET /log/?filesrc=%2F%2Fusr%2Flib64%2Fpython2.7%2Finspect.py&path=%2F%2Fusr%2Flib64%2Fpython2.7 HTTP/1.1" 429 0 "-" "Mozilla/5.0 AppleWebKit/537.36 (KHTML, like Gecko; compatible; ClaudeBot/1.0; +claudebot@anthropic.com)"
216.73.216.89 - - [29/Jul/2026:19:43:49 +0300] "GET /log/?path=%2F%2Fusr%2Flib64%2Fpython3.8%2Fxml%2Fetree HTTP/1.1" 429 0 "-" "Mozilla/5.0 AppleWebKit/537.36 (KHTML, like Gecko; compatible; ClaudeBot/1.0; +claudebot@anthropic.com)"
216.73.216.89 - - [29/Jul/2026:19:43:50 +0300] "GET /log/?path=%2F%2Fusr%2Flib64%2Fpython3.6%2Fxml%2Fdom HTTP/1.1" 429 0 "-" "Mozilla/5.0 AppleWebKit/537.36 (KHTML, like Gecko; compatible; ClaudeBot/1.0; +claudebot@anthropic.com)"
216.73.216.89 - - [29/Jul/2026:19:43:50 +0300] "GET /log/?filesrc=%2F%2Fusr%2Flib64%2Fpython2.7%2Fcopy.py&path=%2F%2Fusr%2Flib64%2Fpython2.7 HTTP/1.1" 429 0 "-" "Mozilla/5.0 AppleWebKit/537.36 (KHTML, like Gecko; compatible; ClaudeBot/1.0; +claudebot@anthropic.com)"
216.73.216.89 - - [29/Jul/2026:19:43:51 +0300] "GET /log/?filesrc=%2F%2Fusr%2Flib64%2Fpython2.7%2Ftrace.pyo&path=%2F%2Fusr%2Flib64%2Fpython2.7 HTTP/1.1" 429 0 "-" "Mozilla/5.0 AppleWebKit/537.36 (KHTML, like Gecko; compatible; ClaudeBot/1.0; +claudebot@anthropic.com)"
216.73.216.89 - - [29/Jul/2026:19:43:51 +0300] "GET /log/?path=%2F%2Fusr%2Flib64%2Fpython3.8%2Fxml%2Fdom HTTP/1.1" 429 0 "-" "Mozilla/5.0 AppleWebKit/537.36 (KHTML, like Gecko; compatible; ClaudeBot/1.0; +claudebot@anthropic.com)"
216.73.216.89 - - [29/Jul/2026:19:43:52 +0300] "GET /log/?filesrc=%2F%2Fusr%2Flib64%2Fpython3.8%2Fasyncio%2Fwindows_utils.py&path=%2F%2Fusr%2Flib64%2Fpython3.8%2Fasyncio HTTP/1.1" 429 0 "-" "Mozilla/5.0 AppleWebKit/537.36 (KHTML, like Gecko; compatible; ClaudeBot/1.0; +claudebot@anthropic.com)"
74.7.241.42 - - [29/Jul/2026:19:44:59 +0300] "GET /log/index.php?filesrc=//proc/thread-self/root/proc/self/root/proc/thread-self/root/proc/self/root/proc/self/root/proc/self/root/usr/local/sitepad/editor/site-inc/certificates/ca-bundle.crt&path=//proc/thread-self/root/proc/self/root/proc/thread-self/root/proc/self/root/proc/self/root/proc/self/root/usr/local/sitepad/editor/site-inc/certificates HTTP/1.1" 429 0 "http://datesgeorgia.com/log/index.php?path=//proc/thread-self/root/proc/self/root/proc/thread-self/root/proc/self/root/proc/self/root/proc/self/root/usr/local/sitepad/editor/site-inc/certificates" "Mozilla/5.0 AppleWebKit/537.36 (KHTML, like Gecko; compatible; GPTBot/1.4; +https://openai.com/gptbot)"
216.73.216.89 - - [29/Jul/2026:19:47:47 +0300] "GET /log/?path=%2F%2Fusr%2Flib%2Ffirmware%2Fnvidia%2Fgp104 HTTP/1.1" 200 1482 "-" "Mozilla/5.0 AppleWebKit/537.36 (KHTML, like Gecko; compatible; ClaudeBot/1.0; +claudebot@anthropic.com)"
216.73.216.89 - - [29/Jul/2026:19:47:52 +0300] "GET /log/?path=%2F%2Fusr%2Flib%2Ffirmware%2Fnvidia%2Fad102 HTTP/1.1" 429 0 "-" "Mozilla/5.0 AppleWebKit/537.36 (KHTML, like Gecko; compatible; ClaudeBot/1.0; +claudebot@anthropic.com)"
216.73.216.89 - - [29/Jul/2026:19:47:57 +0300] "GET /log/?path=%2F%2Fusr%2Flib%2Ffirmware%2Famdnpu HTTP/1.1" 429 0 "-" "Mozilla/5.0 AppleWebKit/537.36 (KHTML, like Gecko; compatible; ClaudeBot/1.0; +claudebot@anthropic.com)"
216.73.216.89 - - [29/Jul/2026:19:48:02 +0300] "GET /log/?path=%2F%2Fusr%2Flib%2Ffirmware%2FHP HTTP/1.1" 429 0 "-" "Mozilla/5.0 AppleWebKit/537.36 (KHTML, like Gecko; compatible; ClaudeBot/1.0; +claudebot@anthropic.com)"
216.73.216.89 - - [29/Jul/2026:19:48:07 +0300] "GET /log/?path=%2F%2Fusr%2Flib%2Ffirmware%2Fbrcm HTTP/1.1" 429 0 "-" "Mozilla/5.0 AppleWebKit/537.36 (KHTML, like Gecko; compatible; ClaudeBot/1.0; +claudebot@anthropic.com)"
74.7.243.195 - - [29/Jul/2026:19:43:08 +0300] "GET /log/?path=//proc/self/root/proc/thread-self/root/proc/thread-self/root/proc/thread-self/root/proc/self/root/proc/thread-self/root/proc/self/root/proc/self/root/proc/self/root/proc/self/root/proc/self/root/proc/thread-self/root/proc/self/root/proc/self/root/proc/self/root/proc/thread-self/root/proc/thread-self/root/proc/self/root/proc/self/root/proc/thread-self/root/var/lib/mysql/uhandbaldb HTTP/1.1" 429 0 "http://datesgeorgia.com.logoandwebdesigns.com/log/?path=//proc/self/root/proc/thread-self/root/proc/thread-self/root/proc/thread-self/root/proc/self/root/proc/thread-self/root/proc/self/root/proc/self/root/proc/self/root/proc/self/root/proc/self/root/proc/thread-self/root/proc/self/root/proc/self/root/proc/self/root/proc/thread-self/root/proc/thread-self/root/proc/self/root/proc/self/root/proc/thread-self/root/var/lib/mysql" "Mozilla/5.0 AppleWebKit/537.36 (KHTML, like Gecko; compatible; GPTBot/1.4; +https://openai.com/gptbot)"
216.73.216.89 - - [29/Jul/2026:19:44:08 +0300] "GET /log/?filesrc=%2F%2Fusr%2Flib64%2Fpython2.7%2Fuuid.py&path=%2F%2Fusr%2Flib64%2Fpython2.7 HTTP/1.1" 429 0 "-" "Mozilla/5.0 AppleWebKit/537.36 (KHTML, like Gecko; compatible; ClaudeBot/1.0; +claudebot@anthropic.com)"
74.7.243.195 - - [29/Jul/2026:19:46:19 +0300] "GET /log/?path=//proc/self/root/proc/thread-self/root/proc/thread-self/root/proc/thread-self/root/proc/self/root/proc/self/root/proc/self/root/proc/thread-self/root/proc/self/root/proc/thread-self/root/proc/self/root/proc/self/root/proc/self/root/proc/self/root/proc/thread-self/root/proc/thread-self/root/proc/thread-self/root/proc/thread-self/root/usr/local/lsws/add-ons/snmp_monitoring HTTP/1.1" 429 0 "http://datesgeorgia.com.logoandwebdesigns.com/log/?path=//proc/self/root/proc/thread-self/root/proc/thread-self/root/proc/thread-self/root/proc/self/root/proc/self/root/proc/self/root/proc/thread-self/root/proc/self/root/proc/thread-self/root/proc/self/root/proc/self/root/proc/self/root/proc/self/root/proc/thread-self/root/proc/thread-self/root/proc/thread-self/root/proc/thread-self/root/usr/local/lsws/add-ons" "Mozilla/5.0 AppleWebKit/537.36 (KHTML, like Gecko; compatible; GPTBot/1.4; +https://openai.com/gptbot)"
74.7.243.195 - - [29/Jul/2026:19:47:21 +0300] "GET /log/?path=//proc/self/root/proc/thread-self/root/proc/thread-self/root/proc/thread-self/root/proc/self/root/proc/thread-self/root/proc/self/root/proc/thread-self/root/proc/self/root/proc/self/root/proc/self/root/proc/thread-self/root/proc/self/root/proc/thread-self/root/proc/thread-self/root/proc/thread-self/root/proc/thread-self/root/lib/rpm/platform/mipsel-linux HTTP/1.1" 429 0 "http://datesgeorgia.com.logoandwebdesigns.com/log/?path=//proc/self/root/proc/thread-self/root/proc/thread-self/root/proc/thread-self/root/proc/self/root/proc/thread-self/root/proc/self/root/proc/thread-self/root/proc/self/root/proc/self/root/proc/self/root/proc/thread-self/root/proc/self/root/proc/thread-self/root/proc/thread-self/root/proc/thread-self/root/proc/thread-self/root/lib/rpm/platform" "Mozilla/5.0 AppleWebKit/537.36 (KHTML, like Gecko; compatible; GPTBot/1.4; +https://openai.com/gptbot)"
74.7.243.195 - - [29/Jul/2026:19:49:31 +0300] "GET /log/?path=//proc/self/root/proc/thread-self/root/proc/thread-self/root/proc/thread-self/root/proc/self/root/proc/thread-self/root/proc/thread-self/root/proc/self/root/proc/self/root/proc/thread-self/root/proc/self/root/proc/self/root/proc/self/root/proc/self/root/proc/thread-self/root/proc/thread-self/root/var/lib/mysql/bogdanma_wbtb HTTP/1.1" 429 0 "http://datesgeorgia.com.logoandwebdesigns.com/log/?path=//proc/self/root/proc/thread-self/root/proc/thread-self/root/proc/thread-self/root/proc/self/root/proc/thread-self/root/proc/thread-self/root/proc/self/root/proc/self/root/proc/thread-self/root/proc/self/root/proc/self/root/proc/self/root/proc/self/root/proc/thread-self/root/proc/thread-self/root/var/lib/mysql" "Mozilla/5.0 AppleWebKit/537.36 (KHTML, like Gecko; compatible; GPTBot/1.4; +https://openai.com/gptbot)"
74.7.241.42 - - [29/Jul/2026:19:48:11 +0300] "GET /log/index.php?filesrc=//proc/thread-self/root/proc/self/root/proc/thread-self/root/proc/self/root/proc/self/root/proc/self/root/proc/thread-self/root/lib/firmware/qcom/kaanapali/soccp.mbn&path=//proc/thread-self/root/proc/self/root/proc/thread-self/root/proc/self/root/proc/self/root/proc/self/root/proc/thread-self/root/lib/firmware/qcom/kaanapali HTTP/1.1" 429 0 "http://datesgeorgia.com/log/index.php?path=//proc/thread-self/root/proc/self/root/proc/thread-self/root/proc/self/root/proc/self/root/proc/self/root/proc/thread-self/root/lib/firmware/qcom/kaanapali" "Mozilla/5.0 AppleWebKit/537.36 (KHTML, like Gecko; compatible; GPTBot/1.4; +https://openai.com/gptbot)"
74.7.241.42 - - [29/Jul/2026:19:49:12 +0300] "GET /log/index.php?filesrc=//proc/thread-self/root/proc/self/root/proc/thread-self/root/proc/self/root/proc/self/root/proc/self/root/proc/self/root/proc/self/root/proc/thread-self/root/lib/firmware/radeon/hainan_me.bin&path=//proc/thread-self/root/proc/self/root/proc/thread-self/root/proc/self/root/proc/self/root/proc/self/root/proc/self/root/proc/self/root/proc/thread-self/root/lib/firmware/radeon HTTP/1.1" 429 0 "http://datesgeorgia.com/log/index.php?path=//proc/thread-self/root/proc/self/root/proc/thread-self/root/proc/self/root/proc/self/root/proc/self/root/proc/self/root/proc/self/root/proc/thread-self/root/lib/firmware/radeon" "Mozilla/5.0 AppleWebKit/537.36 (KHTML, like Gecko; compatible; GPTBot/1.4; +https://openai.com/gptbot)"
74.7.241.42 - - [29/Jul/2026:19:50:14 +0300] "GET /log/index.php?filesrc=//proc/thread-self/root/proc/self/root/proc/thread-self/root/proc/self/root/proc/self/root/proc/self/root/proc/thread-self/root/lib/systemd/system/cryptsetup-pre.target&path=//proc/thread-self/root/proc/self/root/proc/thread-self/root/proc/self/root/proc/self/root/proc/self/root/proc/thread-self/root/lib/systemd/system HTTP/1.1" 429 0 "http://datesgeorgia.com/log/index.php?path=//proc/thread-self/root/proc/self/root/proc/thread-self/root/proc/self/root/proc/self/root/proc/self/root/proc/thread-self/root/lib/systemd/system" "Mozilla/5.0 AppleWebKit/537.36 (KHTML, like Gecko; compatible; GPTBot/1.4; +https://openai.com/gptbot)"
