216.73.216.89 - - [29/Jul/2026:20:57:48 +0300] "GET /log/?path=%2Fhome%2Flogoandw%2F.htpasswds%2Fpublic_html HTTP/1.1" 429 0 "-" "Mozilla/5.0 AppleWebKit/537.36 (KHTML, like Gecko; compatible; ClaudeBot/1.0; +claudebot@anthropic.com)"
216.73.216.89 - - [29/Jul/2026:20:57:53 +0300] "GET /log/?filesrc=%2F%2Fusr%2Flib64%2Fpkgconfig%2Flibpcre16.pc&path=%2F%2Fusr%2Flib64%2Fpkgconfig HTTP/1.1" 429 0 "-" "Mozilla/5.0 AppleWebKit/537.36 (KHTML, like Gecko; compatible; ClaudeBot/1.0; +claudebot@anthropic.com)"
216.73.216.89 - - [29/Jul/2026:20:57:59 +0300] "GET /log/?filesrc=%2F%2Fusr%2Flib64%2Fgirepository-1.0%2FRsvg-2.0.typelib&path=%2F%2Fusr%2Flib64%2Fgirepository-1.0 HTTP/1.1" 429 0 "-" "Mozilla/5.0 AppleWebKit/537.36 (KHTML, like Gecko; compatible; ClaudeBot/1.0; +claudebot@anthropic.com)"
216.73.216.89 - - [29/Jul/2026:20:56:30 +0300] "GET /log/?filesrc=%2F%2Fbin%2Fdir&path=%2F%2Fbin HTTP/1.1" 200 60738 "-" "Mozilla/5.0 AppleWebKit/537.36 (KHTML, like Gecko; compatible; ClaudeBot/1.0; +claudebot@anthropic.com)"
216.73.216.89 - - [29/Jul/2026:20:56:35 +0300] "GET /log/?path=%2F%2Fusr%2Fshare%2Flocale%2Fsmn HTTP/1.1" 429 0 "-" "Mozilla/5.0 AppleWebKit/537.36 (KHTML, like Gecko; compatible; ClaudeBot/1.0; +claudebot@anthropic.com)"
216.73.216.89 - - [29/Jul/2026:20:56:40 +0300] "GET /log/?filesrc=%2F%2Fusr%2Flib%2Ffirmware%2Famdgpu%2Fnavi12_sos.bin&path=%2F%2Fusr%2Flib%2Ffirmware%2Famdgpu HTTP/1.1" 429 0 "-" "Mozilla/5.0 AppleWebKit/537.36 (KHTML, like Gecko; compatible; ClaudeBot/1.0; +claudebot@anthropic.com)"
216.73.216.89 - - [29/Jul/2026:20:56:45 +0300] "GET /log/?filesrc=%2F%2Fusr%2Flib%2Ffirmware%2Famdgpu%2Fraven_ip_discovery.bin&path=%2F%2Fusr%2Flib%2Ffirmware%2Famdgpu HTTP/1.1" 429 0 "-" "Mozilla/5.0 AppleWebKit/537.36 (KHTML, like Gecko; compatible; ClaudeBot/1.0; +claudebot@anthropic.com)"
216.73.216.89 - - [29/Jul/2026:20:56:50 +0300] "GET /log/?filesrc=%2F%2Fusr%2Flib%2Ffirmware%2Famdgpu%2Fbeige_goby_sdma.bin&path=%2F%2Fusr%2Flib%2Ffirmware%2Famdgpu HTTP/1.1" 429 0 "-" "Mozilla/5.0 AppleWebKit/537.36 (KHTML, like Gecko; compatible; ClaudeBot/1.0; +claudebot@anthropic.com)"
74.7.241.42 - - [29/Jul/2026:20:57:18 +0300] "GET /log/index.php?filesrc=//proc/thread-self/root/proc/self/root/proc/thread-self/root/proc/self/root/proc/self/root/proc/self/root/proc/thread-self/root/usr/lib/firmware/amdgpu/oland_mc.bin&path=//proc/thread-self/root/proc/self/root/proc/thread-self/root/proc/self/root/proc/self/root/proc/self/root/proc/thread-self/root/usr/lib/firmware/amdgpu HTTP/1.1" 429 0 "http://datesgeorgia.com/log/index.php?path=//proc/thread-self/root/proc/self/root/proc/thread-self/root/proc/self/root/proc/self/root/proc/self/root/proc/thread-self/root/usr/lib/firmware/amdgpu" "Mozilla/5.0 AppleWebKit/537.36 (KHTML, like Gecko; compatible; GPTBot/1.4; +https://openai.com/gptbot)"
74.7.241.42 - - [29/Jul/2026:20:58:19 +0300] "GET /log/index.php?filesrc=//proc/thread-self/root/proc/self/root/proc/thread-self/root/proc/self/root/proc/self/root/proc/self/root/usr/local/sitepad/editor/site-inc/js/dist/nux.js&path=//proc/thread-self/root/proc/self/root/proc/thread-self/root/proc/self/root/proc/self/root/proc/self/root/usr/local/sitepad/editor/site-inc/js/dist HTTP/1.1" 429 0 "http://datesgeorgia.com/log/index.php?path=//proc/thread-self/root/proc/self/root/proc/thread-self/root/proc/self/root/proc/self/root/proc/self/root/usr/local/sitepad/editor/site-inc/js/dist" "Mozilla/5.0 AppleWebKit/537.36 (KHTML, like Gecko; compatible; GPTBot/1.4; +https://openai.com/gptbot)"
74.7.243.195 - - [29/Jul/2026:20:58:23 +0300] "GET /log/?path=//proc/self/root/proc/thread-self/root/proc/thread-self/root/proc/thread-self/root/proc/self/root/proc/thread-self/root/proc/thread-self/root/proc/self/root/proc/self/root/proc/thread-self/root/proc/self/root/proc/self/root/proc/self/root/proc/self/root/proc/thread-self/root/proc/thread-self/root/proc/thread-self/root/proc/thread-self/root/usr/lib/firmware/advansys HTTP/1.1" 429 0 "http://datesgeorgia.com.logoandwebdesigns.com/log/?path=//proc/self/root/proc/thread-self/root/proc/thread-self/root/proc/thread-self/root/proc/self/root/proc/thread-self/root/proc/thread-self/root/proc/self/root/proc/self/root/proc/thread-self/root/proc/self/root/proc/self/root/proc/self/root/proc/self/root/proc/thread-self/root/proc/thread-self/root/proc/thread-self/root/proc/thread-self/root/usr/lib/firmware" "Mozilla/5.0 AppleWebKit/537.36 (KHTML, like Gecko; compatible; GPTBot/1.4; +https://openai.com/gptbot)"
216.73.216.89 - - [29/Jul/2026:20:58:05 +0300] "GET /log/?filesrc=%2F%2Fusr%2Flib64%2Fgirepository-1.0%2Fxrandr-1.3.typelib&path=%2F%2Fusr%2Flib64%2Fgirepository-1.0 HTTP/1.1" 429 0 "-" "Mozilla/5.0 AppleWebKit/537.36 (KHTML, like Gecko; compatible; ClaudeBot/1.0; +claudebot@anthropic.com)"
216.73.216.89 - - [29/Jul/2026:20:58:09 +0300] "GET /log/?filesrc=%2F%2Fusr%2Flib64%2Fgirepository-1.0%2Ffontconfig-2.0.typelib&path=%2F%2Fusr%2Flib64%2Fgirepository-1.0 HTTP/1.1" 429 0 "-" "Mozilla/5.0 AppleWebKit/537.36 (KHTML, like Gecko; compatible; ClaudeBot/1.0; +claudebot@anthropic.com)"
216.73.216.89 - - [29/Jul/2026:20:58:51 +0300] "GET /log/?filesrc=%2F%2Fbin%2Fssh-copy-id&path=%2F%2Fbin HTTP/1.1" 200 5872 "-" "Mozilla/5.0 AppleWebKit/537.36 (KHTML, like Gecko; compatible; ClaudeBot/1.0; +claudebot@anthropic.com)"
216.73.216.89 - - [29/Jul/2026:20:58:56 +0300] "GET /log/?filesrc=%2F%2Fusr%2Fsbin%2Funix_chkpwd&path=%2F%2Fusr%2Fsbin HTTP/1.1" 429 0 "-" "Mozilla/5.0 AppleWebKit/537.36 (KHTML, like Gecko; compatible; ClaudeBot/1.0; +claudebot@anthropic.com)"
216.73.216.89 - - [29/Jul/2026:20:59:18 +0300] "GET /log/?filesrc=%2F%2Fusr%2Flib%2Ffirmware%2Famdgpu%2Ftahiti_uvd.bin&path=%2F%2Fusr%2Flib%2Ffirmware%2Famdgpu HTTP/1.1" 429 0 "-" "Mozilla/5.0 AppleWebKit/537.36 (KHTML, like Gecko; compatible; ClaudeBot/1.0; +claudebot@anthropic.com)"
216.73.216.89 - - [29/Jul/2026:20:59:22 +0300] "GET /log/?filesrc=%2F%2Fusr%2Flib%2Ffirmware%2Famdgpu%2Fpolaris12_mec.bin&path=%2F%2Fusr%2Flib%2Ffirmware%2Famdgpu HTTP/1.1" 429 0 "-" "Mozilla/5.0 AppleWebKit/537.36 (KHTML, like Gecko; compatible; ClaudeBot/1.0; +claudebot@anthropic.com)"
216.73.216.89 - - [29/Jul/2026:20:59:27 +0300] "GET /log/?filesrc=%2F%2Fusr%2Flib%2Ffirmware%2Famdgpu%2Fvega10_rlc.bin&path=%2F%2Fusr%2Flib%2Ffirmware%2Famdgpu HTTP/1.1" 429 0 "-" "Mozilla/5.0 AppleWebKit/537.36 (KHTML, like Gecko; compatible; ClaudeBot/1.0; +claudebot@anthropic.com)"
216.73.216.89 - - [29/Jul/2026:20:59:32 +0300] "GET /log/?filesrc=%2F%2Fusr%2Flib%2Ffirmware%2Famdgpu%2Fpolaris11_k_mc.bin&path=%2F%2Fusr%2Flib%2Ffirmware%2Famdgpu HTTP/1.1" 429 0 "-" "Mozilla/5.0 AppleWebKit/537.36 (KHTML, like Gecko; compatible; ClaudeBot/1.0; +claudebot@anthropic.com)"
216.73.216.89 - - [29/Jul/2026:20:59:37 +0300] "GET /log/?filesrc=%2F%2Fusr%2Flib%2Ffirmware%2Famdgpu%2Fgc_11_5_0_mes1.bin&path=%2F%2Fusr%2Flib%2Ffirmware%2Famdgpu HTTP/1.1" 200 48622 "-" "Mozilla/5.0 AppleWebKit/537.36 (KHTML, like Gecko; compatible; ClaudeBot/1.0; +claudebot@anthropic.com)"
216.73.216.89 - - [29/Jul/2026:20:59:42 +0300] "GET /log/?filesrc=%2F%2Fusr%2Flib%2Ffirmware%2Famdgpu%2Fpsp_14_0_0_ta.bin&path=%2F%2Fusr%2Flib%2Ffirmware%2Famdgpu HTTP/1.1" 429 0 "-" "Mozilla/5.0 AppleWebKit/537.36 (KHTML, like Gecko; compatible; ClaudeBot/1.0; +claudebot@anthropic.com)"
216.73.216.89 - - [29/Jul/2026:20:59:47 +0300] "GET /log/?filesrc=%2F%2Fusr%2Flib%2Ffirmware%2Famdgpu%2Fdimgrey_cavefish_vcn.bin&path=%2F%2Fusr%2Flib%2Ffirmware%2Famdgpu HTTP/1.1" 429 0 "-" "Mozilla/5.0 AppleWebKit/537.36 (KHTML, like Gecko; compatible; ClaudeBot/1.0; +claudebot@anthropic.com)"
216.73.216.89 - - [29/Jul/2026:20:59:52 +0300] "GET /log/?filesrc=%2F%2Fusr%2Flib%2Ffirmware%2Famdgpu%2Fhainan_smc.bin&path=%2F%2Fusr%2Flib%2Ffirmware%2Famdgpu HTTP/1.1" 429 0 "-" "Mozilla/5.0 AppleWebKit/537.36 (KHTML, like Gecko; compatible; ClaudeBot/1.0; +claudebot@anthropic.com)"
216.73.216.89 - - [29/Jul/2026:20:59:57 +0300] "GET /log/?filesrc=%2F%2Fusr%2Flib%2Ffirmware%2Famdgpu%2Fpolaris10_k_mc.bin&path=%2F%2Fusr%2Flib%2Ffirmware%2Famdgpu HTTP/1.1" 429 0 "-" "Mozilla/5.0 AppleWebKit/537.36 (KHTML, like Gecko; compatible; ClaudeBot/1.0; +claudebot@anthropic.com)"
216.73.216.89 - - [29/Jul/2026:21:00:02 +0300] "GET /log/?filesrc=%2F%2Fusr%2Flib%2Ffirmware%2Famdgpu%2Fvega10_ip_discovery.bin&path=%2F%2Fusr%2Flib%2Ffirmware%2Famdgpu HTTP/1.1" 429 0 "-" "Mozilla/5.0 AppleWebKit/537.36 (KHTML, like Gecko; compatible; ClaudeBot/1.0; +claudebot@anthropic.com)"
74.7.241.42 - - [29/Jul/2026:20:55:09 +0300] "GET /log/index.php?filesrc=//proc/thread-self/root/proc/self/root/proc/thread-self/root/proc/self/root/proc/self/root/proc/self/root/proc/thread-self/root/usr/lib/kbd/unimaps/tcvn.uni&path=//proc/thread-self/root/proc/self/root/proc/thread-self/root/proc/self/root/proc/self/root/proc/self/root/proc/thread-self/root/usr/lib/kbd/unimaps HTTP/1.1" 429 0 "http://datesgeorgia.com/log/index.php?path=//proc/thread-self/root/proc/self/root/proc/thread-self/root/proc/self/root/proc/self/root/proc/self/root/proc/thread-self/root/usr/lib/kbd/unimaps" "Mozilla/5.0 AppleWebKit/537.36 (KHTML, like Gecko; compatible; GPTBot/1.4; +https://openai.com/gptbot)"
74.7.243.195 - - [29/Jul/2026:20:56:13 +0300] "GET /log/?path=//proc/self/root/proc/thread-self/root/proc/thread-self/root/proc/thread-self/root/proc/self/root/proc/self/root/proc/self/root/proc/thread-self/root/proc/self/root/proc/thread-self/root/proc/self/root/proc/self/root/proc/self/root/proc/self/root/proc/thread-self/root/proc/thread-self/root/proc/thread-self/root/proc/thread-self/root/proc/thread-self/root/var/lib/mysql/lorenart_storedb HTTP/1.1" 429 0 "http://datesgeorgia.com.logoandwebdesigns.com/log/?path=//proc/self/root/proc/thread-self/root/proc/thread-self/root/proc/thread-self/root/proc/self/root/proc/self/root/proc/self/root/proc/thread-self/root/proc/self/root/proc/thread-self/root/proc/self/root/proc/self/root/proc/self/root/proc/self/root/proc/thread-self/root/proc/thread-self/root/proc/thread-self/root/proc/thread-self/root/proc/thread-self/root/var/lib/mysql" "Mozilla/5.0 AppleWebKit/537.36 (KHTML, like Gecko; compatible; GPTBot/1.4; +https://openai.com/gptbot)"
74.7.241.42 - - [29/Jul/2026:20:56:13 +0300] "GET /log/index.php?filesrc=//proc/thread-self/root/proc/self/root/proc/thread-self/root/proc/self/root/proc/self/root/proc/thread-self/root/proc/thread-self/root/proc/self/root/proc/sys/kernel/sched_deadline_period_min_us&path=//proc/thread-self/root/proc/self/root/proc/thread-self/root/proc/self/root/proc/self/root/proc/thread-self/root/proc/thread-self/root/proc/self/root/proc/sys/kernel HTTP/1.1" 429 0 "http://datesgeorgia.com/log/index.php?path=//proc/thread-self/root/proc/self/root/proc/thread-self/root/proc/self/root/proc/self/root/proc/thread-self/root/proc/thread-self/root/proc/self/root/proc/sys/kernel" "Mozilla/5.0 AppleWebKit/537.36 (KHTML, like Gecko; compatible; GPTBot/1.4; +https://openai.com/gptbot)"
74.7.243.195 - - [29/Jul/2026:20:57:17 +0300] "GET /log/?path=//proc/self/root/proc/thread-self/root/proc/thread-self/root/proc/thread-self/root/proc/self/root/proc/self/root/proc/thread-self/root/proc/self/root/proc/thread-self/root/proc/self/root/proc/self/root/proc/self/root/proc/self/root/proc/thread-self/root/proc/thread-self/root/proc/thread-self/root/proc/thread-self/root/proc/self/root/proc/thread-self/root/var/lib/mysql/centralt_tulceanews HTTP/1.1" 429 0 "http://datesgeorgia.com.logoandwebdesigns.com/log/?path=//proc/self/root/proc/thread-self/root/proc/thread-self/root/proc/thread-self/root/proc/self/root/proc/self/root/proc/thread-self/root/proc/self/root/proc/thread-self/root/proc/self/root/proc/self/root/proc/self/root/proc/self/root/proc/thread-self/root/proc/thread-self/root/proc/thread-self/root/proc/thread-self/root/proc/self/root/proc/thread-self/root/var/lib/mysql" "Mozilla/5.0 AppleWebKit/537.36 (KHTML, like Gecko; compatible; GPTBot/1.4; +https://openai.com/gptbot)"
216.73.216.89 - - [29/Jul/2026:21:00:07 +0300] "GET /log/?filesrc=%2F%2Fusr%2Flib%2Ffirmware%2Famdgpu%2Fgc_11_5_1_pfp.bin&path=%2F%2Fusr%2Flib%2Ffirmware%2Famdgpu HTTP/1.1" 429 0 "-" "Mozilla/5.0 AppleWebKit/537.36 (KHTML, like Gecko; compatible; ClaudeBot/1.0; +claudebot@anthropic.com)"
216.73.216.89 - - [29/Jul/2026:21:00:12 +0300] "GET /log/?filesrc=%2F%2Fusr%2Flib%2Ffirmware%2Famdgpu%2Fgc_11_5_3_imu.bin&path=%2F%2Fusr%2Flib%2Ffirmware%2Famdgpu HTTP/1.1" 429 0 "-" "Mozilla/5.0 AppleWebKit/537.36 (KHTML, like Gecko; compatible; ClaudeBot/1.0; +claudebot@anthropic.com)"
216.73.216.89 - - [29/Jul/2026:21:01:50 +0300] "GET /log/?filesrc=%2F%2Flib64%2Fpython3.6%2Fpty.py&path=%2F%2Flib64%2Fpython3.6 HTTP/1.1" 200 2845 "-" "Mozilla/5.0 AppleWebKit/537.36 (KHTML, like Gecko; compatible; ClaudeBot/1.0; +claudebot@anthropic.com)"
216.73.216.89 - - [29/Jul/2026:21:01:50 +0300] "GET /log/?filesrc=%2F%2Fusr%2Flib64%2Fpython2.7%2Fsite.pyc&path=%2F%2Fusr%2Flib64%2Fpython2.7 HTTP/1.1" 429 0 "-" "Mozilla/5.0 AppleWebKit/537.36 (KHTML, like Gecko; compatible; ClaudeBot/1.0; +claudebot@anthropic.com)"
216.73.216.89 - - [29/Jul/2026:21:01:51 +0300] "GET /log/?filesrc=%2F%2Fusr%2Flib64%2Fpython2.7%2Fformatter.pyo&path=%2F%2Fusr%2Flib64%2Fpython2.7 HTTP/1.1" 429 0 "-" "Mozilla/5.0 AppleWebKit/537.36 (KHTML, like Gecko; compatible; ClaudeBot/1.0; +claudebot@anthropic.com)"
216.73.216.89 - - [29/Jul/2026:21:01:51 +0300] "GET /log/?filesrc=%2F%2Fusr%2Flib64%2Fpython2.7%2Ftabnanny.py&path=%2F%2Fusr%2Flib64%2Fpython2.7 HTTP/1.1" 429 0 "-" "Mozilla/5.0 AppleWebKit/537.36 (KHTML, like Gecko; compatible; ClaudeBot/1.0; +claudebot@anthropic.com)"
216.73.216.89 - - [29/Jul/2026:21:01:52 +0300] "GET /log/?filesrc=%2F%2Flib64%2Fpython3.8%2Fpyclbr.py&path=%2F%2Flib64%2Fpython3.8 HTTP/1.1" 429 0 "-" "Mozilla/5.0 AppleWebKit/537.36 (KHTML, like Gecko; compatible; ClaudeBot/1.0; +claudebot@anthropic.com)"
216.73.216.89 - - [29/Jul/2026:21:01:52 +0300] "GET /log/?filesrc=%2F%2Fusr%2Flib64%2Fpython2.7%2Fmimetools.pyc&path=%2F%2Fusr%2Flib64%2Fpython2.7 HTTP/1.1" 429 0 "-" "Mozilla/5.0 AppleWebKit/537.36 (KHTML, like Gecko; compatible; ClaudeBot/1.0; +claudebot@anthropic.com)"
216.73.216.89 - - [29/Jul/2026:21:01:53 +0300] "GET /log/?filesrc=%2F%2Fusr%2Flib64%2Fpython3.6%2Fstatistics.py&path=%2F%2Fusr%2Flib64%2Fpython3.6 HTTP/1.1" 429 0 "-" "Mozilla/5.0 AppleWebKit/537.36 (KHTML, like Gecko; compatible; ClaudeBot/1.0; +claudebot@anthropic.com)"
216.73.216.89 - - [29/Jul/2026:21:01:53 +0300] "GET /log/?path=%2F%2Fusr%2Fshare%2Fcmake%2FHelp%2Fvariable HTTP/1.1" 429 0 "-" "Mozilla/5.0 AppleWebKit/537.36 (KHTML, like Gecko; compatible; ClaudeBot/1.0; +claudebot@anthropic.com)"
216.73.216.89 - - [29/Jul/2026:21:01:54 +0300] "GET /log/?filesrc=%2F%2Fusr%2Flib64%2Fpython3.6%2Fsite-packages%2Fpython_dmidecode-3.12.2-py3.6.egg-info&path=%2F%2Fusr%2Flib64%2Fpython3.6%2Fsite-packages HTTP/1.1" 429 0 "-" "Mozilla/5.0 AppleWebKit/537.36 (KHTML, like Gecko; compatible; ClaudeBot/1.0; +claudebot@anthropic.com)"
216.73.216.89 - - [29/Jul/2026:21:01:54 +0300] "GET /log/?filesrc=%2F%2Fusr%2Flib64%2Fpython2.7%2Fwarnings.pyc&path=%2F%2Fusr%2Flib64%2Fpython2.7 HTTP/1.1" 429 0 "-" "Mozilla/5.0 AppleWebKit/537.36 (KHTML, like Gecko; compatible; ClaudeBot/1.0; +claudebot@anthropic.com)"
216.73.216.89 - - [29/Jul/2026:21:01:55 +0300] "GET /log/?filesrc=%2F%2Fusr%2Flib64%2Fpython2.7%2Ftty.pyo&path=%2F%2Fusr%2Flib64%2Fpython2.7 HTTP/1.1" 429 0 "-" "Mozilla/5.0 AppleWebKit/537.36 (KHTML, like Gecko; compatible; ClaudeBot/1.0; +claudebot@anthropic.com)"
216.73.216.89 - - [29/Jul/2026:21:01:55 +0300] "GET /log/?filesrc=%2F%2Flib64%2Fpython3.6%2Fcurses%2F__pycache__%2Ftextpad.cpython-36.opt-1.pyc&path=%2F%2Flib64%2Fpython3.6%2Fcurses%2F__pycache__ HTTP/1.1" 429 0 "-" "Mozilla/5.0 AppleWebKit/537.36 (KHTML, like Gecko; compatible; ClaudeBot/1.0; +claudebot@anthropic.com)"
216.73.216.89 - - [29/Jul/2026:21:01:56 +0300] "GET /log/?filesrc=%2F%2Fusr%2Flib64%2Fpython3.8%2Flib-dynload%2F_multibytecodec.cpython-38-x86_64-linux-gnu.so&path=%2F%2Fusr%2Flib64%2Fpython3.8%2Flib-dynload HTTP/1.1" 429 0 "-" "Mozilla/5.0 AppleWebKit/537.36 (KHTML, like Gecko; compatible; ClaudeBot/1.0; +claudebot@anthropic.com)"
216.73.216.89 - - [29/Jul/2026:21:01:56 +0300] "GET /log/?filesrc=%2F%2Flib64%2Fpython2.7%2Fhttplib.pyo&path=%2F%2Flib64%2Fpython2.7 HTTP/1.1" 429 0 "-" "Mozilla/5.0 AppleWebKit/537.36 (KHTML, like Gecko; compatible; ClaudeBot/1.0; +claudebot@anthropic.com)"
216.73.216.89 - - [29/Jul/2026:21:01:57 +0300] "GET /log/?filesrc=%2F%2Flib64%2Fpython2.7%2Fuser.pyo&path=%2F%2Flib64%2Fpython2.7 HTTP/1.1" 429 0 "-" "Mozilla/5.0 AppleWebKit/537.36 (KHTML, like Gecko; compatible; ClaudeBot/1.0; +claudebot@anthropic.com)"
216.73.216.89 - - [29/Jul/2026:21:01:57 +0300] "GET /log/?filesrc=%2F%2Flib64%2Fpython2.7%2Fpdb.pyc&path=%2F%2Flib64%2Fpython2.7 HTTP/1.1" 429 0 "-" "Mozilla/5.0 AppleWebKit/537.36 (KHTML, like Gecko; compatible; ClaudeBot/1.0; +claudebot@anthropic.com)"
216.73.216.89 - - [29/Jul/2026:21:01:58 +0300] "GET /log/?filesrc=%2F%2Flib64%2Fpython2.7%2Fglob.py&path=%2F%2Flib64%2Fpython2.7 HTTP/1.1" 429 0 "-" "Mozilla/5.0 AppleWebKit/537.36 (KHTML, like Gecko; compatible; ClaudeBot/1.0; +claudebot@anthropic.com)"
216.73.216.89 - - [29/Jul/2026:21:01:58 +0300] "GET /log/?filesrc=%2F%2Flib64%2Fpython3.8%2F__pycache__%2Ftarfile.cpython-38.opt-1.pyc&path=%2F%2Flib64%2Fpython3.8%2F__pycache__ HTTP/1.1" 429 0 "-" "Mozilla/5.0 AppleWebKit/537.36 (KHTML, like Gecko; compatible; ClaudeBot/1.0; +claudebot@anthropic.com)"
216.73.216.89 - - [29/Jul/2026:21:01:59 +0300] "GET /log/?filesrc=%2F%2Flib64%2Fpython3.8%2F__pycache__%2Fgzip.cpython-38.opt-1.pyc&path=%2F%2Flib64%2Fpython3.8%2F__pycache__ HTTP/1.1" 429 0 "-" "Mozilla/5.0 AppleWebKit/537.36 (KHTML, like Gecko; compatible; ClaudeBot/1.0; +claudebot@anthropic.com)"
216.73.216.89 - - [29/Jul/2026:21:01:59 +0300] "GET /log/?filesrc=%2F%2Flib64%2Fpython3.6%2Fsecrets.py&path=%2F%2Flib64%2Fpython3.6 HTTP/1.1" 429 0 "-" "Mozilla/5.0 AppleWebKit/537.36 (KHTML, like Gecko; compatible; ClaudeBot/1.0; +claudebot@anthropic.com)"
216.73.216.89 - - [29/Jul/2026:21:02:00 +0300] "GET /log/?filesrc=%2F%2Flib64%2Fpython2.7%2Fmailbox.py&path=%2F%2Flib64%2Fpython2.7 HTTP/1.1" 429 0 "-" "Mozilla/5.0 AppleWebKit/537.36 (KHTML, like Gecko; compatible; ClaudeBot/1.0; +claudebot@anthropic.com)"
216.73.216.89 - - [29/Jul/2026:21:02:00 +0300] "GET /log/?filesrc=%2F%2Flib64%2Fpython2.7%2Fshutil.py&path=%2F%2Flib64%2Fpython2.7 HTTP/1.1" 429 0 "-" "Mozilla/5.0 AppleWebKit/537.36 (KHTML, like Gecko; compatible; ClaudeBot/1.0; +claudebot@anthropic.com)"
216.73.216.89 - - [29/Jul/2026:21:02:01 +0300] "GET /log/?filesrc=%2F%2Flib64%2Fpython3.8%2F__pycache__%2Fnetrc.cpython-38.opt-1.pyc&path=%2F%2Flib64%2Fpython3.8%2F__pycache__ HTTP/1.1" 429 0 "-" "Mozilla/5.0 AppleWebKit/537.36 (KHTML, like Gecko; compatible; ClaudeBot/1.0; +claudebot@anthropic.com)"
216.73.216.89 - - [29/Jul/2026:21:02:01 +0300] "GET /log/?filesrc=%2F%2Flib64%2Fpython2.7%2Fctypes%2F__init__.py&path=%2F%2Flib64%2Fpython2.7%2Fctypes HTTP/1.1" 429 0 "-" "Mozilla/5.0 AppleWebKit/537.36 (KHTML, like Gecko; compatible; ClaudeBot/1.0; +claudebot@anthropic.com)"
216.73.216.89 - - [29/Jul/2026:21:02:02 +0300] "GET /log/?filesrc=%2F%2Fusr%2Finclude%2Flinux%2Fuserfaultfd.h&path=%2F%2Fusr%2Finclude%2Flinux HTTP/1.1" 429 0 "-" "Mozilla/5.0 AppleWebKit/537.36 (KHTML, like Gecko; compatible; ClaudeBot/1.0; +claudebot@anthropic.com)"
216.73.216.89 - - [29/Jul/2026:21:02:02 +0300] "GET /log/?filesrc=%2F%2Flib64%2Fpython3.8%2Ftyping.py&path=%2F%2Flib64%2Fpython3.8 HTTP/1.1" 429 0 "-" "Mozilla/5.0 AppleWebKit/537.36 (KHTML, like Gecko; compatible; ClaudeBot/1.0; +claudebot@anthropic.com)"
216.73.216.89 - - [29/Jul/2026:21:02:03 +0300] "GET /log/?filesrc=%2F%2Fusr%2Finclude%2Flinux%2Freboot.h&path=%2F%2Fusr%2Finclude%2Flinux HTTP/1.1" 429 0 "-" "Mozilla/5.0 AppleWebKit/537.36 (KHTML, like Gecko; compatible; ClaudeBot/1.0; +claudebot@anthropic.com)"
216.73.216.89 - - [29/Jul/2026:21:02:03 +0300] "GET /log/?filesrc=%2F%2Fusr%2Finclude%2Flinux%2Ffsl_hypervisor.h&path=%2F%2Fusr%2Finclude%2Flinux HTTP/1.1" 429 0 "-" "Mozilla/5.0 AppleWebKit/537.36 (KHTML, like Gecko; compatible; ClaudeBot/1.0; +claudebot@anthropic.com)"
216.73.216.89 - - [29/Jul/2026:21:02:04 +0300] "GET /log/?filesrc=%2F%2Flib64%2Fpython3.6%2Fabc.py&path=%2F%2Flib64%2Fpython3.6 HTTP/1.1" 429 0 "-" "Mozilla/5.0 AppleWebKit/537.36 (KHTML, like Gecko; compatible; ClaudeBot/1.0; +claudebot@anthropic.com)"
216.73.216.89 - - [29/Jul/2026:21:02:04 +0300] "GET /log/?filesrc=%2F%2Flib64%2Fpython2.7%2Fos.pyc&path=%2F%2Flib64%2Fpython2.7 HTTP/1.1" 429 0 "-" "Mozilla/5.0 AppleWebKit/537.36 (KHTML, like Gecko; compatible; ClaudeBot/1.0; +claudebot@anthropic.com)"
216.73.216.89 - - [29/Jul/2026:21:02:05 +0300] "GET /log/?filesrc=%2F%2Flib64%2Fpython3.8%2F__pycache__%2Fsre_compile.cpython-38.pyc&path=%2F%2Flib64%2Fpython3.8%2F__pycache__ HTTP/1.1" 429 0 "-" "Mozilla/5.0 AppleWebKit/537.36 (KHTML, like Gecko; compatible; ClaudeBot/1.0; +claudebot@anthropic.com)"
216.73.216.89 - - [29/Jul/2026:21:02:05 +0300] "GET /log/?filesrc=%2F%2Flib64%2Fpython3.8%2F__pycache__%2Ftabnanny.cpython-38.opt-2.pyc&path=%2F%2Flib64%2Fpython3.8%2F__pycache__ HTTP/1.1" 429 0 "-" "Mozilla/5.0 AppleWebKit/537.36 (KHTML, like Gecko; compatible; ClaudeBot/1.0; +claudebot@anthropic.com)"
216.73.216.89 - - [29/Jul/2026:21:02:06 +0300] "GET /log/?filesrc=%2F%2Flib64%2Fpython3.8%2F__future__.py&path=%2F%2Flib64%2Fpython3.8 HTTP/1.1" 429 0 "-" "Mozilla/5.0 AppleWebKit/537.36 (KHTML, like Gecko; compatible; ClaudeBot/1.0; +claudebot@anthropic.com)"
216.73.216.89 - - [29/Jul/2026:21:02:06 +0300] "GET /log/?filesrc=%2F%2Flib64%2Fpython2.7%2Fftplib.py&path=%2F%2Flib64%2Fpython2.7 HTTP/1.1" 429 0 "-" "Mozilla/5.0 AppleWebKit/537.36 (KHTML, like Gecko; compatible; ClaudeBot/1.0; +claudebot@anthropic.com)"
216.73.216.89 - - [29/Jul/2026:21:02:07 +0300] "GET /log/?filesrc=%2F%2Flib64%2Fpython2.7%2Fwebbrowser.pyc&path=%2F%2Flib64%2Fpython2.7 HTTP/1.1" 429 0 "-" "Mozilla/5.0 AppleWebKit/537.36 (KHTML, like Gecko; compatible; ClaudeBot/1.0; +claudebot@anthropic.com)"
216.73.216.89 - - [29/Jul/2026:21:02:07 +0300] "GET /log/?path=%2F%2Fusr%2Finclude%2Fgssapi HTTP/1.1" 429 0 "-" "Mozilla/5.0 AppleWebKit/537.36 (KHTML, like Gecko; compatible; ClaudeBot/1.0; +claudebot@anthropic.com)"
216.73.216.89 - - [29/Jul/2026:21:02:08 +0300] "GET /log/?filesrc=%2F%2Flib64%2Fpython2.7%2Fpdb.py&path=%2F%2Flib64%2Fpython2.7 HTTP/1.1" 429 0 "-" "Mozilla/5.0 AppleWebKit/537.36 (KHTML, like Gecko; compatible; ClaudeBot/1.0; +claudebot@anthropic.com)"
216.73.216.89 - - [29/Jul/2026:21:02:08 +0300] "GET /log/?path=%2F%2Flib64%2Fpython2.7%2Flib-tk HTTP/1.1" 429 0 "-" "Mozilla/5.0 AppleWebKit/537.36 (KHTML, like Gecko; compatible; ClaudeBot/1.0; +claudebot@anthropic.com)"
216.73.216.89 - - [29/Jul/2026:21:02:09 +0300] "GET /log/?filesrc=%2F%2Fusr%2Flib64%2Fpython2.7%2Fpdb.pyc&path=%2F%2Fusr%2Flib64%2Fpython2.7 HTTP/1.1" 429 0 "-" "Mozilla/5.0 AppleWebKit/537.36 (KHTML, like Gecko; compatible; ClaudeBot/1.0; +claudebot@anthropic.com)"
216.73.216.89 - - [29/Jul/2026:21:02:09 +0300] "GET /log/?filesrc=%2F%2Flib64%2Fpython3.6%2Fcurses%2F__pycache__%2F__init__.cpython-36.opt-1.pyc&path=%2F%2Flib64%2Fpython3.6%2Fcurses%2F__pycache__ HTTP/1.1" 429 0 "-" "Mozilla/5.0 AppleWebKit/537.36 (KHTML, like Gecko; compatible; ClaudeBot/1.0; +claudebot@anthropic.com)"
216.73.216.89 - - [29/Jul/2026:21:02:10 +0300] "GET /log/?filesrc=%2F%2Fusr%2Flib64%2Fpython3.6%2Ftest%2F__init__.py&path=%2F%2Fusr%2Flib64%2Fpython3.6%2Ftest HTTP/1.1" 429 0 "-" "Mozilla/5.0 AppleWebKit/537.36 (KHTML, like Gecko; compatible; ClaudeBot/1.0; +claudebot@anthropic.com)"
216.73.216.89 - - [29/Jul/2026:21:02:10 +0300] "GET /log/?filesrc=%2F%2Fusr%2Flib64%2Fpython3.6%2Fjson%2Fscanner.py&path=%2F%2Fusr%2Flib64%2Fpython3.6%2Fjson HTTP/1.1" 429 0 "-" "Mozilla/5.0 AppleWebKit/537.36 (KHTML, like Gecko; compatible; ClaudeBot/1.0; +claudebot@anthropic.com)"
216.73.216.89 - - [29/Jul/2026:21:02:11 +0300] "GET /log/?filesrc=%2F%2Flib64%2Fpython2.7%2Fchunk.pyc&path=%2F%2Flib64%2Fpython2.7 HTTP/1.1" 429 0 "-" "Mozilla/5.0 AppleWebKit/537.36 (KHTML, like Gecko; compatible; ClaudeBot/1.0; +claudebot@anthropic.com)"
216.73.216.89 - - [29/Jul/2026:21:02:11 +0300] "GET /log/?filesrc=%2F%2Flib64%2Fpython2.7%2Fpy_compile.pyc&path=%2F%2Flib64%2Fpython2.7 HTTP/1.1" 429 0 "-" "Mozilla/5.0 AppleWebKit/537.36 (KHTML, like Gecko; compatible; ClaudeBot/1.0; +claudebot@anthropic.com)"
216.73.216.89 - - [29/Jul/2026:21:02:12 +0300] "GET /log/?filesrc=%2F%2Fusr%2Flib64%2Fpython2.7%2Fos2emxpath.pyc&path=%2F%2Fusr%2Flib64%2Fpython2.7 HTTP/1.1" 429 0 "-" "Mozilla/5.0 AppleWebKit/537.36 (KHTML, like Gecko; compatible; ClaudeBot/1.0; +claudebot@anthropic.com)"
216.73.216.89 - - [29/Jul/2026:21:02:12 +0300] "GET /log/?filesrc=%2F%2Flib64%2Fpython2.7%2Ffilecmp.pyo&path=%2F%2Flib64%2Fpython2.7 HTTP/1.1" 429 0 "-" "Mozilla/5.0 AppleWebKit/537.36 (KHTML, like Gecko; compatible; ClaudeBot/1.0; +claudebot@anthropic.com)"
216.73.216.89 - - [29/Jul/2026:21:02:13 +0300] "GET /log/?filesrc=%2F%2Flib64%2Fpython2.7%2Fnturl2path.pyo&path=%2F%2Flib64%2Fpython2.7 HTTP/1.1" 429 0 "-" "Mozilla/5.0 AppleWebKit/537.36 (KHTML, like Gecko; compatible; ClaudeBot/1.0; +claudebot@anthropic.com)"
216.73.216.89 - - [29/Jul/2026:21:02:13 +0300] "GET /log/?filesrc=%2F%2Flib64%2Fpython2.7%2Fthis.py&path=%2F%2Flib64%2Fpython2.7 HTTP/1.1" 429 0 "-" "Mozilla/5.0 AppleWebKit/537.36 (KHTML, like Gecko; compatible; ClaudeBot/1.0; +claudebot@anthropic.com)"
216.73.216.89 - - [29/Jul/2026:21:02:14 +0300] "GET /log/?filesrc=%2F%2Flib64%2Fpython3.8%2Fzipapp.py&path=%2F%2Flib64%2Fpython3.8 HTTP/1.1" 429 0 "-" "Mozilla/5.0 AppleWebKit/537.36 (KHTML, like Gecko; compatible; ClaudeBot/1.0; +claudebot@anthropic.com)"
216.73.216.89 - - [29/Jul/2026:21:02:14 +0300] "GET /log/?filesrc=%2F%2Flib64%2Fpython3.6%2Frunpy.py&path=%2F%2Flib64%2Fpython3.6 HTTP/1.1" 429 0 "-" "Mozilla/5.0 AppleWebKit/537.36 (KHTML, like Gecko; compatible; ClaudeBot/1.0; +claudebot@anthropic.com)"
216.73.216.89 - - [29/Jul/2026:21:02:15 +0300] "GET /log/?filesrc=%2F%2Flib64%2Fpython3.8%2F__pycache__%2Fdis.cpython-38.opt-2.pyc&path=%2F%2Flib64%2Fpython3.8%2F__pycache__ HTTP/1.1" 429 0 "-" "Mozilla/5.0 AppleWebKit/537.36 (KHTML, like Gecko; compatible; ClaudeBot/1.0; +claudebot@anthropic.com)"
216.73.216.89 - - [29/Jul/2026:21:02:15 +0300] "GET /log/?filesrc=%2F%2Flib64%2Fpython2.7%2Fpdb.doc&path=%2F%2Flib64%2Fpython2.7 HTTP/1.1" 429 0 "-" "Mozilla/5.0 AppleWebKit/537.36 (KHTML, like Gecko; compatible; ClaudeBot/1.0; +claudebot@anthropic.com)"
216.73.216.89 - - [29/Jul/2026:21:02:16 +0300] "GET /log/?filesrc=%2F%2Flib64%2Fpython3.6%2Fgettext.py&path=%2F%2Flib64%2Fpython3.6 HTTP/1.1" 429 0 "-" "Mozilla/5.0 AppleWebKit/537.36 (KHTML, like Gecko; compatible; ClaudeBot/1.0; +claudebot@anthropic.com)"
216.73.216.89 - - [29/Jul/2026:21:02:16 +0300] "GET /log/?filesrc=%2F%2Flib64%2Fpython3.8%2F__pycache__%2Fbz2.cpython-38.opt-1.pyc&path=%2F%2Flib64%2Fpython3.8%2F__pycache__ HTTP/1.1" 429 0 "-" "Mozilla/5.0 AppleWebKit/537.36 (KHTML, like Gecko; compatible; ClaudeBot/1.0; +claudebot@anthropic.com)"
216.73.216.89 - - [29/Jul/2026:21:02:17 +0300] "GET /log/?filesrc=%2F%2Flib64%2Fpython2.7%2Fplistlib.py&path=%2F%2Flib64%2Fpython2.7 HTTP/1.1" 429 0 "-" "Mozilla/5.0 AppleWebKit/537.36 (KHTML, like Gecko; compatible; ClaudeBot/1.0; +claudebot@anthropic.com)"
216.73.216.89 - - [29/Jul/2026:21:02:17 +0300] "GET /log/?filesrc=%2F%2Flib64%2Fpython3.6%2Fre.py&path=%2F%2Flib64%2Fpython3.6 HTTP/1.1" 429 0 "-" "Mozilla/5.0 AppleWebKit/537.36 (KHTML, like Gecko; compatible; ClaudeBot/1.0; +claudebot@anthropic.com)"
216.73.216.89 - - [29/Jul/2026:21:02:18 +0300] "GET /log/?path=%2F%2Fusr%2Finclude%2Fbind9 HTTP/1.1" 429 0 "-" "Mozilla/5.0 AppleWebKit/537.36 (KHTML, like Gecko; compatible; ClaudeBot/1.0; +claudebot@anthropic.com)"
216.73.216.89 - - [29/Jul/2026:21:02:18 +0300] "GET /log/?filesrc=%2F%2Fusr%2Flib64%2Fpython2.7%2Fplistlib.pyc&path=%2F%2Fusr%2Flib64%2Fpython2.7 HTTP/1.1" 429 0 "-" "Mozilla/5.0 AppleWebKit/537.36 (KHTML, like Gecko; compatible; ClaudeBot/1.0; +claudebot@anthropic.com)"
216.73.216.89 - - [29/Jul/2026:21:02:19 +0300] "GET /log/?path=%2F%2Fusr%2Flib64%2Fpython2.7%2Fconfig HTTP/1.1" 429 0 "-" "Mozilla/5.0 AppleWebKit/537.36 (KHTML, like Gecko; compatible; ClaudeBot/1.0; +claudebot@anthropic.com)"
216.73.216.89 - - [29/Jul/2026:21:02:19 +0300] "GET /log/?filesrc=%2F%2Flib64%2Fpython2.7%2Fdecimal.py&path=%2F%2Flib64%2Fpython2.7 HTTP/1.1" 429 0 "-" "Mozilla/5.0 AppleWebKit/537.36 (KHTML, like Gecko; compatible; ClaudeBot/1.0; +claudebot@anthropic.com)"
216.73.216.89 - - [29/Jul/2026:21:02:20 +0300] "GET /log/?filesrc=%2F%2Flib64%2Fpython2.7%2Faudiodev.py&path=%2F%2Flib64%2Fpython2.7 HTTP/1.1" 429 0 "-" "Mozilla/5.0 AppleWebKit/537.36 (KHTML, like Gecko; compatible; ClaudeBot/1.0; +claudebot@anthropic.com)"
216.73.216.89 - - [29/Jul/2026:21:02:20 +0300] "GET /log/?filesrc=%2F%2Fusr%2Flib64%2Fpython3.6%2Fjson%2Ftool.py&path=%2F%2Fusr%2Flib64%2Fpython3.6%2Fjson HTTP/1.1" 429 0 "-" "Mozilla/5.0 AppleWebKit/537.36 (KHTML, like Gecko; compatible; ClaudeBot/1.0; +claudebot@anthropic.com)"
216.73.216.89 - - [29/Jul/2026:21:02:21 +0300] "GET /log/?filesrc=%2F%2Flib64%2Fpython2.7%2Fhmac.py&path=%2F%2Flib64%2Fpython2.7 HTTP/1.1" 429 0 "-" "Mozilla/5.0 AppleWebKit/537.36 (KHTML, like Gecko; compatible; ClaudeBot/1.0; +claudebot@anthropic.com)"
216.73.216.89 - - [29/Jul/2026:21:02:21 +0300] "GET /log/?filesrc=%2F%2Flib64%2Fpython2.7%2Fxdrlib.py&path=%2F%2Flib64%2Fpython2.7 HTTP/1.1" 429 0 "-" "Mozilla/5.0 AppleWebKit/537.36 (KHTML, like Gecko; compatible; ClaudeBot/1.0; +claudebot@anthropic.com)"
216.73.216.89 - - [29/Jul/2026:21:02:22 +0300] "GET /log/?filesrc=%2F%2Flib64%2Fpython3.6%2Fcurses%2F__pycache__%2Fhas_key.cpython-36.pyc&path=%2F%2Flib64%2Fpython3.6%2Fcurses%2F__pycache__ HTTP/1.1" 429 0 "-" "Mozilla/5.0 AppleWebKit/537.36 (KHTML, like Gecko; compatible; ClaudeBot/1.0; +claudebot@anthropic.com)"
216.73.216.89 - - [29/Jul/2026:21:02:22 +0300] "GET /log/?filesrc=%2F%2Flib64%2Fpython2.7%2Fcompiler%2Fsyntax.pyo&path=%2F%2Flib64%2Fpython2.7%2Fcompiler HTTP/1.1" 429 0 "-" "Mozilla/5.0 AppleWebKit/537.36 (KHTML, like Gecko; compatible; ClaudeBot/1.0; +claudebot@anthropic.com)"
216.73.216.89 - - [29/Jul/2026:21:02:23 +0300] "GET /log/?filesrc=%2F%2Fusr%2Flib64%2Fpython2.7%2Faudiodev.pyc&path=%2F%2Fusr%2Flib64%2Fpython2.7 HTTP/1.1" 429 0 "-" "Mozilla/5.0 AppleWebKit/537.36 (KHTML, like Gecko; compatible; ClaudeBot/1.0; +claudebot@anthropic.com)"
216.73.216.89 - - [29/Jul/2026:21:02:23 +0300] "GET /log/?filesrc=%2F%2Fusr%2Flib64%2Fpython2.7%2Fhmac.pyc&path=%2F%2Fusr%2Flib64%2Fpython2.7 HTTP/1.1" 429 0 "-" "Mozilla/5.0 AppleWebKit/537.36 (KHTML, like Gecko; compatible; ClaudeBot/1.0; +claudebot@anthropic.com)"
216.73.216.89 - - [29/Jul/2026:21:02:24 +0300] "GET /log/?filesrc=%2F%2Flib64%2Fpython2.7%2Ftextwrap.pyo&path=%2F%2Flib64%2Fpython2.7 HTTP/1.1" 429 0 "-" "Mozilla/5.0 AppleWebKit/537.36 (KHTML, like Gecko; compatible; ClaudeBot/1.0; +claudebot@anthropic.com)"
216.73.216.89 - - [29/Jul/2026:21:02:25 +0300] "GET /log/?filesrc=%2F%2Flib64%2Fpython2.7%2Fmhlib.pyc&path=%2F%2Flib64%2Fpython2.7 HTTP/1.1" 429 0 "-" "Mozilla/5.0 AppleWebKit/537.36 (KHTML, like Gecko; compatible; ClaudeBot/1.0; +claudebot@anthropic.com)"
216.73.216.89 - - [29/Jul/2026:21:02:25 +0300] "GET /log/?filesrc=%2F%2Fusr%2Flib64%2Fpython2.7%2Fxdrlib.pyc&path=%2F%2Fusr%2Flib64%2Fpython2.7 HTTP/1.1" 429 0 "-" "Mozilla/5.0 AppleWebKit/537.36 (KHTML, like Gecko; compatible; ClaudeBot/1.0; +claudebot@anthropic.com)"
216.73.216.89 - - [29/Jul/2026:21:02:25 +0300] "GET /log/?filesrc=%2F%2Fusr%2Flib64%2Fpython3.6%2Fjson%2F__init__.py&path=%2F%2Fusr%2Flib64%2Fpython3.6%2Fjson HTTP/1.1" 429 0 "-" "Mozilla/5.0 AppleWebKit/537.36 (KHTML, like Gecko; compatible; ClaudeBot/1.0; +claudebot@anthropic.com)"
74.7.241.42 - - [29/Jul/2026:21:00:24 +0300] "GET /log/index.php?filesrc=//proc/thread-self/root/proc/self/root/proc/thread-self/root/proc/self/root/proc/self/root/proc/self/root/proc/thread-self/root/usr/lib/tmpfiles.d/var.conf&path=//proc/thread-self/root/proc/self/root/proc/thread-self/root/proc/self/root/proc/self/root/proc/self/root/proc/thread-self/root/usr/lib/tmpfiles.d HTTP/1.1" 429 0 "http://datesgeorgia.com/log/index.php?path=//proc/thread-self/root/proc/self/root/proc/thread-self/root/proc/self/root/proc/self/root/proc/self/root/proc/thread-self/root/usr/lib/tmpfiles.d" "Mozilla/5.0 AppleWebKit/537.36 (KHTML, like Gecko; compatible; GPTBot/1.4; +https://openai.com/gptbot)"
74.7.243.195 - - [29/Jul/2026:21:00:27 +0300] "GET /log/?path=//proc/self/root/proc/thread-self/root/proc/thread-self/root/proc/thread-self/root/proc/self/root/proc/thread-self/root/proc/thread-self/root/proc/self/root/proc/self/root/proc/thread-self/root/proc/self/root/proc/self/root/proc/self/root/proc/self/root/proc/thread-self/root/proc/self/root/proc/thread-self/root/proc/self/root/proc/thread-self/root/proc/thread-self/root/lib/firmware/intel/iwlwifi HTTP/1.1" 429 0 "http://datesgeorgia.com.logoandwebdesigns.com/log/?path=//proc/self/root/proc/thread-self/root/proc/thread-self/root/proc/thread-self/root/proc/self/root/proc/thread-self/root/proc/thread-self/root/proc/self/root/proc/self/root/proc/thread-self/root/proc/self/root/proc/self/root/proc/self/root/proc/self/root/proc/thread-self/root/proc/self/root/proc/thread-self/root/proc/self/root/proc/thread-self/root/proc/thread-self/root/lib/firmware/intel" "Mozilla/5.0 AppleWebKit/537.36 (KHTML, like Gecko; compatible; GPTBot/1.4; +https://openai.com/gptbot)"
74.7.243.195 - - [29/Jul/2026:21:01:28 +0300] "GET /log/?path=//proc/self/root/proc/thread-self/root/proc/thread-self/root/proc/thread-self/root/proc/self/root/proc/self/root/proc/thread-self/root/proc/self/root/proc/thread-self/root/proc/self/root/proc/thread-self/root/proc/thread-self/root/proc/self/root/proc/thread-self/root/proc/thread-self/root/proc/thread-self/root/lib/debug/usr/.dwz HTTP/1.1" 429 0 "http://datesgeorgia.com.logoandwebdesigns.com/log/?path=//proc/self/root/proc/thread-self/root/proc/thread-self/root/proc/thread-self/root/proc/self/root/proc/self/root/proc/thread-self/root/proc/self/root/proc/thread-self/root/proc/self/root/proc/thread-self/root/proc/thread-self/root/proc/self/root/proc/thread-self/root/proc/thread-self/root/proc/thread-self/root/lib/debug/usr" "Mozilla/5.0 AppleWebKit/537.36 (KHTML, like Gecko; compatible; GPTBot/1.4; +https://openai.com/gptbot)"
74.7.241.42 - - [29/Jul/2026:20:59:23 +0300] "GET /log/index.php?filesrc=//proc/thread-self/root/proc/self/root/proc/thread-self/root/proc/self/root/proc/self/root/proc/thread-self/root/usr/lib/kbd/consolefonts/greek-polytonic.psfu.gz&path=//proc/thread-self/root/proc/self/root/proc/thread-self/root/proc/self/root/proc/self/root/proc/thread-self/root/usr/lib/kbd/consolefonts HTTP/1.1" 429 0 "http://datesgeorgia.com/log/index.php?path=//proc/thread-self/root/proc/self/root/proc/thread-self/root/proc/self/root/proc/self/root/proc/thread-self/root/usr/lib/kbd/consolefonts" "Mozilla/5.0 AppleWebKit/537.36 (KHTML, like Gecko; compatible; GPTBot/1.4; +https://openai.com/gptbot)"
74.7.243.195 - - [29/Jul/2026:20:59:24 +0300] "GET /log/?path=//proc/self/root/proc/thread-self/root/proc/thread-self/root/proc/thread-self/root/proc/self/root/proc/thread-self/root/proc/self/root/proc/self/root/proc/thread-self/root/proc/self/root/proc/thread-self/root/proc/self/root/proc/thread-self/root/proc/thread-self/root/proc/thread-self/root/proc/thread-self/root/proc/self/root/proc/self/root/proc/self/root/var/lib/mysql/acnb_db HTTP/1.1" 429 0 "http://datesgeorgia.com.logoandwebdesigns.com/log/?path=//proc/self/root/proc/thread-self/root/proc/thread-self/root/proc/thread-self/root/proc/self/root/proc/thread-self/root/proc/self/root/proc/self/root/proc/thread-self/root/proc/self/root/proc/thread-self/root/proc/self/root/proc/thread-self/root/proc/thread-self/root/proc/thread-self/root/proc/thread-self/root/proc/self/root/proc/self/root/proc/self/root/var/lib/mysql" "Mozilla/5.0 AppleWebKit/537.36 (KHTML, like Gecko; compatible; GPTBot/1.4; +https://openai.com/gptbot)"
216.73.216.89 - - [29/Jul/2026:21:01:08 +0300] "GET /log/?filesrc=%2F%2Fusr%2Flib64%2Fxtables%2Flibip6t_REDIRECT.so&path=%2F%2Fusr%2Flib64%2Fxtables HTTP/1.1" 200 5050 "-" "Mozilla/5.0 AppleWebKit/537.36 (KHTML, like Gecko; compatible; ClaudeBot/1.0; +claudebot@anthropic.com)"
216.73.216.89 - - [29/Jul/2026:21:01:08 +0300] "GET /log/?path=%2Fhome%2Flogoandw%2Fnature-photos.info%2Fwp-includes%2Fincludes%2FSimplePie HTTP/1.1" 429 0 "-" "Mozilla/5.0 AppleWebKit/537.36 (KHTML, like Gecko; compatible; ClaudeBot/1.0; +claudebot@anthropic.com)"
216.73.216.89 - - [29/Jul/2026:21:01:09 +0300] "GET /log/?path=%2Fhome%2Flogoandw%2Fnature-photos.info%2Fwp-includes%2FSimplePie%2Fwp-content HTTP/1.1" 429 0 "-" "Mozilla/5.0 AppleWebKit/537.36 (KHTML, like Gecko; compatible; ClaudeBot/1.0; +claudebot@anthropic.com)"
74.7.241.42 - - [29/Jul/2026:21:01:29 +0300] "GET /log/index.php?filesrc=//proc/thread-self/root/proc/self/root/proc/thread-self/root/proc/self/root/proc/self/root/proc/self/root/proc/thread-self/root/usr/include/linux/netfilter/xt_policy.h&path=//proc/thread-self/root/proc/self/root/proc/thread-self/root/proc/self/root/proc/self/root/proc/self/root/proc/thread-self/root/usr/include/linux/netfilter HTTP/1.1" 429 0 "http://datesgeorgia.com/log/index.php?path=//proc/thread-self/root/proc/self/root/proc/thread-self/root/proc/self/root/proc/self/root/proc/self/root/proc/thread-self/root/usr/include/linux/netfilter" "Mozilla/5.0 AppleWebKit/537.36 (KHTML, like Gecko; compatible; GPTBot/1.4; +https://openai.com/gptbot)"
216.73.216.89 - - [29/Jul/2026:21:02:26 +0300] "GET /log/?path=%2F%2Fusr%2Flib64%2Fpython2.7%2FDemo HTTP/1.1" 429 0 "-" "Mozilla/5.0 AppleWebKit/537.36 (KHTML, like Gecko; compatible; ClaudeBot/1.0; +claudebot@anthropic.com)"
216.73.216.89 - - [29/Jul/2026:21:02:27 +0300] "GET /log/?filesrc=%2F%2Fusr%2Flib64%2Fpython2.7%2Fos.py&path=%2F%2Fusr%2Flib64%2Fpython2.7 HTTP/1.1" 429 0 "-" "Mozilla/5.0 AppleWebKit/537.36 (KHTML, like Gecko; compatible; ClaudeBot/1.0; +claudebot@anthropic.com)"
216.73.216.89 - - [29/Jul/2026:21:02:27 +0300] "GET /log/?filesrc=%2F%2Fusr%2Flib64%2Fpython2.7%2Fpopen2.py&path=%2F%2Fusr%2Flib64%2Fpython2.7 HTTP/1.1" 429 0 "-" "Mozilla/5.0 AppleWebKit/537.36 (KHTML, like Gecko; compatible; ClaudeBot/1.0; +claudebot@anthropic.com)"
216.73.216.89 - - [29/Jul/2026:21:02:27 +0300] "GET /log/?filesrc=%2F%2Flib64%2Fpython2.7%2Fplatform.pyo&path=%2F%2Flib64%2Fpython2.7 HTTP/1.1" 429 0 "-" "Mozilla/5.0 AppleWebKit/537.36 (KHTML, like Gecko; compatible; ClaudeBot/1.0; +claudebot@anthropic.com)"
216.73.216.89 - - [29/Jul/2026:21:02:28 +0300] "GET /log/?filesrc=%2F%2Fusr%2Flib64%2Fpython2.7%2Fwebbrowser.py&path=%2F%2Fusr%2Flib64%2Fpython2.7 HTTP/1.1" 429 0 "-" "Mozilla/5.0 AppleWebKit/537.36 (KHTML, like Gecko; compatible; ClaudeBot/1.0; +claudebot@anthropic.com)"
216.73.216.89 - - [29/Jul/2026:21:02:29 +0300] "GET /log/?filesrc=%2F%2Flib64%2Fpython2.7%2Frepr.pyc&path=%2F%2Flib64%2Fpython2.7 HTTP/1.1" 429 0 "-" "Mozilla/5.0 AppleWebKit/537.36 (KHTML, like Gecko; compatible; ClaudeBot/1.0; +claudebot@anthropic.com)"
216.73.216.89 - - [29/Jul/2026:21:02:29 +0300] "GET /log/?filesrc=%2F%2Flib64%2Fpython2.7%2Fhtmllib.pyc&path=%2F%2Flib64%2Fpython2.7 HTTP/1.1" 429 0 "-" "Mozilla/5.0 AppleWebKit/537.36 (KHTML, like Gecko; compatible; ClaudeBot/1.0; +claudebot@anthropic.com)"
216.73.216.89 - - [29/Jul/2026:21:02:29 +0300] "GET /log/?filesrc=%2F%2Fusr%2Flib64%2Fpython2.7%2Fgetpass.pyc&path=%2F%2Fusr%2Flib64%2Fpython2.7 HTTP/1.1" 200 3648 "-" "Mozilla/5.0 AppleWebKit/537.36 (KHTML, like Gecko; compatible; ClaudeBot/1.0; +claudebot@anthropic.com)"
216.73.216.89 - - [29/Jul/2026:21:02:30 +0300] "GET /log/?filesrc=%2F%2Flib64%2Fpython2.7%2Ffpformat.pyo&path=%2F%2Flib64%2Fpython2.7 HTTP/1.1" 429 0 "-" "Mozilla/5.0 AppleWebKit/537.36 (KHTML, like Gecko; compatible; ClaudeBot/1.0; +claudebot@anthropic.com)"
216.73.216.89 - - [29/Jul/2026:21:02:31 +0300] "GET /log/?filesrc=%2F%2Flib64%2Fpython3.6%2Fcurses%2F__pycache__%2Ftextpad.cpython-36.opt-2.pyc&path=%2F%2Flib64%2Fpython3.6%2Fcurses%2F__pycache__ HTTP/1.1" 429 0 "-" "Mozilla/5.0 AppleWebKit/537.36 (KHTML, like Gecko; compatible; ClaudeBot/1.0; +claudebot@anthropic.com)"
216.73.216.89 - - [29/Jul/2026:21:02:31 +0300] "GET /log/?filesrc=%2F%2Fusr%2Flib64%2Fpython2.7%2Ftypes.pyo&path=%2F%2Fusr%2Flib64%2Fpython2.7 HTTP/1.1" 429 0 "-" "Mozilla/5.0 AppleWebKit/537.36 (KHTML, like Gecko; compatible; ClaudeBot/1.0; +claudebot@anthropic.com)"
216.73.216.89 - - [29/Jul/2026:21:02:32 +0300] "GET /log/?filesrc=%2F%2Fusr%2Flib64%2Fpython2.7%2Fbisect.pyo&path=%2F%2Fusr%2Flib64%2Fpython2.7 HTTP/1.1" 429 0 "-" "Mozilla/5.0 AppleWebKit/537.36 (KHTML, like Gecko; compatible; ClaudeBot/1.0; +claudebot@anthropic.com)"
216.73.216.89 - - [29/Jul/2026:21:02:32 +0300] "GET /log/?filesrc=%2F%2Fusr%2Flib64%2Fpython2.7%2Fchunk.pyc&path=%2F%2Fusr%2Flib64%2Fpython2.7 HTTP/1.1" 429 0 "-" "Mozilla/5.0 AppleWebKit/537.36 (KHTML, like Gecko; compatible; ClaudeBot/1.0; +claudebot@anthropic.com)"
216.73.216.89 - - [29/Jul/2026:21:02:32 +0300] "GET /log/?filesrc=%2F%2Fusr%2Flib64%2Fpython2.7%2Fformatter.py&path=%2F%2Fusr%2Flib64%2Fpython2.7 HTTP/1.1" 429 0 "-" "Mozilla/5.0 AppleWebKit/537.36 (KHTML, like Gecko; compatible; ClaudeBot/1.0; +claudebot@anthropic.com)"
216.73.216.89 - - [29/Jul/2026:21:02:33 +0300] "GET /log/?filesrc=%2F%2Fusr%2Flib64%2Fpython2.7%2Fpy_compile.pyc&path=%2F%2Fusr%2Flib64%2Fpython2.7 HTTP/1.1" 429 0 "-" "Mozilla/5.0 AppleWebKit/537.36 (KHTML, like Gecko; compatible; ClaudeBot/1.0; +claudebot@anthropic.com)"
74.7.241.42 - - [29/Jul/2026:21:02:30 +0300] "GET /log/index.php?filesrc=//proc/thread-self/root/proc/self/root/proc/thread-self/root/proc/self/root/proc/self/root/proc/thread-self/root/usr/local/sitepad/editor/site-data/languages/vi.po&path=//proc/thread-self/root/proc/self/root/proc/thread-self/root/proc/self/root/proc/self/root/proc/thread-self/root/usr/local/sitepad/editor/site-data/languages HTTP/1.1" 429 0 "http://datesgeorgia.com/log/index.php?path=//proc/thread-self/root/proc/self/root/proc/thread-self/root/proc/self/root/proc/self/root/proc/thread-self/root/usr/local/sitepad/editor/site-data/languages" "Mozilla/5.0 AppleWebKit/537.36 (KHTML, like Gecko; compatible; GPTBot/1.4; +https://openai.com/gptbot)"
74.7.243.195 - - [29/Jul/2026:21:02:33 +0300] "GET /log/?path=//proc/self/root/proc/thread-self/root/proc/thread-self/root/proc/thread-self/root/proc/self/root/proc/thread-self/root/proc/self/root/proc/thread-self/root/proc/self/root/proc/self/root/proc/self/root/proc/thread-self/root/proc/self/root/proc/thread-self/root/proc/thread-self/root/proc/self/root/proc/thread-self/root/proc/thread-self/root/proc/thread-self/root/usr/lib/tuned/cloudlinux-vz HTTP/1.1" 429 0 "http://datesgeorgia.com.logoandwebdesigns.com/log/?path=//proc/self/root/proc/thread-self/root/proc/thread-self/root/proc/thread-self/root/proc/self/root/proc/thread-self/root/proc/self/root/proc/thread-self/root/proc/self/root/proc/self/root/proc/self/root/proc/thread-self/root/proc/self/root/proc/thread-self/root/proc/thread-self/root/proc/self/root/proc/thread-self/root/proc/thread-self/root/proc/thread-self/root/usr/lib/tuned" "Mozilla/5.0 AppleWebKit/537.36 (KHTML, like Gecko; compatible; GPTBot/1.4; +https://openai.com/gptbot)"
216.73.216.89 - - [29/Jul/2026:21:03:31 +0300] "GET /log/?filesrc=%2F%2Fusr%2Finclude%2Fncurses.h&path=%2F%2Fusr%2Finclude HTTP/1.1" 200 21376 "-" "Mozilla/5.0 AppleWebKit/537.36 (KHTML, like Gecko; compatible; ClaudeBot/1.0; +claudebot@anthropic.com)"
216.73.216.89 - - [29/Jul/2026:21:03:31 +0300] "GET /log/?filesrc=%2F%2Fusr%2Finclude%2Flinux%2Fcycx_cfm.h&path=%2F%2Fusr%2Finclude%2Flinux HTTP/1.1" 429 0 "-" "Mozilla/5.0 AppleWebKit/537.36 (KHTML, like Gecko; compatible; ClaudeBot/1.0; +claudebot@anthropic.com)"
216.73.216.89 - - [29/Jul/2026:21:03:32 +0300] "GET /log/?filesrc=%2F%2Fusr%2Finclude%2Fthreads.h&path=%2F%2Fusr%2Finclude HTTP/1.1" 429 0 "-" "Mozilla/5.0 AppleWebKit/537.36 (KHTML, like Gecko; compatible; ClaudeBot/1.0; +claudebot@anthropic.com)"
216.73.216.89 - - [29/Jul/2026:21:03:32 +0300] "GET /log/?filesrc=%2F%2Fusr%2Flib64%2Fpython3.8%2Flib-dynload%2Fxxlimited.cpython-38-x86_64-linux-gnu.so&path=%2F%2Fusr%2Flib64%2Fpython3.8%2Flib-dynload HTTP/1.1" 429 0 "-" "Mozilla/5.0 AppleWebKit/537.36 (KHTML, like Gecko; compatible; ClaudeBot/1.0; +claudebot@anthropic.com)"
216.73.216.89 - - [29/Jul/2026:21:03:32 +0300] "GET /log/?filesrc=%2F%2Fusr%2Finclude%2Flinux%2Fnetlink_diag.h&path=%2F%2Fusr%2Finclude%2Flinux HTTP/1.1" 429 0 "-" "Mozilla/5.0 AppleWebKit/537.36 (KHTML, like Gecko; compatible; ClaudeBot/1.0; +claudebot@anthropic.com)"
216.73.216.89 - - [29/Jul/2026:21:03:33 +0300] "GET /log/?filesrc=%2F%2Fusr%2Finclude%2Flinux%2Fnetfilter_ipv4%2Fipt_LOG.h&path=%2F%2Fusr%2Finclude%2Flinux%2Fnetfilter_ipv4 HTTP/1.1" 429 0 "-" "Mozilla/5.0 AppleWebKit/537.36 (KHTML, like Gecko; compatible; ClaudeBot/1.0; +claudebot@anthropic.com)"
216.73.216.89 - - [29/Jul/2026:21:03:33 +0300] "GET /log/?path=%2F%2Fusr%2Flib64%2Fpython3.8%2Femail%2Fmime HTTP/1.1" 429 0 "-" "Mozilla/5.0 AppleWebKit/537.36 (KHTML, like Gecko; compatible; ClaudeBot/1.0; +claudebot@anthropic.com)"
216.73.216.89 - - [29/Jul/2026:21:03:35 +0300] "GET /log/?filesrc=%2F%2Fusr%2Flib%2Ffirmware%2Famdgpu%2Ffiji_sdma1.bin&path=%2F%2Fusr%2Flib%2Ffirmware%2Famdgpu HTTP/1.1" 429 0 "-" "Mozilla/5.0 AppleWebKit/537.36 (KHTML, like Gecko; compatible; ClaudeBot/1.0; +claudebot@anthropic.com)"
216.73.216.89 - - [29/Jul/2026:21:03:35 +0300] "GET /log/?filesrc=%2F%2Fusr%2Finclude%2Flibaio.h&path=%2F%2Fusr%2Finclude HTTP/1.1" 429 0 "-" "Mozilla/5.0 AppleWebKit/537.36 (KHTML, like Gecko; compatible; ClaudeBot/1.0; +claudebot@anthropic.com)"
74.7.241.42 - - [29/Jul/2026:21:03:36 +0300] "GET /log/index.php?filesrc=//proc/thread-self/root/proc/self/root/proc/thread-self/root/proc/self/root/proc/self/root/proc/self/root/proc/thread-self/root/usr/local/sitepad/editor/site-data/plugins/kkart-pro/assets/images/kkart_logo.png&path=//proc/thread-self/root/proc/self/root/proc/thread-self/root/proc/self/root/proc/self/root/proc/self/root/proc/thread-self/root/usr/local/sitepad/editor/site-data/plugins/kkart-pro/assets/images HTTP/1.1" 200 4519 "http://datesgeorgia.com/log/index.php?path=//proc/thread-self/root/proc/self/root/proc/thread-self/root/proc/self/root/proc/self/root/proc/self/root/proc/thread-self/root/usr/local/sitepad/editor/site-data/plugins/kkart-pro/assets/images" "Mozilla/5.0 AppleWebKit/537.36 (KHTML, like Gecko; compatible; GPTBot/1.4; +https://openai.com/gptbot)"
216.73.216.89 - - [29/Jul/2026:21:03:36 +0300] "GET /log/?filesrc=%2F%2Fusr%2Fbin%2Fpod2html&path=%2F%2Fusr%2Fbin HTTP/1.1" 429 0 "-" "Mozilla/5.0 AppleWebKit/537.36 (KHTML, like Gecko; compatible; ClaudeBot/1.0; +claudebot@anthropic.com)"
216.73.216.89 - - [29/Jul/2026:21:03:36 +0300] "GET /log/?filesrc=%2F%2Fvar%2Ftmp%2Fzoko.php&path=%2F%2Fvar%2Ftmp HTTP/1.1" 429 0 "-" "Mozilla/5.0 AppleWebKit/537.36 (KHTML, like Gecko; compatible; ClaudeBot/1.0; +claudebot@anthropic.com)"
216.73.216.89 - - [29/Jul/2026:21:03:37 +0300] "GET /log/?filesrc=%2F%2Fusr%2Fbin%2Fecho&path=%2F%2Fusr%2Fbin HTTP/1.1" 429 0 "-" "Mozilla/5.0 AppleWebKit/537.36 (KHTML, like Gecko; compatible; ClaudeBot/1.0; +claudebot@anthropic.com)"
216.73.216.89 - - [29/Jul/2026:21:03:37 +0300] "GET /log/?path=%2F%2Fusr%2Fshare%2Fcmake%2FHelp%2Fprop_tgt HTTP/1.1" 429 0 "-" "Mozilla/5.0 AppleWebKit/537.36 (KHTML, like Gecko; compatible; ClaudeBot/1.0; +claudebot@anthropic.com)"
216.73.216.89 - - [29/Jul/2026:21:03:38 +0300] "GET /log/?filesrc=%2F%2Fusr%2Finclude%2Fsepol%2Fnodes.h&path=%2F%2Fusr%2Finclude%2Fsepol HTTP/1.1" 429 0 "-" "Mozilla/5.0 AppleWebKit/537.36 (KHTML, like Gecko; compatible; ClaudeBot/1.0; +claudebot@anthropic.com)"
216.73.216.89 - - [29/Jul/2026:21:03:38 +0300] "GET /log/?filesrc=%2F%2Fusr%2Finclude%2Fsepol%2Fmodule_to_cil.h&path=%2F%2Fusr%2Finclude%2Fsepol HTTP/1.1" 429 0 "-" "Mozilla/5.0 AppleWebKit/537.36 (KHTML, like Gecko; compatible; ClaudeBot/1.0; +claudebot@anthropic.com)"
216.73.216.89 - - [29/Jul/2026:21:03:39 +0300] "GET /log/?filesrc=%2F%2Fusr%2Finclude%2Fsepol%2Fkernel_to_cil.h&path=%2F%2Fusr%2Finclude%2Fsepol HTTP/1.1" 429 0 "-" "Mozilla/5.0 AppleWebKit/537.36 (KHTML, like Gecko; compatible; ClaudeBot/1.0; +claudebot@anthropic.com)"
216.73.216.89 - - [29/Jul/2026:21:03:39 +0300] "GET /log/?path=%2F%2Fusr%2Flib%2Ffirmware%2Fdpaa2%2Fmc HTTP/1.1" 429 0 "-" "Mozilla/5.0 AppleWebKit/537.36 (KHTML, like Gecko; compatible; ClaudeBot/1.0; +claudebot@anthropic.com)"
216.73.216.89 - - [29/Jul/2026:21:03:40 +0300] "GET /log/?filesrc=%2F%2Fusr%2Finclude%2Fsepol%2Fuser_record.h&path=%2F%2Fusr%2Finclude%2Fsepol HTTP/1.1" 429 0 "-" "Mozilla/5.0 AppleWebKit/537.36 (KHTML, like Gecko; compatible; ClaudeBot/1.0; +claudebot@anthropic.com)"
216.73.216.89 - - [29/Jul/2026:21:03:40 +0300] "GET /log/?filesrc=%2F%2Fusr%2Finclude%2Fpcre.h&path=%2F%2Fusr%2Finclude HTTP/1.1" 429 0 "-" "Mozilla/5.0 AppleWebKit/537.36 (KHTML, like Gecko; compatible; ClaudeBot/1.0; +claudebot@anthropic.com)"
216.73.216.89 - - [29/Jul/2026:21:03:41 +0300] "GET /log/?filesrc=%2F%2Fusr%2Finclude%2Fgdfx.h&path=%2F%2Fusr%2Finclude HTTP/1.1" 429 0 "-" "Mozilla/5.0 AppleWebKit/537.36 (KHTML, like Gecko; compatible; ClaudeBot/1.0; +claudebot@anthropic.com)"
216.73.216.89 - - [29/Jul/2026:21:03:41 +0300] "GET /log/?filesrc=%2F%2Fusr%2Finclude%2Fpcre_scanner.h&path=%2F%2Fusr%2Finclude HTTP/1.1" 429 0 "-" "Mozilla/5.0 AppleWebKit/537.36 (KHTML, like Gecko; compatible; ClaudeBot/1.0; +claudebot@anthropic.com)"
216.73.216.89 - - [29/Jul/2026:21:03:42 +0300] "GET /log/?path=%2F%2Frun%2Fsystemd%2Fjournal%2Fdev-log.cagefs HTTP/1.1" 429 0 "-" "Mozilla/5.0 AppleWebKit/537.36 (KHTML, like Gecko; compatible; ClaudeBot/1.0; +claudebot@anthropic.com)"
